737
CDUS43 KDDC 210707
CLIDGC


CLIMATE REPORT
NATIONAL WEATHER SERVICE DODGE CITY KS
206 AM CDT SUN MAY 21 2017


...................................

...THE DODGE CITY KS CLIMATE SUMMARY FOR MAY 20 2017...

CLIMATE NORMAL PERIOD 1981 TO 2010
CLIMATE RECORD PERIOD 1875 TO 2017


WEATHER ITEM   OBSERVED TIME   RECORD YEAR NORMAL DEPARTURE LAST
                VALUE   (LST)  VALUE       VALUE  FROM      YEAR
                                                  NORMAL
..................................................................
TEMPERATURE (F)
 YESTERDAY
  MAXIMUM         62    518 PM  98    2005  78    -16       65
                                      2004
                                      1925
  MINIMUM         41    551 AM  36    1931  53    -12       51
  AVERAGE         52                        66    -14       58

PRECIPITATION (IN)
  YESTERDAY        0.00          1.85 1881   0.10  -0.10      T
  MONTH TO DATE    4.40                      1.71   2.69     0.30
  SINCE MAR 1     14.64                      5.12   9.52     8.42
  SINCE JAN 1     17.21                      6.38  10.83     9.01

SNOWFALL (IN)
  YESTERDAY        0.0           T    1951   0.0    0.0      0.0
  MONTH TO DATE    0.0                       0.0    0.0      0.0
  SINCE MAR 1      2.5                       6.0   -3.5      0.4
  SINCE JUL 1      7.5                      21.1  -13.6     10.4
  SNOW DEPTH       0

DEGREE DAYS
 HEATING
  YESTERDAY       13                         3     10        7
  MONTH TO DATE  104                        93     11      160
  SINCE MAR 1    898                      1085   -187      975
  SINCE JUL 1   4132                      4932   -800     4337

 COOLING
  YESTERDAY        0                         3     -3        0
  MONTH TO DATE   41                        42     -1        5
  SINCE MAR 1     82                        61     21       14
  SINCE JAN 1     82                        61     21       16
..................................................................


WIND (MPH)
  HIGHEST WIND SPEED    28   HIGHEST WIND DIRECTION    NW (320)
  HIGHEST GUST SPEED    36   HIGHEST GUST DIRECTION    NW (320)
  AVERAGE WIND SPEED    15.9


SKY COVER
  POSSIBLE SUNSHINE  MM
  AVERAGE SKY COVER 0.7


WEATHER CONDITIONS
 THE FOLLOWING WEATHER WAS RECORDED YESTERDAY.
  NO SIGNIFICANT WEATHER WAS OBSERVED.


RELATIVE HUMIDITY (PERCENT)
 HIGHEST    93          1200 AM
 LOWEST     46           500 PM
 AVERAGE    70

..........................................................


THE DODGE CITY KS CLIMATE NORMALS FOR TODAY
                         NORMAL    RECORD    YEAR
 MAXIMUM TEMPERATURE (F)   78       100      1925
 MINIMUM TEMPERATURE (F)   53        33      1931


SUNRISE AND SUNSET
MAY 21 2017...........SUNRISE   625 AM CDT   SUNSET   848 PM CDT
MAY 22 2017...........SUNRISE   625 AM CDT   SUNSET   849 PM CDT


-  INDICATES NEGATIVE NUMBERS.
R  INDICATES RECORD WAS SET OR TIED.
MM INDICATES DATA IS MISSING.
T  INDICATES TRACE AMOUNT.




$$
