000
CDUS43 KDDC 210707
CLIDGC


CLIMATE REPORT
NATIONAL WEATHER SERVICE DODGE CITY KS
206 AM CDT MON AUG 21 2017


...................................

...THE DODGE CITY KS CLIMATE SUMMARY FOR AUGUST 20 2017...

CLIMATE NORMAL PERIOD 1981 TO 2010
CLIMATE RECORD PERIOD 1875 TO 2017


WEATHER ITEM   OBSERVED TIME   RECORD YEAR NORMAL DEPARTURE LAST
                VALUE   (LST)  VALUE       VALUE  FROM      YEAR
                                                  NORMAL
..................................................................
TEMPERATURE (F)
 YESTERDAY
  MAXIMUM         99    201 PM 105    1902  91      8       80
  MINIMUM         69    556 AM  47    1950  65      4       57
  AVERAGE         84                        78      6       69

PRECIPITATION (IN)
  YESTERDAY        0.00          2.43 1880   0.08  -0.08     0.00
  MONTH TO DATE    0.94                      1.84  -0.90     1.06
  SINCE JUN 1      6.22                      8.16  -1.94     9.07
  SINCE JAN 1     23.65                     15.68   7.97    20.19

SNOWFALL (IN)
  YESTERDAY        0.0           0.0  2002   0.0    0.0      0.0
                                      2001
  MONTH TO DATE    0.0                       0.0    0.0      0.0
  SINCE JUN 1      0.0                       0.0    0.0      0.0
  SINCE JUL 1      0.0                       0.0    0.0      0.0
  SNOW DEPTH       0

DEGREE DAYS
 HEATING
  YESTERDAY        0                         0      0        0
  MONTH TO DATE    0                         0      0        0
  SINCE JUN 1      0                        14    -14        1
  SINCE JUL 1      0                         1     -1        0

 COOLING
  YESTERDAY       19                        13      6        4
  MONTH TO DATE  221                       279    -58      271
  SINCE JUN 1   1032                      1009     23     1098
  SINCE JAN 1   1134                      1118     16     1156
..................................................................


WIND (MPH)
  HIGHEST WIND SPEED    22   HIGHEST WIND DIRECTION     S (180)
  HIGHEST GUST SPEED    27   HIGHEST GUST DIRECTION     S (180)
  AVERAGE WIND SPEED    13.3


SKY COVER
  POSSIBLE SUNSHINE  MM
  AVERAGE SKY COVER 0.1


WEATHER CONDITIONS
 THE FOLLOWING WEATHER WAS RECORDED YESTERDAY.
  NO SIGNIFICANT WEATHER WAS OBSERVED.


RELATIVE HUMIDITY (PERCENT)
 HIGHEST    84           600 AM
 LOWEST     29           300 PM
 AVERAGE    57

..........................................................


THE DODGE CITY KS CLIMATE NORMALS FOR TODAY
                         NORMAL    RECORD    YEAR
 MAXIMUM TEMPERATURE (F)   90       105      1983
 MINIMUM TEMPERATURE (F)   65        48      1950


SUNRISE AND SUNSET
AUGUST 21 2017........SUNRISE   701 AM CDT   SUNSET   824 PM CDT
AUGUST 22 2017........SUNRISE   702 AM CDT   SUNSET   823 PM CDT


-  INDICATES NEGATIVE NUMBERS.
R  INDICATES RECORD WAS SET OR TIED.
MM INDICATES DATA IS MISSING.
T  INDICATES TRACE AMOUNT.




$$
