000
CDUS43 KDDC 261015
CLIDGC


CLIMATE REPORT
NATIONAL WEATHER SERVICE DODGE CITY KS
508 AM CDT THU MAR 26 2015


...................................

...THE DODGE CITY KS CLIMATE SUMMARY FOR MARCH 25 2015...

CLIMATE NORMAL PERIOD 1981 TO 2010
CLIMATE RECORD PERIOD 1875 TO 2015


WEATHER ITEM   OBSERVED TIME   RECORD YEAR NORMAL DEPARTURE LAST
                VALUE   (LST)  VALUE       VALUE  FROM      YEAR
                                                  NORMAL
..................................................................
TEMPERATURE (F)
 YESTERDAY
  MAXIMUM         63   1002 AM  90    1910  61      2       53
  MINIMUM         35   1159 PM   3    1955  33      2       21
  AVERAGE         49                        47      2       37

PRECIPITATION (IN)
  YESTERDAY        0.02          1.08 1959   0.06  -0.04     0.00
  MONTH TO DATE    0.29                      1.22  -0.93     0.26
  SINCE MAR 1      0.29                      1.22  -0.93     0.26
  SINCE JAN 1      1.59                      2.48  -0.89     1.10

SNOWFALL (IN)
  YESTERDAY        0.0           2.6  1916   0.1   -0.1      0.0
  MONTH TO DATE    T                         4.0   -4.0      4.4
  SINCE MAR 1      T                         4.0   -4.0      4.4
  SINCE JUL 1     21.4                      19.1    2.3     28.9
  SNOW DEPTH       0

DEGREE DAYS
 HEATING
  YESTERDAY       16                        18     -2       28
  MONTH TO DATE  447                       538    -91      661
  SINCE MAR 1    447                       538    -91      661
  SINCE JUL 1   4195                      4385   -190     4818

 COOLING
  YESTERDAY        0                         0      0        0
  MONTH TO DATE    0                         0      0        0
  SINCE MAR 1      0                         0      0        0
  SINCE JAN 1      0                         0      0        0
..................................................................


WIND (MPH)
  HIGHEST WIND SPEED    41   HIGHEST WIND DIRECTION     N (360)
  HIGHEST GUST SPEED    48   HIGHEST GUST DIRECTION     N (20)
  AVERAGE WIND SPEED    17.7


SKY COVER
  POSSIBLE SUNSHINE  MM
  AVERAGE SKY COVER 0.3


WEATHER CONDITIONS
 THE FOLLOWING WEATHER WAS RECORDED YESTERDAY.
  LIGHT RAIN
  FOG


RELATIVE HUMIDITY (PERCENT)
 HIGHEST    92           800 PM
 LOWEST     25          1000 AM
 AVERAGE    59

..........................................................


THE DODGE CITY KS CLIMATE NORMALS FOR TODAY
                         NORMAL    RECORD    YEAR
 MAXIMUM TEMPERATURE (F)   61        88      1989
 MINIMUM TEMPERATURE (F)   34         3      1955


SUNRISE AND SUNSET
MARCH 26 2015.........SUNRISE   735 AM CDT   SUNSET   757 PM CDT
MARCH 27 2015.........SUNRISE   733 AM CDT   SUNSET   758 PM CDT


-  INDICATES NEGATIVE NUMBERS.
R  INDICATES RECORD WAS SET OR TIED.
MM INDICATES DATA IS MISSING.
T  INDICATES TRACE AMOUNT.




$$
