000
CDUS43 KDDC 160709
CLIDGC


CLIMATE REPORT
NATIONAL WEATHER SERVICE DODGE CITY KS
207 AM CDT SAT SEP 16 2017


...................................

...THE DODGE CITY KS CLIMATE SUMMARY FOR SEPTEMBER 15 2017...

CLIMATE NORMAL PERIOD 1981 TO 2010
CLIMATE RECORD PERIOD 1875 TO 2017


WEATHER ITEM   OBSERVED TIME   RECORD YEAR NORMAL DEPARTURE LAST
                VALUE   (LST)  VALUE       VALUE  FROM      YEAR
                                                  NORMAL
..................................................................
TEMPERATURE (F)
 YESTERDAY
  MAXIMUM         93    243 PM 101    1978  83     10       91
  MINIMUM         68    646 AM  36    1993  56     12       65
  AVERAGE         81                        70     11       78

PRECIPITATION (IN)
  YESTERDAY        0.00          1.82 1976   0.06  -0.06     0.00
  MONTH TO DATE    T                         0.95  -0.95     0.29
  SINCE SEP 1      T                         0.95  -0.95     0.29
  SINCE JAN 1     23.65                     17.54   6.11    22.30

SNOWFALL (IN)
  YESTERDAY        0.0           T    1987   0.0    0.0      0.0
  MONTH TO DATE    0.0                       0.0    0.0      0.0
  SINCE SEP 1      0.0                       0.0    0.0      0.0
  SINCE JUL 1      0.0                       0.0    0.0      0.0
  SNOW DEPTH       0

DEGREE DAYS
 HEATING
  YESTERDAY        0                         2     -2        0
  MONTH TO DATE    4                        12     -8        6
  SINCE SEP 1      4                        12     -8        6
  SINCE JUL 1      4                        16    -12        6

 COOLING
  YESTERDAY       16                         6     10       13
  MONTH TO DATE  148                       123     25      140
  SINCE SEP 1    148                       123     25      140
  SINCE JAN 1   1380                      1369     11     1394
..................................................................


WIND (MPH)
  HIGHEST WIND SPEED    32   HIGHEST WIND DIRECTION    SE (150)
  HIGHEST GUST SPEED    40   HIGHEST GUST DIRECTION    SE (150)
  AVERAGE WIND SPEED    18.8


SKY COVER
  POSSIBLE SUNSHINE  MM
  AVERAGE SKY COVER 0.0


WEATHER CONDITIONS
 THE FOLLOWING WEATHER WAS RECORDED YESTERDAY.
  HAZE


RELATIVE HUMIDITY (PERCENT)
 HIGHEST    73           500 AM
 LOWEST     30          1200 PM
 AVERAGE    52

..........................................................


THE DODGE CITY KS CLIMATE NORMALS FOR TODAY
                         NORMAL    RECORD    YEAR
 MAXIMUM TEMPERATURE (F)   82        99      1905
 MINIMUM TEMPERATURE (F)   56        39      1881


SUNRISE AND SUNSET
SEPTEMBER 16 2017.....SUNRISE   723 AM CDT   SUNSET   746 PM CDT
SEPTEMBER 17 2017.....SUNRISE   724 AM CDT   SUNSET   744 PM CDT


-  INDICATES NEGATIVE NUMBERS.
R  INDICATES RECORD WAS SET OR TIED.
MM INDICATES DATA IS MISSING.
T  INDICATES TRACE AMOUNT.




$$
