000
CDUS43 KDDC 122326
CLIDGC


CLIMATE REPORT
NATIONAL WEATHER SERVICE DODGE CITY KS
525 PM CST FRI JAN 12 2018


...................................

...THE DODGE CITY KS CLIMATE SUMMARY FOR JANUARY 12 2018...
VALID TODAY AS OF 0500 PM LOCAL TIME.

CLIMATE NORMAL PERIOD 1981 TO 2010
CLIMATE RECORD PERIOD 1875 TO 2018


WEATHER ITEM   OBSERVED TIME   RECORD YEAR NORMAL DEPARTURE LAST
                VALUE   (LST)  VALUE       VALUE  FROM      YEAR
                                                  NORMAL
..................................................................
TEMPERATURE (F)
 TODAY
  MAXIMUM         26    241 PM  72    1953  44    -18       27
  MINIMUM          0    644 AM -18    1912  20    -20       10
  AVERAGE         13                        32    -19       19

PRECIPITATION (IN)
  TODAY            0.00          0.41 1898   0.02  -0.02     0.00
  MONTH TO DATE    0.09                      0.22  -0.13     0.15
  SINCE DEC 1      0.09                      1.06  -0.97     0.77
  SINCE JAN 1      0.09                      0.22  -0.13     0.15

SNOWFALL (IN)
  TODAY            0.0           4.2  1898   0.2   -0.2      0.0
  MONTH TO DATE    1.2                       1.7   -0.5      2.5
  SINCE DEC 1      1.2                       5.8   -4.6      4.8
  SINCE JUL 1      1.2                       8.0   -6.8      4.8
  SNOW DEPTH       0

DEGREE DAYS
 HEATING
  TODAY           52                        33     19       46
  MONTH TO DATE  402                       396      6      448
  SINCE DEC 1   1382                      1396    -14     1525
  SINCE JUL 1   2236                      2410   -174     2121

 COOLING
  TODAY            0                         0      0        0
  MONTH TO DATE    0                         0      0        0
  SINCE DEC 1      0                         0      0        0
  SINCE JAN 1      0                         0      0        0
..................................................................


WIND (MPH)
  HIGHEST WIND SPEED    15   HIGHEST WIND DIRECTION     E (100)
  HIGHEST GUST SPEED    19   HIGHEST GUST DIRECTION     E (110)
  AVERAGE WIND SPEED     7.5


SKY COVER
  POSSIBLE SUNSHINE  MM
  AVERAGE SKY COVER 0.3


WEATHER CONDITIONS
 THE FOLLOWING WEATHER WAS RECORDED TODAY.
  NO SIGNIFICANT WEATHER WAS OBSERVED.


RELATIVE HUMIDITY (PERCENT)
 HIGHEST    87           600 AM
 LOWEST     54           200 PM
 AVERAGE    71

..........................................................


THE DODGE CITY KS CLIMATE NORMALS FOR TOMORROW
                         NORMAL    RECORD    YEAR
 MAXIMUM TEMPERATURE (F)   44        71      1923
 MINIMUM TEMPERATURE (F)   20       -19      1875


SUNRISE AND SUNSET
JANUARY 12 2018.......SUNRISE   755 AM CST   SUNSET   542 PM CST
JANUARY 13 2018.......SUNRISE   755 AM CST   SUNSET   543 PM CST


-  INDICATES NEGATIVE NUMBERS.
R  INDICATES RECORD WAS SET OR TIED.
MM INDICATES DATA IS MISSING.
T  INDICATES TRACE AMOUNT.




$$
