768
CDUS43 KDDC 250708
CLIDGC


CLIMATE REPORT
NATIONAL WEATHER SERVICE DODGE CITY KS
205 AM CDT MON APR 25 2016


...................................

...THE DODGE CITY KS CLIMATE SUMMARY FOR APRIL 24 2016...

CLIMATE NORMAL PERIOD 1981 TO 2010
CLIMATE RECORD PERIOD 1875 TO 2016


WEATHER ITEM   OBSERVED TIME   RECORD YEAR NORMAL DEPARTURE LAST
                VALUE   (LST)  VALUE       VALUE  FROM      YEAR
                                                  NORMAL
..................................................................
TEMPERATURE (F)
 YESTERDAY
  MAXIMUM         81    432 PM  98    1989  70     11       83
  MINIMUM         53   1144 PM  23    2013  43     10       53
  AVERAGE         67                        57     10       68

PRECIPITATION (IN)
  YESTERDAY        0.00          1.13 1973   0.07  -0.07     0.17
  MONTH TO DATE    5.81                      1.40   4.41     1.66
  SINCE MAR 1      5.85                      2.99   2.86     1.95
  SINCE JAN 1      6.44                      4.25   2.19     3.25

SNOWFALL (IN)
  YESTERDAY        0.0           1.0  1947   0.0    0.0      0.0
  MONTH TO DATE    0.0                       1.1   -1.1      0.0
  SINCE MAR 1      0.4                       6.0   -5.6       T
  SINCE JUL 1     10.4                      21.1  -10.7     21.4
  SNOW DEPTH       0

DEGREE DAYS
 HEATING
  YESTERDAY        0                         9     -9        0
  MONTH TO DATE  235                       303    -68      199
  SINCE MAR 1    741                       943   -202      703
  SINCE JUL 1   4103                      4790   -687     4451

 COOLING
  YESTERDAY        2                         1      1        3
  MONTH TO DATE    7                         9     -2       15
  SINCE MAR 1      9                        10     -1       15
  SINCE JAN 1     11                        10      1       15
..................................................................


WIND (MPH)
  HIGHEST WIND SPEED    26   HIGHEST WIND DIRECTION     S (200)
  HIGHEST GUST SPEED    33   HIGHEST GUST DIRECTION     S (190)
  AVERAGE WIND SPEED    14.1


SKY COVER
  POSSIBLE SUNSHINE  MM
  AVERAGE SKY COVER 0.0


WEATHER CONDITIONS
 THE FOLLOWING WEATHER WAS RECORDED YESTERDAY.
  NO SIGNIFICANT WEATHER WAS OBSERVED.


RELATIVE HUMIDITY (PERCENT)
 HIGHEST    80           600 AM
 LOWEST     17           400 PM
 AVERAGE    49

..........................................................


THE DODGE CITY KS CLIMATE NORMALS FOR TODAY
                         NORMAL    RECORD    YEAR
 MAXIMUM TEMPERATURE (F)   71        90      1989
 MINIMUM TEMPERATURE (F)   44        30      2006
                                             1950
                                             1918


SUNRISE AND SUNSET
APRIL 25 2016.........SUNRISE   651 AM CDT   SUNSET   825 PM CDT
APRIL 26 2016.........SUNRISE   650 AM CDT   SUNSET   826 PM CDT


-  INDICATES NEGATIVE NUMBERS.
R  INDICATES RECORD WAS SET OR TIED.
MM INDICATES DATA IS MISSING.
T  INDICATES TRACE AMOUNT.




$$
