405
CDUS43 KDDC 160709
CLIDGC


CLIMATE REPORT
NATIONAL WEATHER SERVICE DODGE CITY KS
109 AM CST TUE JAN 16 2018


...................................

...THE DODGE CITY KS CLIMATE SUMMARY FOR JANUARY 15 2018...

CLIMATE NORMAL PERIOD 1981 TO 2010
CLIMATE RECORD PERIOD 1875 TO 2018


WEATHER ITEM   OBSERVED TIME   RECORD YEAR NORMAL DEPARTURE LAST
                VALUE   (LST)  VALUE       VALUE  FROM      YEAR
                                                  NORMAL
..................................................................
TEMPERATURE (F)
 YESTERDAY
  MAXIMUM         41   1204 AM  73    2006  44     -3       31
  MINIMUM          0   1159 PM -18    1888  20    -20       30
  AVERAGE         21                        32    -11       31

PRECIPITATION (IN)
  YESTERDAY        0.00          1.41 2017   0.02  -0.02     1.41
  MONTH TO DATE    0.09                      0.27  -0.18     2.00
  SINCE DEC 1      0.09                      1.11  -1.02     2.62
  SINCE JAN 1      0.09                      0.27  -0.18     2.00

SNOWFALL (IN)
  YESTERDAY        0.0           3.0  1895   0.1   -0.1      0.0
  MONTH TO DATE    1.2                       2.1   -0.9      2.5
  SINCE DEC 1      1.2                       6.2   -5.0      4.8
  SINCE JUL 1      1.2                       8.4   -7.2      4.8
  SNOW DEPTH       0

DEGREE DAYS
 HEATING
  YESTERDAY       44                        33     11       34
  MONTH TO DATE  520                       495     25      561
  SINCE DEC 1   1500                      1495      5     1638
  SINCE JUL 1   2354                      2509   -155     2234

 COOLING
  YESTERDAY        0                         0      0        0
  MONTH TO DATE    0                         0      0        0
  SINCE DEC 1      0                         0      0        0
  SINCE JAN 1      0                         0      0        0
..................................................................


WIND (MPH)
  HIGHEST WIND SPEED    32   HIGHEST WIND DIRECTION     N (20)
  HIGHEST GUST SPEED    44   HIGHEST GUST DIRECTION    NE (30)
  AVERAGE WIND SPEED    18.4


SKY COVER
  POSSIBLE SUNSHINE  MM
  AVERAGE SKY COVER 0.5


WEATHER CONDITIONS
 THE FOLLOWING WEATHER WAS RECORDED YESTERDAY.
  NO SIGNIFICANT WEATHER WAS OBSERVED.


RELATIVE HUMIDITY (PERCENT)
 HIGHEST    85           500 AM
 LOWEST     39           900 AM
 AVERAGE    62

..........................................................


THE DODGE CITY KS CLIMATE NORMALS FOR TODAY
                         NORMAL    RECORD    YEAR
 MAXIMUM TEMPERATURE (F)   44        69      1952
 MINIMUM TEMPERATURE (F)   20        -9      1930
                                             1885


SUNRISE AND SUNSET
JANUARY 16 2018.......SUNRISE   754 AM CST   SUNSET   546 PM CST
JANUARY 17 2018.......SUNRISE   753 AM CST   SUNSET   547 PM CST


-  INDICATES NEGATIVE NUMBERS.
R  INDICATES RECORD WAS SET OR TIED.
MM INDICATES DATA IS MISSING.
T  INDICATES TRACE AMOUNT.




$$
