000
CDUS43 KDDC 081026
CLIDGC


CLIMATE REPORT
NATIONAL WEATHER SERVICE DODGE CITY KS
515 AM CDT TUE JUL 8 2014


...................................

...THE DODGE CITY KS CLIMATE SUMMARY FOR JULY 7 2014...

CLIMATE NORMAL PERIOD 1981 TO 2010
CLIMATE RECORD PERIOD 1875 TO 2014


WEATHER ITEM   OBSERVED TIME   RECORD YEAR NORMAL DEPARTURE LAST
                VALUE   (LST)  VALUE       VALUE  FROM      YEAR
                                                  NORMAL
..................................................................
TEMPERATURE (F)
 YESTERDAY
  MAXIMUM         98    342 PM 106    1991  93      5      102
  MINIMUM         67    515 AM  50    1908  66      1       72
  AVERAGE         83                        79      4       87

PRECIPITATION (IN)
  YESTERDAY        0.00          0.83 1928   0.10  -0.10     0.00
  MONTH TO DATE    0.15                      0.69  -0.54      T
  SINCE JUN 1      9.24                      3.93   5.31     2.61
  SINCE JAN 1     12.76                     11.45   1.31     6.04

SNOWFALL (IN)
  YESTERDAY        0.0           0.0  2002   0.0    0.0      0.0
                                      2001
  MONTH TO DATE    0.0                       0.0    0.0      0.0
  SINCE JUN 1      0.0                       0.0    0.0      0.0
  SINCE JUL 1      0.0                       0.0    0.0      0.0
  SNOW DEPTH       0

DEGREE DAYS
 HEATING
  YESTERDAY        0                         0      0        0
  MONTH TO DATE    0                         0      0        0
  SINCE JUN 1      7                        13     -6       12
  SINCE JUL 1      0                         0      0        0

 COOLING
  YESTERDAY       18                        14      4       22
  MONTH TO DATE   78                        96    -18       87
  SINCE JUN 1    362                       374    -12      475
  SINCE JAN 1    534                       483     51      637
..................................................................


WIND (MPH)
  HIGHEST WIND SPEED    28   HIGHEST WIND DIRECTION    NW (310)
  HIGHEST GUST SPEED    42   HIGHEST GUST DIRECTION    NW (310)
  AVERAGE WIND SPEED    12.2


SKY COVER
  POSSIBLE SUNSHINE  MM
  AVERAGE SKY COVER 0.0


WEATHER CONDITIONS
 THE FOLLOWING WEATHER WAS RECORDED YESTERDAY.
  NO SIGNIFICANT WEATHER WAS OBSERVED.


RELATIVE HUMIDITY (PERCENT)
 HIGHEST    73           500 AM
 LOWEST     25           400 PM
 AVERAGE    49

..........................................................


THE DODGE CITY KS CLIMATE NORMALS FOR TODAY
                         NORMAL    RECORD    YEAR
 MAXIMUM TEMPERATURE (F)   93       109      1978
 MINIMUM TEMPERATURE (F)   66        47      1952


SUNRISE AND SUNSET
JULY  8 2014..........SUNRISE   625 AM CDT   SUNSET   904 PM CDT
JULY  9 2014..........SUNRISE   626 AM CDT   SUNSET   904 PM CDT


-  INDICATES NEGATIVE NUMBERS.
R  INDICATES RECORD WAS SET OR TIED.
MM INDICATES DATA IS MISSING.
T  INDICATES TRACE AMOUNT.




$$
