083
CDUS43 KDDC 232337
CLIDGC


CLIMATE REPORT
NATIONAL WEATHER SERVICE DODGE CITY KS
634 PM CDT THU MAR 23 2017


...................................

...THE DODGE CITY KS CLIMATE SUMMARY FOR MARCH 23 2017...
VALID TODAY AS OF 0500 PM LOCAL TIME.

CLIMATE NORMAL PERIOD 1981 TO 2010
CLIMATE RECORD PERIOD 1875 TO 2017


WEATHER ITEM   OBSERVED TIME   RECORD YEAR NORMAL DEPARTURE LAST
                VALUE   (LST)  VALUE       VALUE  FROM      YEAR
                                                  NORMAL
..................................................................
TEMPERATURE (F)
 TODAY
  MAXIMUM         84    308 PM  88    1910  60     24       65
  MINIMUM         46   1211 AM   8    1898  33     13       31
  AVERAGE         65                        46     19       48

PRECIPITATION (IN)
  TODAY            0.00          2.05 1973   0.06  -0.06      T
  MONTH TO DATE    T                         1.10  -1.10     0.04
  SINCE MAR 1      T                         1.10  -1.10     0.04
  SINCE JAN 1      2.57                      2.36   0.21     0.63

SNOWFALL (IN)
  TODAY            0.0           9.3  1957   0.1   -0.1      0.0
  MONTH TO DATE    0.0                       3.7   -3.7      0.4
  SINCE MAR 1      0.0                       3.7   -3.7      0.4
  SINCE JUL 1      5.0                      18.8  -13.8     10.4
  SNOW DEPTH       0

DEGREE DAYS
 HEATING
  TODAY            0                        19    -19       17
  MONTH TO DATE  344                       502   -158      371
  SINCE MAR 1    344                       502   -158      371
  SINCE JUL 1   3578                      4349   -771     3733

 COOLING
  TODAY            0                         0      0        0
  MONTH TO DATE    9                         0      9        2
  SINCE MAR 1      9                         0      9        2
  SINCE JAN 1      9                         0      9        4
..................................................................


WIND (MPH)
  HIGHEST WIND SPEED    36   HIGHEST WIND DIRECTION     S (190)
  HIGHEST GUST SPEED    42   HIGHEST GUST DIRECTION     S (160)
  AVERAGE WIND SPEED    22.4


SKY COVER
  POSSIBLE SUNSHINE  MM
  AVERAGE SKY COVER 0.9


WEATHER CONDITIONS
 THE FOLLOWING WEATHER WAS RECORDED TODAY.
  HAZE


RELATIVE HUMIDITY (PERCENT)
 HIGHEST   100           500 AM
 LOWEST     29           300 PM
 AVERAGE    65

..........................................................


THE DODGE CITY KS CLIMATE NORMALS FOR TOMORROW
                         NORMAL    RECORD    YEAR
 MAXIMUM TEMPERATURE (F)   60        86      1907
 MINIMUM TEMPERATURE (F)   33        10      1965


SUNRISE AND SUNSET
MARCH 23 2017.........SUNRISE   738 AM CDT   SUNSET   755 PM CDT
MARCH 24 2017.........SUNRISE   737 AM CDT   SUNSET   756 PM CDT


-  INDICATES NEGATIVE NUMBERS.
R  INDICATES RECORD WAS SET OR TIED.
MM INDICATES DATA IS MISSING.
T  INDICATES TRACE AMOUNT.




$$
