000
CDUS43 KDDC 252327
CLIDGC


CLIMATE REPORT
NATIONAL WEATHER SERVICE DODGE CITY KS
525 PM CST FRI NOV 25 2016


...................................

...THE DODGE CITY KS CLIMATE SUMMARY FOR NOVEMBER 25 2016...
VALID TODAY AS OF 0500 PM LOCAL TIME.

CLIMATE NORMAL PERIOD 1981 TO 2010
CLIMATE RECORD PERIOD 1875 TO 2016


WEATHER ITEM   OBSERVED TIME   RECORD YEAR NORMAL DEPARTURE LAST
                VALUE   (LST)  VALUE       VALUE  FROM      YEAR
                                                  NORMAL
..................................................................
TEMPERATURE (F)
 TODAY
  MAXIMUM         57    345 PM  82    1995  51      6       60
                                      1990
  MINIMUM         21    714 AM   3    1993  26     -5       35
  AVERAGE         39                        38      1       48

PRECIPITATION (IN)
  TODAY            0.00          1.32 1940   0.02  -0.02     0.00
  MONTH TO DATE    0.36                      0.65  -0.29     1.21
  SINCE SEP 1      0.76                      4.06  -3.30     5.44
  SINCE JAN 1     22.77                     20.65   2.12    25.13

SNOWFALL (IN)
  TODAY            0.0           3.8  1952   0.1   -0.1      0.0
  MONTH TO DATE    0.0                       1.3   -1.3      0.1
  SINCE SEP 1      0.0                       1.7   -1.7      0.1
  SINCE JUL 1      0.0                       1.7   -1.7      0.1
  SNOW DEPTH       0

DEGREE DAYS
 HEATING
  TODAY           26                        27     -1       17
  MONTH TO DATE  349                       519   -170      415
  SINCE SEP 1    497                       871   -374      639
  SINCE JUL 1    497                       875   -378      641

 COOLING
  TODAY            0                         0      0        0
  MONTH TO DATE    0                         0      0        0
  SINCE SEP 1    326                       216    110      314
  SINCE JAN 1   1580                      1462    118     1512
..................................................................


WIND (MPH)
  HIGHEST WIND SPEED    14   HIGHEST WIND DIRECTION     S (200)
  HIGHEST GUST SPEED    18   HIGHEST GUST DIRECTION    SW (210)
  AVERAGE WIND SPEED     8.3


SKY COVER
  POSSIBLE SUNSHINE  MM
  AVERAGE SKY COVER 0.0


WEATHER CONDITIONS
 THE FOLLOWING WEATHER WAS RECORDED TODAY.
  NO SIGNIFICANT WEATHER WAS OBSERVED.


RELATIVE HUMIDITY (PERCENT)
 HIGHEST    92           400 AM
 LOWEST     22           400 PM
 AVERAGE    57

..........................................................


THE DODGE CITY KS CLIMATE NORMALS FOR TOMORROW
                         NORMAL    RECORD    YEAR
 MAXIMUM TEMPERATURE (F)   50        80      1910
                                             1894
 MINIMUM TEMPERATURE (F)   26         0      1887
                                             1880


SUNRISE AND SUNSET
NOVEMBER 25 2016......SUNRISE   731 AM CST   SUNSET   523 PM CST
NOVEMBER 26 2016......SUNRISE   732 AM CST   SUNSET   522 PM CST


-  INDICATES NEGATIVE NUMBERS.
R  INDICATES RECORD WAS SET OR TIED.
MM INDICATES DATA IS MISSING.
T  INDICATES TRACE AMOUNT.




$$
