000
CDUS43 KDDC 052328
CLIDGC


CLIMATE REPORT
NATIONAL WEATHER SERVICE DODGE CITY KS
627 PM CDT SAT JUL 5 2014


...................................

...THE DODGE CITY KS CLIMATE SUMMARY FOR JULY 5 2014...
VALID TODAY AS OF 0500 PM LOCAL TIME.

CLIMATE NORMAL PERIOD 1981 TO 2010
CLIMATE RECORD PERIOD 1875 TO 2014


WEATHER ITEM   OBSERVED TIME   RECORD YEAR NORMAL DEPARTURE LAST
                VALUE   (LST)  VALUE       VALUE  FROM      YEAR
                                                  NORMAL
..................................................................
TEMPERATURE (F)
 TODAY
  MAXIMUM         93    425 PM 105    1991  92      1       98
                                      1978
                                      1966
  MINIMUM         70    621 AM  49    1924  65      5       65
  AVERAGE         82                        79      3       82

PRECIPITATION (IN)
  TODAY            0.00          2.21 2010   0.10  -0.10     0.00
  MONTH TO DATE    0.15                      0.49  -0.34     0.00
  SINCE JUN 1      9.24                      3.73   5.51     2.61
  SINCE JAN 1     12.76                     11.25   1.51     6.04

SNOWFALL (IN)
  TODAY            0.0           T    1987   0.0    0.0      0.0
                                      1986
  MONTH TO DATE    0.0                       0.0    0.0      0.0
  SINCE JUN 1      0.0                       0.0    0.0      0.0
  SINCE JUL 1      0.0                       0.0    0.0      0.0
  SNOW DEPTH       0

DEGREE DAYS
 HEATING
  TODAY            0                         0      0        0
  MONTH TO DATE    0                         0      0        0
  SINCE JUN 1      7                        13     -6       12
  SINCE JUL 1      0                         0      0        0

 COOLING
  TODAY           17                        14      3       17
  MONTH TO DATE   43                        68    -25       43
  SINCE JUN 1    327                       346    -19      431
  SINCE JAN 1    499                       455     44      593
..................................................................


WIND (MPH)
  HIGHEST WIND SPEED    25   HIGHEST WIND DIRECTION    SW (210)
  HIGHEST GUST SPEED    34   HIGHEST GUST DIRECTION     S (170)
  AVERAGE WIND SPEED    17.0


SKY COVER
  POSSIBLE SUNSHINE  MM
  AVERAGE SKY COVER 0.0


WEATHER CONDITIONS
 THE FOLLOWING WEATHER WAS RECORDED TODAY.
  NO SIGNIFICANT WEATHER WAS OBSERVED.


RELATIVE HUMIDITY (PERCENT)
 HIGHEST    84           500 AM
 LOWEST     30           100 PM
 AVERAGE    57

..........................................................


THE DODGE CITY KS CLIMATE NORMALS FOR TOMORROW
                         NORMAL    RECORD    YEAR
 MAXIMUM TEMPERATURE (F)   92       107      1991
 MINIMUM TEMPERATURE (F)   66        52      1924


SUNRISE AND SUNSET
JULY  5 2014..........SUNRISE   624 AM CDT   SUNSET   905 PM CDT
JULY  6 2014..........SUNRISE   624 AM CDT   SUNSET   905 PM CDT


-  INDICATES NEGATIVE NUMBERS.
R  INDICATES RECORD WAS SET OR TIED.
MM INDICATES DATA IS MISSING.
T  INDICATES TRACE AMOUNT.




$$
