000
CDUS43 KDDC 152326
CLIDGC


CLIMATE REPORT
NATIONAL WEATHER SERVICE DODGE CITY KS
526 PM CST THU FEB 15 2018


...................................

...THE DODGE CITY KS CLIMATE SUMMARY FOR FEBRUARY 15 2018...
VALID TODAY AS OF 0500 PM LOCAL TIME.

CLIMATE NORMAL PERIOD 1981 TO 2010
CLIMATE RECORD PERIOD 1875 TO 2018


WEATHER ITEM   OBSERVED TIME   RECORD YEAR NORMAL DEPARTURE LAST
                VALUE   (LST)  VALUE       VALUE  FROM      YEAR
                                                  NORMAL
..................................................................
TEMPERATURE (F)
 TODAY
  MAXIMUM         70    247 PM  75    1921  48     22       60
  MINIMUM         39    647 AM -10    1881  23     16       22
  AVERAGE         55                        36     19       41

PRECIPITATION (IN)
  TODAY            0.00          0.50 1903   0.02  -0.02     0.00
  MONTH TO DATE    0.05                      0.34  -0.29     0.01
  SINCE DEC 1      0.14                      1.76  -1.62     3.19
  SINCE JAN 1      0.14                      0.92  -0.78     2.57

SNOWFALL (IN)
  TODAY            0.0          12.0  1993   0.2   -0.2      0.0
  MONTH TO DATE    0.2                       2.3   -2.1      0.0
  SINCE DEC 1      1.4                      11.3   -9.9      5.0
  SINCE JUL 1      1.4                      13.5  -12.1      5.0
  SNOW DEPTH       0

DEGREE DAYS
 HEATING
  TODAY           10                        29    -19       24
  MONTH TO DATE  482                       460     22      364
  SINCE DEC 1   2427                      2478    -51     2414
  SINCE JUL 1   3281                      3492   -211     3010

 COOLING
  TODAY            0                         0      0        0
  MONTH TO DATE    0                         0      0        0
  SINCE DEC 1      0                         0      0        0
  SINCE JAN 1      0                         0      0        0
..................................................................


WIND (MPH)
  HIGHEST WIND SPEED    21   HIGHEST WIND DIRECTION     W (270)
  HIGHEST GUST SPEED    27   HIGHEST GUST DIRECTION     N (350)
  AVERAGE WIND SPEED    11.6


SKY COVER
  POSSIBLE SUNSHINE  MM
  AVERAGE SKY COVER 0.1


WEATHER CONDITIONS
 THE FOLLOWING WEATHER WAS RECORDED TODAY.
  NO SIGNIFICANT WEATHER WAS OBSERVED.


RELATIVE HUMIDITY (PERCENT)
 HIGHEST    43           800 AM
 LOWEST     19           100 AM
 AVERAGE    31

..........................................................


THE DODGE CITY KS CLIMATE NORMALS FOR TOMORROW
                         NORMAL    RECORD    YEAR
 MAXIMUM TEMPERATURE (F)   49        80      2011
 MINIMUM TEMPERATURE (F)   24       -18      1903


SUNRISE AND SUNSET
FEBRUARY 15 2018......SUNRISE   729 AM CST   SUNSET   619 PM CST
FEBRUARY 16 2018......SUNRISE   728 AM CST   SUNSET   620 PM CST


-  INDICATES NEGATIVE NUMBERS.
R  INDICATES RECORD WAS SET OR TIED.
MM INDICATES DATA IS MISSING.
T  INDICATES TRACE AMOUNT.




$$
