606
CDUS43 KDDC 170708
CLIDGC


CLIMATE REPORT
NATIONAL WEATHER SERVICE DODGE CITY KS
108 AM CST TUE JAN 17 2017


...................................

...THE DODGE CITY KS CLIMATE SUMMARY FOR JANUARY 16 2017...

CLIMATE NORMAL PERIOD 1981 TO 2010
CLIMATE RECORD PERIOD 1875 TO 2017


WEATHER ITEM   OBSERVED TIME   RECORD YEAR NORMAL DEPARTURE LAST
                VALUE   (LST)  VALUE       VALUE  FROM      YEAR
                                                  NORMAL
..................................................................
TEMPERATURE (F)
 YESTERDAY
  MAXIMUM         33   1159 PM  69    1952  44    -11       44
  MINIMUM         31    926 AM  -9    1930  20     11       21
                                      1885
  AVERAGE         32                        32      0       33

PRECIPITATION (IN)
  YESTERDAY        0.51          0.62 1915   0.01   0.50     0.03
  MONTH TO DATE    2.51                      0.28   2.23     0.28
  SINCE DEC 1      3.13                      1.12   2.01     2.71
  SINCE JAN 1      2.51                      0.28   2.23     0.28

SNOWFALL (IN)
  YESTERDAY       MM             5.3  2001   0.2   MM        0.6
  MONTH TO DATE    2.5                       2.3    0.2      0.7
  SINCE DEC 1      4.8                       6.4   -1.6      8.8
  SINCE JUL 1      4.8                       8.6   -3.8      9.9
  SNOW DEPTH       0

DEGREE DAYS
 HEATING
  YESTERDAY       33                        33      0       32
  MONTH TO DATE  594                       528     66      506
  SINCE DEC 1   1671                      1528    143     1383
  SINCE JUL 1   2267                      2542   -275     2213

 COOLING
  YESTERDAY        0                         0      0        0
  MONTH TO DATE    0                         0      0        0
  SINCE DEC 1      0                         0      0        0
  SINCE JAN 1      0                         0      0        0
..................................................................


WIND (MPH)
  HIGHEST WIND SPEED    22   HIGHEST WIND DIRECTION     N (10)
  HIGHEST GUST SPEED    25   HIGHEST GUST DIRECTION     N (10)
  AVERAGE WIND SPEED    12.2


SKY COVER
  POSSIBLE SUNSHINE  MM
  AVERAGE SKY COVER 1.0


WEATHER CONDITIONS
 THE FOLLOWING WEATHER WAS RECORDED YESTERDAY.
  FREEZING RAIN
  LT FREEZING RAIN
  LIGHT SNOW
  FOG


RELATIVE HUMIDITY (PERCENT)
 HIGHEST   100          1200 AM
 LOWEST     89           400 PM
 AVERAGE    95

..........................................................


THE DODGE CITY KS CLIMATE NORMALS FOR TODAY
                         NORMAL    RECORD    YEAR
 MAXIMUM TEMPERATURE (F)   44        73      1923
 MINIMUM TEMPERATURE (F)   20       -12      1930


SUNRISE AND SUNSET
JANUARY 17 2017.......SUNRISE   753 AM CST   SUNSET   547 PM CST
JANUARY 18 2017.......SUNRISE   753 AM CST   SUNSET   548 PM CST


-  INDICATES NEGATIVE NUMBERS.
R  INDICATES RECORD WAS SET OR TIED.
MM INDICATES DATA IS MISSING.
T  INDICATES TRACE AMOUNT.




$$
