000
CDUS43 KDDC 011010
CLIDGC


CLIMATE REPORT
NATIONAL WEATHER SERVICE DODGE CITY KS
409 AM CST SUN MAR 1 2015


...................................

...THE DODGE CITY KS CLIMATE SUMMARY FOR FEBRUARY 28 2015...

CLIMATE NORMAL PERIOD 1981 TO 2010
CLIMATE RECORD PERIOD 1875 TO 2015


WEATHER ITEM   OBSERVED TIME   RECORD YEAR NORMAL DEPARTURE LAST
                VALUE   (LST)  VALUE       VALUE  FROM      YEAR
                                                  NORMAL
..................................................................
TEMPERATURE (F)
 YESTERDAY
  MAXIMUM         21    535 PM  85    2006  52    -31       58
  MINIMUM         11    745 AM  -7    1962  27    -16       25
  AVERAGE         16                        40    -24       42

PRECIPITATION (IN)
  YESTERDAY        0.07          0.43 1927   0.03   0.04     0.00
  MONTH TO DATE    0.64                      0.68  -0.04     0.60
  SINCE DEC 1      2.30                      2.10   0.20     1.32
  SINCE JAN 1      1.30                      1.26   0.04     0.84

SNOWFALL (IN)
  YESTERDAY        1.1           5.0  1922   0.1    1.0      0.0
  MONTH TO DATE   10.9                       3.9    7.0     10.0
  SINCE DEC 1     19.2                      12.9    6.3     19.5
  SINCE JUL 1     21.4                      15.1    6.3     24.5
  SNOW DEPTH       2

DEGREE DAYS
 HEATING
  YESTERDAY       49                        25     24       23
  MONTH TO DATE  863                       814     49     1022
  SINCE DEC 1   2750                      2833    -83     3129
  SINCE JUL 1   3748                      3847    -99     4157

 COOLING
  YESTERDAY        0                         0      0        0
  MONTH TO DATE    0                         0      0        0
  SINCE DEC 1      0                         0      0        0
  SINCE JAN 1      0                         0      0        0
..................................................................


WIND (MPH)
  HIGHEST WIND SPEED    17   HIGHEST WIND DIRECTION     S (160)
  HIGHEST GUST SPEED    21   HIGHEST GUST DIRECTION     S (170)
  AVERAGE WIND SPEED    11.9


SKY COVER
  POSSIBLE SUNSHINE  MM
  AVERAGE SKY COVER 1.0


WEATHER CONDITIONS
 THE FOLLOWING WEATHER WAS RECORDED YESTERDAY.
  LIGHT SNOW
  FOG
  HAZE


RELATIVE HUMIDITY (PERCENT)
 HIGHEST    84          1000 AM
 LOWEST     71           500 PM
 AVERAGE    78

..........................................................


THE DODGE CITY KS CLIMATE NORMALS FOR TODAY
                         NORMAL    RECORD    YEAR
 MAXIMUM TEMPERATURE (F)   53        79      1967
 MINIMUM TEMPERATURE (F)   27        -9      1903


SUNRISE AND SUNSET
MARCH  1 2015.........SUNRISE   712 AM CST   SUNSET   633 PM CST
MARCH  2 2015.........SUNRISE   710 AM CST   SUNSET   634 PM CST


-  INDICATES NEGATIVE NUMBERS.
R  INDICATES RECORD WAS SET OR TIED.
MM INDICATES DATA IS MISSING.
T  INDICATES TRACE AMOUNT.




$$
