000
CDUS43 KDDC 262326
CLIDGC


CLIMATE REPORT
NATIONAL WEATHER SERVICE DODGE CITY KS
625 PM CDT FRI SEP 26 2014


...................................

...THE DODGE CITY KS CLIMATE SUMMARY FOR SEPTEMBER 26 2014...
VALID TODAY AS OF 0500 PM LOCAL TIME.

CLIMATE NORMAL PERIOD 1981 TO 2010
CLIMATE RECORD PERIOD 1875 TO 2014


WEATHER ITEM   OBSERVED TIME   RECORD YEAR NORMAL DEPARTURE LAST
                VALUE   (LST)  VALUE       VALUE  FROM      YEAR
                                                  NORMAL
..................................................................
TEMPERATURE (F)
 TODAY
  MAXIMUM         84    411 PM  98    1904  78      6       95
  MINIMUM         55    630 AM  31    1942  51      4       62
  AVERAGE         70                        65      5       79

PRECIPITATION (IN)
  TODAY            0.00          2.23 1891   0.05  -0.05     0.00
  MONTH TO DATE    1.66                      1.49   0.17     0.67
  SINCE SEP 1      1.66                      1.49   0.17     0.67
  SINCE JAN 1     19.89                     18.08   1.81    16.15

SNOWFALL (IN)
  TODAY            0.0           0.0  2002   0.0    0.0      0.0
                                      2001
  MONTH TO DATE    0.0                       0.0    0.0      0.0
  SINCE SEP 1      0.0                       0.0    0.0      0.0
  SINCE JUL 1      0.0                       0.0    0.0      0.0
  SNOW DEPTH       0

DEGREE DAYS
 HEATING
  TODAY            0                         4     -4        0
  MONTH TO DATE   49                        43      6        6
  SINCE SEP 1     49                        43      6        6
  SINCE JUL 1     62                        47     15        6

 COOLING
  TODAY            5                         4      1       14
  MONTH TO DATE  170                       175     -5      237
  SINCE SEP 1    170                       175     -5      237
  SINCE JAN 1   1415                      1421     -6     1601
..................................................................


WIND (MPH)
  HIGHEST WIND SPEED    23   HIGHEST WIND DIRECTION     S (190)
  HIGHEST GUST SPEED    29   HIGHEST GUST DIRECTION     S (190)
  AVERAGE WIND SPEED    11.6


SKY COVER
  POSSIBLE SUNSHINE  MM
  AVERAGE SKY COVER 0.0


WEATHER CONDITIONS
 THE FOLLOWING WEATHER WAS RECORDED TODAY.
  NO SIGNIFICANT WEATHER WAS OBSERVED.


RELATIVE HUMIDITY (PERCENT)
 HIGHEST    72           200 AM
 LOWEST     24           500 PM
 AVERAGE    48

..........................................................


THE DODGE CITY KS CLIMATE NORMALS FOR TOMORROW
                         NORMAL    RECORD    YEAR
 MAXIMUM TEMPERATURE (F)   77        96      1998
 MINIMUM TEMPERATURE (F)   51        36      1927
                                             1902


SUNRISE AND SUNSET
SEPTEMBER 26 2014.....SUNRISE   731 AM CDT   SUNSET   731 PM CDT
SEPTEMBER 27 2014.....SUNRISE   732 AM CDT   SUNSET   729 PM CDT


-  INDICATES NEGATIVE NUMBERS.
R  INDICATES RECORD WAS SET OR TIED.
MM INDICATES DATA IS MISSING.
T  INDICATES TRACE AMOUNT.




$$
