000
CDUS43 KDDC 140725
CLIDGC


CLIMATE REPORT
NATIONAL WEATHER SERVICE DODGE CITY KS
125 AM CST TUE NOV 14 2017


...................................

...THE DODGE CITY KS CLIMATE SUMMARY FOR NOVEMBER 13 2017...

CLIMATE NORMAL PERIOD 1981 TO 2010
CLIMATE RECORD PERIOD 1875 TO 2017


WEATHER ITEM   OBSERVED TIME   RECORD YEAR NORMAL DEPARTURE LAST
                VALUE   (LST)  VALUE       VALUE  FROM      YEAR
                                                  NORMAL
..................................................................
TEMPERATURE (F)
 YESTERDAY
  MAXIMUM         56    453 PM  79    2007  57     -1       69
  MINIMUM         36    104 AM   2    1940  31      5       34
                                      1916
  AVERAGE         46                        44      2       52

PRECIPITATION (IN)
  YESTERDAY        0.00          0.38 1909   0.02  -0.02     0.00
  MONTH TO DATE    T                         0.40  -0.40     0.36
  SINCE SEP 1      1.91                      3.81  -1.90     0.76
  SINCE JAN 1     25.56                     20.40   5.16    22.77

SNOWFALL (IN)
  YESTERDAY        0.0           2.2  1909   0.1   -0.1      0.0
  MONTH TO DATE    0.0                       0.4   -0.4      0.0
  SINCE SEP 1      0.0                       0.8   -0.8      0.0
  SINCE JUL 1      0.0                       0.8   -0.8      0.0
  SNOW DEPTH       0

DEGREE DAYS
 HEATING
  YESTERDAY       19                        21     -2       13
  MONTH TO DATE  298                       231     67      149
  SINCE SEP 1    589                       583      6      297
  SINCE JUL 1    589                       587      2      297

 COOLING
  YESTERDAY        0                         0      0        0
  MONTH TO DATE    0                         0      0        0
  SINCE SEP 1    288                       216     72      326
  SINCE JAN 1   1520                      1462     58     1580
..................................................................


WIND (MPH)
  HIGHEST WIND SPEED    21   HIGHEST WIND DIRECTION    SE (150)
  HIGHEST GUST SPEED    28   HIGHEST GUST DIRECTION    SE (150)
  AVERAGE WIND SPEED    13.5


SKY COVER
  POSSIBLE SUNSHINE  MM
  AVERAGE SKY COVER 0.7


WEATHER CONDITIONS
 THE FOLLOWING WEATHER WAS RECORDED YESTERDAY.
  FOG
  HAZE


RELATIVE HUMIDITY (PERCENT)
 HIGHEST   100           900 PM
 LOWEST     66           300 PM
 AVERAGE    83

..........................................................


THE DODGE CITY KS CLIMATE NORMALS FOR TODAY
                         NORMAL    RECORD    YEAR
 MAXIMUM TEMPERATURE (F)   57        82      1988
 MINIMUM TEMPERATURE (F)   31         2      1940
                                             1916


SUNRISE AND SUNSET
NOVEMBER 14 2017......SUNRISE   719 AM CST   SUNSET   529 PM CST
NOVEMBER 15 2017......SUNRISE   720 AM CST   SUNSET   528 PM CST


-  INDICATES NEGATIVE NUMBERS.
R  INDICATES RECORD WAS SET OR TIED.
MM INDICATES DATA IS MISSING.
T  INDICATES TRACE AMOUNT.




$$
