000
CDUS43 KDDC 300723
CLIDGC


CLIMATE REPORT
NATIONAL WEATHER SERVICE DODGE CITY KS
121 AM CST WED NOV 30 2016


...................................

...THE DODGE CITY KS CLIMATE SUMMARY FOR NOVEMBER 29 2016...

CLIMATE NORMAL PERIOD 1981 TO 2010
CLIMATE RECORD PERIOD 1875 TO 2016


WEATHER ITEM   OBSERVED TIME   RECORD YEAR NORMAL DEPARTURE LAST
                VALUE   (LST)  VALUE       VALUE  FROM      YEAR
                                                  NORMAL
..................................................................
TEMPERATURE (F)
 YESTERDAY
  MAXIMUM         49    150 PM  79    2014  49      0       29
  MINIMUM         28    403 AM  -3    1880  25      3       24
  AVERAGE         39                        37      2       27

PRECIPITATION (IN)
  YESTERDAY        0.00          1.51 1913   0.02  -0.02     0.01
  MONTH TO DATE    0.37                      0.74  -0.37     1.94
  SINCE SEP 1      0.77                      4.15  -3.38     6.17
  SINCE JAN 1     22.78                     20.74   2.04    25.86

SNOWFALL (IN)
  YESTERDAY        0.0           5.5  2004   0.1   -0.1      0.0
  MONTH TO DATE    0.0                       1.7   -1.7      0.7
  SINCE SEP 1      0.0                       2.1   -2.1      0.7
  SINCE JUL 1      0.0                       2.1   -2.1      0.7
  SNOW DEPTH       0

DEGREE DAYS
 HEATING
  YESTERDAY       26                        28     -2       38
  MONTH TO DATE  422                       630   -208      570
  SINCE SEP 1    570                       982   -412      794
  SINCE JUL 1    570                       986   -416      796

 COOLING
  YESTERDAY        0                         0      0        0
  MONTH TO DATE    0                         0      0        0
  SINCE SEP 1    326                       216    110      314
  SINCE JAN 1   1580                      1462    118     1512
..................................................................


WIND (MPH)
  HIGHEST WIND SPEED    35   HIGHEST WIND DIRECTION    NW (320)
  HIGHEST GUST SPEED    43   HIGHEST GUST DIRECTION    NW (310)
  AVERAGE WIND SPEED    17.0


SKY COVER
  POSSIBLE SUNSHINE  MM
  AVERAGE SKY COVER 0.2


WEATHER CONDITIONS
 THE FOLLOWING WEATHER WAS RECORDED YESTERDAY.
  NO SIGNIFICANT WEATHER WAS OBSERVED.


RELATIVE HUMIDITY (PERCENT)
 HIGHEST    64           700 PM
 LOWEST     31           100 PM
 AVERAGE    48

..........................................................


THE DODGE CITY KS CLIMATE NORMALS FOR TODAY
                         NORMAL    RECORD    YEAR
 MAXIMUM TEMPERATURE (F)   48        74      1995
                                             1970
                                             1926
 MINIMUM TEMPERATURE (F)   24         5      1877


SUNRISE AND SUNSET
NOVEMBER 30 2016......SUNRISE   736 AM CST   SUNSET   521 PM CST
DECEMBER  1 2016......SUNRISE   737 AM CST   SUNSET   521 PM CST


-  INDICATES NEGATIVE NUMBERS.
R  INDICATES RECORD WAS SET OR TIED.
MM INDICATES DATA IS MISSING.
T  INDICATES TRACE AMOUNT.




$$
