000
CDUS43 KDDC 021009
CLIDGC


CLIMATE REPORT
NATIONAL WEATHER SERVICE DODGE CITY KS
509 AM CDT THU JUL 2 2015


...................................

...THE DODGE CITY KS CLIMATE SUMMARY FOR JULY 1 2015...

CLIMATE NORMAL PERIOD 1981 TO 2010
CLIMATE RECORD PERIOD 1875 TO 2015


WEATHER ITEM   OBSERVED TIME   RECORD YEAR NORMAL DEPARTURE LAST
                VALUE   (LST)  VALUE       VALUE  FROM      YEAR
                                                  NORMAL
..................................................................
TEMPERATURE (F)
 YESTERDAY
  MAXIMUM         98    132 PM 108    1933  92      6       84
  MINIMUM         72    620 AM  52    2013  65      7       62
  AVERAGE         85                        78      7       73

PRECIPITATION (IN)
  YESTERDAY        T             2.10 1885   0.10  -0.10     0.11
  MONTH TO DATE    T                         0.10  -0.10     0.11
  SINCE JUN 1      2.08                      3.34  -1.26     9.20
  SINCE JAN 1     15.80                     10.86   4.94    12.72

SNOWFALL (IN)
  YESTERDAY        0.0           0.0  2002   0.0    0.0      0.0
                                      2001
  MONTH TO DATE    0.0                       0.0    0.0      0.0
  SINCE JUN 1      0.0                       0.0    0.0      0.0
  SINCE JUL 1      0.0                       0.0    0.0      0.0
  SNOW DEPTH       0

DEGREE DAYS
 HEATING
  YESTERDAY        0                         0      0        0
  MONTH TO DATE    0                         0      0        0
  SINCE JUN 1      0                        13    -13        7
  SINCE JUL 1      0                         0      0        0

 COOLING
  YESTERDAY       20                        13      7        8
  MONTH TO DATE   20                        13      7        8
  SINCE JUN 1    373                       291     82      292
  SINCE JAN 1    434                       400     34      464
..................................................................


WIND (MPH)
  HIGHEST WIND SPEED    21   HIGHEST WIND DIRECTION     N (10)
  HIGHEST GUST SPEED    28   HIGHEST GUST DIRECTION    SW (230)
  AVERAGE WIND SPEED    13.0


SKY COVER
  POSSIBLE SUNSHINE  MM
  AVERAGE SKY COVER 0.0


WEATHER CONDITIONS
 THE FOLLOWING WEATHER WAS RECORDED YESTERDAY.
  NO SIGNIFICANT WEATHER WAS OBSERVED.


RELATIVE HUMIDITY (PERCENT)
 HIGHEST    57           100 AM
 LOWEST     24           600 PM
 AVERAGE    41

..........................................................


THE DODGE CITY KS CLIMATE NORMALS FOR TODAY
                         NORMAL    RECORD    YEAR
 MAXIMUM TEMPERATURE (F)   92       105      1960
 MINIMUM TEMPERATURE (F)   65        51      2013


SUNRISE AND SUNSET
JULY  2 2015..........SUNRISE   622 AM CDT   SUNSET   906 PM CDT
JULY  3 2015..........SUNRISE   623 AM CDT   SUNSET   905 PM CDT


-  INDICATES NEGATIVE NUMBERS.
R  INDICATES RECORD WAS SET OR TIED.
MM INDICATES DATA IS MISSING.
T  INDICATES TRACE AMOUNT.




$$
