000
CDUS43 KDDC 151007
CLIDGC


CLIMATE REPORT
NATIONAL WEATHER SERVICE DODGE CITY KS
406 AM CST MON DEC 15 2014


...................................

...THE DODGE CITY KS CLIMATE SUMMARY FOR DECEMBER 14 2014...

CLIMATE NORMAL PERIOD 1981 TO 2010
CLIMATE RECORD PERIOD 1875 TO 2014


WEATHER ITEM   OBSERVED TIME   RECORD YEAR NORMAL DEPARTURE LAST
                VALUE   (LST)  VALUE       VALUE  FROM      YEAR
                                                  NORMAL
..................................................................
TEMPERATURE (F)
 YESTERDAY
  MAXIMUM         59    309 PM  74    1893  44     15       49
  MINIMUM         40   1159 PM  -4    1901  21     19       20
  AVERAGE         50                        32     18       35

PRECIPITATION (IN)
  YESTERDAY        0.32          0.68 2007   0.03   0.29     0.00
  MONTH TO DATE    0.79                      0.36   0.43     0.05
  SINCE DEC 1      0.79                      0.36   0.43     0.05
  SINCE JAN 1     22.97                     21.12   1.85    20.29

SNOWFALL (IN)
  YESTERDAY        0.0          10.4  2007   0.2   -0.2      0.0
  MONTH TO DATE    0.0                       1.9   -1.9      1.9
  SINCE DEC 1      0.0                       1.9   -1.9      1.9
  SINCE JUL 1      2.2                       4.1   -1.9      6.9
  SNOW DEPTH       0

DEGREE DAYS
 HEATING
  YESTERDAY       15                        33    -18       30
  MONTH TO DATE  337                       434    -97      543
  SINCE DEC 1    337                       434    -97      543
  SINCE JUL 1   1335                      1448   -113     1571

 COOLING
  YESTERDAY        0                         0      0        0
  MONTH TO DATE    0                         0      0        0
  SINCE DEC 1      0                         0      0        0
  SINCE JAN 1   1475                      1463     12     1641
..................................................................


WIND (MPH)
  HIGHEST WIND SPEED    31   HIGHEST WIND DIRECTION    SE (140)
  HIGHEST GUST SPEED    38   HIGHEST GUST DIRECTION    SE (150)
  AVERAGE WIND SPEED    17.0


SKY COVER
  POSSIBLE SUNSHINE  MM
  AVERAGE SKY COVER 0.9


WEATHER CONDITIONS
 THE FOLLOWING WEATHER WAS RECORDED YESTERDAY.
  THUNDERSTORM
  HEAVY RAIN
  RAIN
  LIGHT RAIN
  FOG


RELATIVE HUMIDITY (PERCENT)
 HIGHEST    93           800 AM
 LOWEST     40           400 PM
 AVERAGE    67

..........................................................


THE DODGE CITY KS CLIMATE NORMALS FOR TODAY
                         NORMAL    RECORD    YEAR
 MAXIMUM TEMPERATURE (F)   44        69      1946
 MINIMUM TEMPERATURE (F)   21        -8      1989


SUNRISE AND SUNSET
DECEMBER 15 2014......SUNRISE   748 AM CST   SUNSET   522 PM CST
DECEMBER 16 2014......SUNRISE   749 AM CST   SUNSET   522 PM CST


-  INDICATES NEGATIVE NUMBERS.
R  INDICATES RECORD WAS SET OR TIED.
MM INDICATES DATA IS MISSING.
T  INDICATES TRACE AMOUNT.




$$
