000
CDUS43 KDDC 211014
CLIDGC


CLIMATE REPORT
NATIONAL WEATHER SERVICE DODGE CITY KS
413 AM CST WED JAN 21 2015


...................................

...THE DODGE CITY KS CLIMATE SUMMARY FOR JANUARY 20 2015...

CLIMATE NORMAL PERIOD 1981 TO 2010
CLIMATE RECORD PERIOD 1875 TO 2015


WEATHER ITEM   OBSERVED TIME   RECORD YEAR NORMAL DEPARTURE LAST
                VALUE   (LST)  VALUE       VALUE  FROM      YEAR
                                                  NORMAL
..................................................................
TEMPERATURE (F)
 YESTERDAY
  MAXIMUM         47    450 PM  77    1986  44      3       55
  MINIMUM         32   1159 PM -17    1883  20     12       25
  AVERAGE         40                        32      8       40

PRECIPITATION (IN)
  YESTERDAY        0.06          1.11 1945   0.02   0.04     0.00
  MONTH TO DATE    0.29                      0.36  -0.07     0.16
  SINCE DEC 1      1.29                      1.20   0.09     0.64
  SINCE JAN 1      0.29                      0.36  -0.07     0.16

SNOWFALL (IN)
  YESTERDAY        0.0           8.0  1945   0.2   -0.2      0.0
  MONTH TO DATE    3.3                       3.0    0.3      2.8
  SINCE DEC 1      7.1                       7.1    0.0      8.3
  SINCE JUL 1      9.3                       9.3    0.0     13.3
  SNOW DEPTH       0

DEGREE DAYS
 HEATING
  YESTERDAY       25                        33     -8       25
  MONTH TO DATE  708                       660     48      634
  SINCE DEC 1   1640                      1660    -20     1714
  SINCE JUL 1   2638                      2674    -36     2742

 COOLING
  YESTERDAY        0                         0      0        0
  MONTH TO DATE    0                         0      0        0
  SINCE DEC 1      0                         0      0        0
  SINCE JAN 1      0                         0      0        0
..................................................................


WIND (MPH)
  HIGHEST WIND SPEED    15   HIGHEST WIND DIRECTION     W (290)
  HIGHEST GUST SPEED    17   HIGHEST GUST DIRECTION    NW (300)
  AVERAGE WIND SPEED     8.5


SKY COVER
  POSSIBLE SUNSHINE  MM
  AVERAGE SKY COVER 0.7


WEATHER CONDITIONS
 THE FOLLOWING WEATHER WAS RECORDED YESTERDAY.
  LIGHT RAIN
  FOG


RELATIVE HUMIDITY (PERCENT)
 HIGHEST    92           700 AM
 LOWEST     62           300 AM
 AVERAGE    77

..........................................................


THE DODGE CITY KS CLIMATE NORMALS FOR TODAY
                         NORMAL    RECORD    YEAR
 MAXIMUM TEMPERATURE (F)   45        70      1964
                                             1953
                                             1943
 MINIMUM TEMPERATURE (F)   20       -13      1883


SUNRISE AND SUNSET
JANUARY 21 2015.......SUNRISE   752 AM CST   SUNSET   551 PM CST
JANUARY 22 2015.......SUNRISE   751 AM CST   SUNSET   552 PM CST


-  INDICATES NEGATIVE NUMBERS.
R  INDICATES RECORD WAS SET OR TIED.
MM INDICATES DATA IS MISSING.
T  INDICATES TRACE AMOUNT.




$$
