000
CDUS43 KDDC 121008
CLIDGC


CLIMATE REPORT
NATIONAL WEATHER SERVICE DODGE CITY KS
507 AM CDT FRI SEP 12 2014


...................................

...THE DODGE CITY KS CLIMATE SUMMARY FOR SEPTEMBER 11 2014...

CLIMATE NORMAL PERIOD 1981 TO 2010
CLIMATE RECORD PERIOD 1875 TO 2014


WEATHER ITEM   OBSERVED TIME   RECORD YEAR NORMAL DEPARTURE LAST
                VALUE   (LST)  VALUE       VALUE  FROM      YEAR
                                                  NORMAL
..................................................................
TEMPERATURE (F)
 YESTERDAY
  MAXIMUM         64    407 PM 102    1984  85    -21       90
  MINIMUM         50    209 AM  43    2007  58     -8       65
  AVERAGE         57                        71    -14       78

PRECIPITATION (IN)
  YESTERDAY        0.01          1.48 2003   0.06  -0.05     0.19
  MONTH TO DATE    0.50                      0.73  -0.23     0.27
  SINCE SEP 1      0.50                      0.73  -0.23     0.27
  SINCE JAN 1     18.73                     17.32   1.41    15.75

SNOWFALL (IN)
  YESTERDAY        0.0           0.0  2002   0.0    0.0      0.0
                                      2001
  MONTH TO DATE    0.0                       0.0    0.0      0.0
  SINCE SEP 1      0.0                       0.0    0.0      0.0
  SINCE JUL 1      0.0                       0.0    0.0      0.0
  SNOW DEPTH       0

DEGREE DAYS
 HEATING
  YESTERDAY        8                         1      7        0
  MONTH TO DATE   13                         7      6        0
  SINCE SEP 1     13                         7      6        0
  SINCE JUL 1     26                        11     15        0

 COOLING
  YESTERDAY        0                         7     -7       13
  MONTH TO DATE   84                        97    -13      152
  SINCE SEP 1     84                        97    -13      152
  SINCE JAN 1   1329                      1343    -14     1516
..................................................................


WIND (MPH)
  HIGHEST WIND SPEED    18   HIGHEST WIND DIRECTION    NE (60)
  HIGHEST GUST SPEED    24   HIGHEST GUST DIRECTION    NE (60)
  AVERAGE WIND SPEED    11.6


SKY COVER
  POSSIBLE SUNSHINE  MM
  AVERAGE SKY COVER 0.8


WEATHER CONDITIONS
 THE FOLLOWING WEATHER WAS RECORDED YESTERDAY.
  FOG


RELATIVE HUMIDITY (PERCENT)
 HIGHEST   100           700 AM
 LOWEST     60           200 PM
 AVERAGE    80

..........................................................


THE DODGE CITY KS CLIMATE NORMALS FOR TODAY
                         NORMAL    RECORD    YEAR
 MAXIMUM TEMPERATURE (F)   84       102      1984
 MINIMUM TEMPERATURE (F)   58        37      1902


SUNRISE AND SUNSET
SEPTEMBER 12 2014.....SUNRISE   719 AM CDT   SUNSET   752 PM CDT
SEPTEMBER 13 2014.....SUNRISE   720 AM CDT   SUNSET   751 PM CDT


-  INDICATES NEGATIVE NUMBERS.
R  INDICATES RECORD WAS SET OR TIED.
MM INDICATES DATA IS MISSING.
T  INDICATES TRACE AMOUNT.




$$
