000
CDUS43 KDDC 240725
CLIDGC


CLIMATE REPORT
NATIONAL WEATHER SERVICE DODGE CITY KS
125 AM CST THU NOV 24 2016


...................................

...THE DODGE CITY KS CLIMATE SUMMARY FOR NOVEMBER 23 2016...

CLIMATE NORMAL PERIOD 1981 TO 2010
CLIMATE RECORD PERIOD 1875 TO 2016


WEATHER ITEM   OBSERVED TIME   RECORD YEAR NORMAL DEPARTURE LAST
                VALUE   (LST)  VALUE       VALUE  FROM      YEAR
                                                  NORMAL
..................................................................
TEMPERATURE (F)
 YESTERDAY
  MAXIMUM         58    351 PM  74    2005  52      6       64
  MINIMUM         34    802 AM   8    1898  27      7       27
  AVERAGE         46                        39      7       46

PRECIPITATION (IN)
  YESTERDAY        0.00          1.04 1905   0.02  -0.02     0.00
  MONTH TO DATE    0.36                      0.61  -0.25     1.21
  SINCE SEP 1      0.76                      4.02  -3.26     5.44
  SINCE JAN 1     22.77                     20.61   2.16    25.13

SNOWFALL (IN)
  YESTERDAY        0.0           1.5  2007   0.1   -0.1      0.0
  MONTH TO DATE    0.0                       1.1   -1.1      0.1
  SINCE SEP 1      0.0                       1.5   -1.5      0.1
  SINCE JUL 1      0.0                       1.5   -1.5      0.1
  SNOW DEPTH       0

DEGREE DAYS
 HEATING
  YESTERDAY       19                        26     -7       19
  MONTH TO DATE  303                       466   -163      380
  SINCE SEP 1    451                       818   -367      604
  SINCE JUL 1    451                       822   -371      606

 COOLING
  YESTERDAY        0                         0      0        0
  MONTH TO DATE    0                         0      0        0
  SINCE SEP 1    326                       216    110      314
  SINCE JAN 1   1580                      1462    118     1512
..................................................................


WIND (MPH)
  HIGHEST WIND SPEED    24   HIGHEST WIND DIRECTION     N (340)
  HIGHEST GUST SPEED    30   HIGHEST GUST DIRECTION     N (340)
  AVERAGE WIND SPEED    10.7


SKY COVER
  POSSIBLE SUNSHINE  MM
  AVERAGE SKY COVER 0.1


WEATHER CONDITIONS
 THE FOLLOWING WEATHER WAS RECORDED YESTERDAY.
  HAZE


RELATIVE HUMIDITY (PERCENT)
 HIGHEST    89           800 AM
 LOWEST     25           300 PM
 AVERAGE    57

..........................................................


THE DODGE CITY KS CLIMATE NORMALS FOR TODAY
                         NORMAL    RECORD    YEAR
 MAXIMUM TEMPERATURE (F)   51        80      1990
 MINIMUM TEMPERATURE (F)   26         5      1938


SUNRISE AND SUNSET
NOVEMBER 24 2016......SUNRISE   730 AM CST   SUNSET   523 PM CST
NOVEMBER 25 2016......SUNRISE   731 AM CST   SUNSET   523 PM CST


-  INDICATES NEGATIVE NUMBERS.
R  INDICATES RECORD WAS SET OR TIED.
MM INDICATES DATA IS MISSING.
T  INDICATES TRACE AMOUNT.




$$
