000
CDUS43 KDDC 172325
CLIDGC


CLIMATE REPORT
NATIONAL WEATHER SERVICE DODGE CITY KS
625 PM CDT SAT SEP 17 2016


...................................

...THE DODGE CITY KS CLIMATE SUMMARY FOR SEPTEMBER 17 2016...
VALID TODAY AS OF 0500 PM LOCAL TIME.

CLIMATE NORMAL PERIOD 1981 TO 2010
CLIMATE RECORD PERIOD 1875 TO 2016


WEATHER ITEM   OBSERVED TIME   RECORD YEAR NORMAL DEPARTURE LAST
                VALUE   (LST)  VALUE       VALUE  FROM      YEAR
                                                  NORMAL
..................................................................
TEMPERATURE (F)
 TODAY
  MAXIMUM         83    407 PM 101    2004  82      1       94
  MINIMUM         51    439 AM  32    1903  55     -4       69
  AVERAGE         67                        69     -2       82

PRECIPITATION (IN)
  TODAY            0.00          0.99 1919   0.05  -0.05     0.00
  MONTH TO DATE    0.29                      1.05  -0.76     0.79
  SINCE SEP 1      0.29                      1.05  -0.76     0.79
  SINCE JAN 1     22.30                     17.64   4.66    20.48

SNOWFALL (IN)
  TODAY            0.0           0.0  2002   0.0    0.0      0.0
                                      2001
  MONTH TO DATE    0.0                       0.0    0.0      0.0
  SINCE SEP 1      0.0                       0.0    0.0      0.0
  SINCE JUL 1      0.0                       0.0    0.0      0.0
  SNOW DEPTH       0

DEGREE DAYS
 HEATING
  TODAY            0                         2     -2        0
  MONTH TO DATE    6                        16    -10        0
  SINCE SEP 1      6                        16    -10        0
  SINCE JUL 1      6                        20    -14        2

 COOLING
  TODAY            2                         6     -4       17
  MONTH TO DATE  144                       135      9      228
  SINCE SEP 1    144                       135      9      228
  SINCE JAN 1   1398                      1381     17     1426
..................................................................


WIND (MPH)
  HIGHEST WIND SPEED    18   HIGHEST WIND DIRECTION     S (160)
  HIGHEST GUST SPEED    24   HIGHEST GUST DIRECTION     S (160)
  AVERAGE WIND SPEED     7.2


SKY COVER
  POSSIBLE SUNSHINE  MM
  AVERAGE SKY COVER 0.3


WEATHER CONDITIONS
 THE FOLLOWING WEATHER WAS RECORDED TODAY.
  FOG
  FOG W/VISIBILITY <= 1/4 MILE
  HAZE


RELATIVE HUMIDITY (PERCENT)
 HIGHEST   100          1200 AM
 LOWEST     31           200 PM
 AVERAGE    66

..........................................................


THE DODGE CITY KS CLIMATE NORMALS FOR TOMORROW
                         NORMAL    RECORD    YEAR
 MAXIMUM TEMPERATURE (F)   82       101      1997
 MINIMUM TEMPERATURE (F)   55        40      1912


SUNRISE AND SUNSET
SEPTEMBER 17 2016.....SUNRISE   724 AM CDT   SUNSET   744 PM CDT
SEPTEMBER 18 2016.....SUNRISE   725 AM CDT   SUNSET   742 PM CDT


-  INDICATES NEGATIVE NUMBERS.
R  INDICATES RECORD WAS SET OR TIED.
MM INDICATES DATA IS MISSING.
T  INDICATES TRACE AMOUNT.




$$
