000
CDUS43 KDDC 231006
CLIDGC


CLIMATE REPORT
NATIONAL WEATHER SERVICE DODGE CITY KS
406 AM CST SUN NOV 23 2014


...................................

...THE DODGE CITY KS CLIMATE SUMMARY FOR NOVEMBER 22 2014...

CLIMATE NORMAL PERIOD 1981 TO 2010
CLIMATE RECORD PERIOD 1875 TO 2014


WEATHER ITEM   OBSERVED TIME   RECORD YEAR NORMAL DEPARTURE LAST
                VALUE   (LST)  VALUE       VALUE  FROM      YEAR
                                                  NORMAL
..................................................................
TEMPERATURE (F)
 YESTERDAY
  MAXIMUM         64    320 PM  80    1924  52     12       28
  MINIMUM         32    540 AM  -3    1880  27      5       16
  AVERAGE         48                        40      8       22

PRECIPITATION (IN)
  YESTERDAY        0.00          0.64 1941   0.02  -0.02     0.15
  MONTH TO DATE    0.14                      0.59  -0.45     0.78
  SINCE SEP 1      3.94                      4.00  -0.06     4.74
  SINCE JAN 1     22.17                     20.59   1.58    20.22

SNOWFALL (IN)
  YESTERDAY        0.0           4.8  1941   0.1   -0.1      2.1
  MONTH TO DATE    2.2                       1.0    1.2      2.1
  SINCE SEP 1      2.2                       1.4    0.8      4.8
  SINCE JUL 1      2.2                       1.4    0.8      4.8
  SNOW DEPTH       0

DEGREE DAYS
 HEATING
  YESTERDAY       17                        25     -8       43
  MONTH TO DATE  564                       440    124      434
  SINCE SEP 1    804                       792     12      774
  SINCE JUL 1    817                       796     21      774

 COOLING
  YESTERDAY        0                         0      0        0
  MONTH TO DATE    0                         0      0        0
  SINCE SEP 1    230                       216     14      277
  SINCE JAN 1   1475                      1462     13     1641
..................................................................


WIND (MPH)
  HIGHEST WIND SPEED    33   HIGHEST WIND DIRECTION     S (180)
  HIGHEST GUST SPEED    43   HIGHEST GUST DIRECTION     S (180)
  AVERAGE WIND SPEED    16.6


SKY COVER
  POSSIBLE SUNSHINE  MM
  AVERAGE SKY COVER 0.2


WEATHER CONDITIONS
 THE FOLLOWING WEATHER WAS RECORDED YESTERDAY.
  FOG


RELATIVE HUMIDITY (PERCENT)
 HIGHEST   100          1200 AM
 LOWEST     36           100 PM
 AVERAGE    68

..........................................................


THE DODGE CITY KS CLIMATE NORMALS FOR TODAY
                         NORMAL    RECORD    YEAR
 MAXIMUM TEMPERATURE (F)   52        74      2005
 MINIMUM TEMPERATURE (F)   27         8      1898


SUNRISE AND SUNSET
NOVEMBER 23 2014......SUNRISE   728 AM CST   SUNSET   524 PM CST
NOVEMBER 24 2014......SUNRISE   730 AM CST   SUNSET   523 PM CST


-  INDICATES NEGATIVE NUMBERS.
R  INDICATES RECORD WAS SET OR TIED.
MM INDICATES DATA IS MISSING.
T  INDICATES TRACE AMOUNT.




$$
