000
CDUS43 KDDC 162327
CLIDGC


CLIMATE REPORT
NATIONAL WEATHER SERVICE DODGE CITY KS
626 PM CDT SAT AUG 16 2014


...................................

...THE DODGE CITY KS CLIMATE SUMMARY FOR AUGUST 16 2014...
VALID TODAY AS OF 0500 PM LOCAL TIME.

CLIMATE NORMAL PERIOD 1981 TO 2010
CLIMATE RECORD PERIOD 1875 TO 2014


WEATHER ITEM   OBSERVED TIME   RECORD YEAR NORMAL DEPARTURE LAST
                VALUE   (LST)  VALUE       VALUE  FROM      YEAR
                                                  NORMAL
..................................................................
TEMPERATURE (F)
 TODAY
  MAXIMUM         95    327 PM 106    1983  91      4       83
  MINIMUM         69    615 AM  55    1919  66      3       64
                                      1879
  AVERAGE         82                        78      4       74

PRECIPITATION (IN)
  TODAY            0.00          2.22 1907   0.09  -0.09     0.00
  MONTH TO DATE    1.72                      1.51   0.21     6.92
  SINCE JUN 1     13.82                      7.83   5.99    12.05
  SINCE JAN 1     17.34                     15.35   1.99    15.48

SNOWFALL (IN)
  TODAY            0.0           0.0  2002   0.0    0.0      0.0
                                      2001
  MONTH TO DATE    0.0                       0.0    0.0      0.0
  SINCE JUN 1      0.0                       0.0    0.0      0.0
  SINCE JUL 1      0.0                       0.0    0.0      0.0
  SNOW DEPTH       0

DEGREE DAYS
 HEATING
  TODAY            0                         0      0        0
  MONTH TO DATE    0                         0      0        0
  SINCE JUN 1     20                        14      6       12
  SINCE JUL 1     13                         1     12        0

 COOLING
  TODAY           17                        13      4        9
  MONTH TO DATE  208                       227    -19      155
  SINCE JUN 1    836                       957   -121      986
  SINCE JAN 1   1008                      1066    -58     1148
..................................................................


WIND (MPH)
  HIGHEST WIND SPEED    18   HIGHEST WIND DIRECTION    NW (320)
  HIGHEST GUST SPEED    24   HIGHEST GUST DIRECTION    NW (310)
  AVERAGE WIND SPEED    10.6


SKY COVER
  POSSIBLE SUNSHINE  MM
  AVERAGE SKY COVER 0.0


WEATHER CONDITIONS
 THE FOLLOWING WEATHER WAS RECORDED TODAY.
  NO SIGNIFICANT WEATHER WAS OBSERVED.


RELATIVE HUMIDITY (PERCENT)
 HIGHEST    78           300 AM
 LOWEST     28           300 PM
 AVERAGE    53

..........................................................


THE DODGE CITY KS CLIMATE NORMALS FOR TOMORROW
                         NORMAL    RECORD    YEAR
 MAXIMUM TEMPERATURE (F)   91       106      1978
 MINIMUM TEMPERATURE (F)   66        53      2012


SUNRISE AND SUNSET
AUGUST 16 2014........SUNRISE   656 AM CDT   SUNSET   831 PM CDT
AUGUST 17 2014........SUNRISE   657 AM CDT   SUNSET   830 PM CDT


-  INDICATES NEGATIVE NUMBERS.
R  INDICATES RECORD WAS SET OR TIED.
MM INDICATES DATA IS MISSING.
T  INDICATES TRACE AMOUNT.




$$
