000
CDUS43 KDDC 072331
CLIDGC


CLIMATE REPORT
NATIONAL WEATHER SERVICE DODGE CITY KS
630 PM CDT SAT OCT 7 2017


...................................

...THE DODGE CITY KS CLIMATE SUMMARY FOR OCTOBER 7 2017...
VALID TODAY AS OF 0500 PM LOCAL TIME.

CLIMATE NORMAL PERIOD 1981 TO 2010
CLIMATE RECORD PERIOD 1875 TO 2017


WEATHER ITEM   OBSERVED TIME   RECORD YEAR NORMAL DEPARTURE LAST
                VALUE   (LST)  VALUE       VALUE  FROM      YEAR
                                                  NORMAL
..................................................................
TEMPERATURE (F)
 TODAY
  MAXIMUM         79    420 PM  91    1979  73      6       69
                                      1961
                                      1949
  MINIMUM         48    656 AM  27    2000  47      1       32
  AVERAGE         64                        60      4       51

PRECIPITATION (IN)
  TODAY            0.00          1.32 2007   0.05  -0.05     0.00
  MONTH TO DATE    0.37                      0.39  -0.02     0.00
  SINCE SEP 1      1.91                      2.06  -0.15     0.31
  SINCE JAN 1     25.56                     18.65   6.91    22.32

SNOWFALL (IN)
  TODAY            0.0           T    1901   0.0    0.0      0.0
  MONTH TO DATE    0.0                       0.0    0.0      0.0
  SINCE SEP 1      0.0                       0.0    0.0      0.0
  SINCE JUL 1      0.0                       0.0    0.0      0.0
  SNOW DEPTH       0

DEGREE DAYS
 HEATING
  TODAY            1                         7     -6       14
  MONTH TO DATE    6                        41    -35       27
  SINCE SEP 1     36                       102    -66       53
  SINCE JUL 1     36                       106    -70       53

 COOLING
  TODAY            0                         2     -2        0
  MONTH TO DATE   30                        15     15       19
  SINCE SEP 1    277                       202     75      261
  SINCE JAN 1   1509                      1448     61     1515
..................................................................


WIND (MPH)
  HIGHEST WIND SPEED    22   HIGHEST WIND DIRECTION    NW (310)
  HIGHEST GUST SPEED    27   HIGHEST GUST DIRECTION    NW (320)
  AVERAGE WIND SPEED    13.1


SKY COVER
  POSSIBLE SUNSHINE  MM
  AVERAGE SKY COVER 0.0


WEATHER CONDITIONS
 THE FOLLOWING WEATHER WAS RECORDED TODAY.
  HAZE


RELATIVE HUMIDITY (PERCENT)
 HIGHEST    93           100 AM
 LOWEST     19           200 PM
 AVERAGE    56

..........................................................


THE DODGE CITY KS CLIMATE NORMALS FOR TOMORROW
                         NORMAL    RECORD    YEAR
 MAXIMUM TEMPERATURE (F)   73        94      1979
 MINIMUM TEMPERATURE (F)   47        18      2000


SUNRISE AND SUNSET
OCTOBER  7 2017.......SUNRISE   741 AM CDT   SUNSET   713 PM CDT
OCTOBER  8 2017.......SUNRISE   742 AM CDT   SUNSET   712 PM CDT


-  INDICATES NEGATIVE NUMBERS.
R  INDICATES RECORD WAS SET OR TIED.
MM INDICATES DATA IS MISSING.
T  INDICATES TRACE AMOUNT.




$$
