000
CDUS43 KDDC 160741
CLIDGC


CLIMATE REPORT
NATIONAL WEATHER SERVICE DODGE CITY KS
241 AM CDT WED AUG 16 2017


...................................

...THE DODGE CITY KS CLIMATE SUMMARY FOR AUGUST 15 2017...

CLIMATE NORMAL PERIOD 1981 TO 2010
CLIMATE RECORD PERIOD 1875 TO 2017


WEATHER ITEM   OBSERVED TIME   RECORD YEAR NORMAL DEPARTURE LAST
                VALUE   (LST)  VALUE       VALUE  FROM      YEAR
                                                  NORMAL
..................................................................
TEMPERATURE (F)
 YESTERDAY
  MAXIMUM         90    453 PM 107    1983  91     -1       93
  MINIMUM         69    620 AM  52    1979  66      3       64
  AVERAGE         80                        78      2       79

PRECIPITATION (IN)
  YESTERDAY        0.00          2.63 1938   0.09  -0.09     0.00
  MONTH TO DATE    0.94                      1.42  -0.48     1.06
  SINCE JUN 1      6.22                      7.74  -1.52     9.07
  SINCE JAN 1     23.65                     15.26   8.39    20.19

SNOWFALL (IN)
  YESTERDAY        0.0           0.0  2002   0.0    0.0      0.0
                                      2001
  MONTH TO DATE    0.0                       0.0    0.0      0.0
  SINCE JUN 1      0.0                       0.0    0.0      0.0
  SINCE JUL 1      0.0                       0.0    0.0      0.0
  SNOW DEPTH       0

DEGREE DAYS
 HEATING
  YESTERDAY        0                         0      0        0
  MONTH TO DATE    0                         0      0        0
  SINCE JUN 1      0                        14    -14        1
  SINCE JUL 1      0                         1     -1        0

 COOLING
  YESTERDAY       15                        14      1       14
  MONTH TO DATE  150                       214    -64      212
  SINCE JUN 1    961                       944     17     1039
  SINCE JAN 1   1063                      1053     10     1097
..................................................................


WIND (MPH)
  HIGHEST WIND SPEED    25   HIGHEST WIND DIRECTION     S (160)
  HIGHEST GUST SPEED    33   HIGHEST GUST DIRECTION     S (160)
  AVERAGE WIND SPEED    14.1


SKY COVER
  POSSIBLE SUNSHINE  MM
  AVERAGE SKY COVER 0.1


WEATHER CONDITIONS
 THE FOLLOWING WEATHER WAS RECORDED YESTERDAY.
  NO SIGNIFICANT WEATHER WAS OBSERVED.


RELATIVE HUMIDITY (PERCENT)
 HIGHEST    90           200 AM
 LOWEST     37           400 PM
 AVERAGE    64

..........................................................


THE DODGE CITY KS CLIMATE NORMALS FOR TODAY
                         NORMAL    RECORD    YEAR
 MAXIMUM TEMPERATURE (F)   91       106      1983
 MINIMUM TEMPERATURE (F)   66        55      1919
                                             1879


SUNRISE AND SUNSET
AUGUST 16 2017........SUNRISE   657 AM CDT   SUNSET   831 PM CDT
AUGUST 17 2017........SUNRISE   657 AM CDT   SUNSET   830 PM CDT


-  INDICATES NEGATIVE NUMBERS.
R  INDICATES RECORD WAS SET OR TIED.
MM INDICATES DATA IS MISSING.
T  INDICATES TRACE AMOUNT.




$$
