794
CDUS43 KDDC 170708
CLIDGC


CLIMATE REPORT
NATIONAL WEATHER SERVICE DODGE CITY KS
105 AM CST FRI FEB 17 2017


...................................

...THE DODGE CITY KS CLIMATE SUMMARY FOR FEBRUARY 16 2017...

CLIMATE NORMAL PERIOD 1981 TO 2010
CLIMATE RECORD PERIOD 1875 TO 2017


WEATHER ITEM   OBSERVED TIME   RECORD YEAR NORMAL DEPARTURE LAST
                VALUE   (LST)  VALUE       VALUE  FROM      YEAR
                                                  NORMAL
..................................................................
TEMPERATURE (F)
 YESTERDAY
  MAXIMUM         75    401 PM  80    2011  49     26       55
  MINIMUM         33    801 AM -18    1903  24      9       32
  AVERAGE         54                        36     18       44

PRECIPITATION (IN)
  YESTERDAY        0.00          0.59 1938   0.03  -0.03     0.00
  MONTH TO DATE    0.01                      0.37  -0.36     0.31
  SINCE DEC 1      3.19                      1.79   1.40     3.02
  SINCE JAN 1      2.57                      0.95   1.62     0.59

SNOWFALL (IN)
  YESTERDAY        0.0           3.4  1975   0.1   -0.1      0.0
  MONTH TO DATE    0.0                       2.4   -2.4      0.1
  SINCE DEC 1      5.0                      11.4   -6.4      8.9
  SINCE JUL 1      5.0                      13.6   -8.6     10.0
  SNOW DEPTH       0

DEGREE DAYS
 HEATING
  YESTERDAY       11                        29    -18       21
  MONTH TO DATE  375                       489   -114      458
  SINCE DEC 1   2425                      2507    -82     2305
  SINCE JUL 1   3021                      3521   -500     3135

 COOLING
  YESTERDAY        0                         0      0        0
  MONTH TO DATE    0                         0      0        0
  SINCE DEC 1      0                         0      0        0
  SINCE JAN 1      0                         0      0        0
..................................................................


WIND (MPH)
  HIGHEST WIND SPEED    16   HIGHEST WIND DIRECTION    SW (210)
  HIGHEST GUST SPEED    23   HIGHEST GUST DIRECTION    SW (230)
  AVERAGE WIND SPEED    10.5


SKY COVER
  POSSIBLE SUNSHINE  MM
  AVERAGE SKY COVER 0.0


WEATHER CONDITIONS
 THE FOLLOWING WEATHER WAS RECORDED YESTERDAY.
  NO SIGNIFICANT WEATHER WAS OBSERVED.


RELATIVE HUMIDITY (PERCENT)
 HIGHEST    64           400 AM
 LOWEST     11           300 PM
 AVERAGE    38

..........................................................


THE DODGE CITY KS CLIMATE NORMALS FOR TODAY
                         NORMAL    RECORD    YEAR
 MAXIMUM TEMPERATURE (F)   49        85      1970
 MINIMUM TEMPERATURE (F)   24        -8      1903


SUNRISE AND SUNSET
FEBRUARY 17 2017......SUNRISE   727 AM CST   SUNSET   621 PM CST
FEBRUARY 18 2017......SUNRISE   725 AM CST   SUNSET   622 PM CST


-  INDICATES NEGATIVE NUMBERS.
R  INDICATES RECORD WAS SET OR TIED.
MM INDICATES DATA IS MISSING.
T  INDICATES TRACE AMOUNT.




$$
