000
CDUS43 KDDC 301435
CLIDGC


CLIMATE REPORT
NATIONAL WEATHER SERVICE DODGE CITY KS
933 AM CDT THU JUL 30 2015


...................................

...THE DODGE CITY KS CLIMATE SUMMARY FOR JULY 30 2015...
VALID AS OF 0800 AM LOCAL TIME.

CLIMATE NORMAL PERIOD 1981 TO 2010
CLIMATE RECORD PERIOD 1875 TO 2015


WEATHER ITEM   OBSERVED TIME   RECORD YEAR NORMAL DEPARTURE LAST
                VALUE   (LST)  VALUE       VALUE  FROM      YEAR
                                                  NORMAL
..................................................................
TEMPERATURE (F)
 TODAY
  MAXIMUM         70    759 AM 106    1980  93    -23       71
                                      1934
  MINIMUM         68    648 AM  53    1971  67      1       57
                                      1889
  AVERAGE         69                        80    -11       64

PRECIPITATION (IN)
  TODAY            0.00          1.37 2014   0.10  -0.10     1.37
  MONTH TO DATE    2.14                      2.98  -0.84     3.01
  SINCE JUN 1      4.22                      6.22  -2.00    12.10
  SINCE JAN 1     17.94                     13.74   4.20    15.62

SNOWFALL (IN)
  TODAY            0.0           0.0  2001   0.0    0.0      0.0
  MONTH TO DATE    0.0                       0.0    0.0      0.0
  SINCE JUN 1      0.0                       0.0    0.0      0.0
  SINCE JUL 1      0.0                       0.0    0.0      0.0
  SNOW DEPTH       0

..................................................................


WIND (MPH)
  HIGHEST WIND SPEED     8   HIGHEST WIND DIRECTION     E (90)
  HIGHEST GUST SPEED    10   HIGHEST GUST DIRECTION     E (80)
  AVERAGE WIND SPEED     4.7



WEATHER CONDITIONS
 THE FOLLOWING WEATHER WAS RECORDED TODAY.
  FOG


RELATIVE HUMIDITY (PERCENT)
 HIGHEST    93           500 AM
 LOWEST     84           400 AM

..........................................................


THE DODGE CITY KS CLIMATE NORMALS FOR TOMORROW
                         NORMAL    RECORD    YEAR
 MAXIMUM TEMPERATURE (F)   93       109      1934
 MINIMUM TEMPERATURE (F)   67        50      1925


SUNRISE AND SUNSET
JULY 30 2015..........SUNRISE   642 AM CDT   SUNSET   851 PM CDT
JULY 31 2015..........SUNRISE   642 AM CDT   SUNSET   850 PM CDT


-  INDICATES NEGATIVE NUMBERS.
R  INDICATES RECORD WAS SET OR TIED.
MM INDICATES DATA IS MISSING.
T  INDICATES TRACE AMOUNT.




$$
