000
CDUS43 KDDC 232326
CLIDGC


CLIMATE REPORT
NATIONAL WEATHER SERVICE DODGE CITY KS
625 PM CDT MON MAR 23 2015


...................................

...THE DODGE CITY KS CLIMATE SUMMARY FOR MARCH 23 2015...
VALID TODAY AS OF 0500 PM LOCAL TIME.

CLIMATE NORMAL PERIOD 1981 TO 2010
CLIMATE RECORD PERIOD 1875 TO 2015


WEATHER ITEM   OBSERVED TIME   RECORD YEAR NORMAL DEPARTURE LAST
                VALUE   (LST)  VALUE       VALUE  FROM      YEAR
                                                  NORMAL
..................................................................
TEMPERATURE (F)
 TODAY
  MAXIMUM         63    443 PM  88    1910  60      3       44
  MINIMUM         39    702 AM   8    1898  33      6       18
  AVERAGE         51                        46      5       31

PRECIPITATION (IN)
  TODAY            0.00          2.05 1973   0.06  -0.06     0.00
  MONTH TO DATE    0.27                      1.10  -0.83     0.26
  SINCE MAR 1      0.27                      1.10  -0.83     0.26
  SINCE JAN 1      1.57                      2.36  -0.79     1.10

SNOWFALL (IN)
  TODAY            0.0           9.3  1957   0.1   -0.1      0.0
  MONTH TO DATE    T                         3.7   -3.7      4.4
  SINCE MAR 1      T                         3.7   -3.7      4.4
  SINCE JUL 1     21.4                      18.8    2.6     28.9
  SNOW DEPTH       0

DEGREE DAYS
 HEATING
  TODAY           14                        19     -5       34
  MONTH TO DATE  422                       502    -80      607
  SINCE MAR 1    422                       502    -80      607
  SINCE JUL 1   4170                      4349   -179     4764

 COOLING
  TODAY            0                         0      0        0
  MONTH TO DATE    0                         0      0        0
  SINCE MAR 1      0                         0      0        0
  SINCE JAN 1      0                         0      0        0
..................................................................


WIND (MPH)
  HIGHEST WIND SPEED    21   HIGHEST WIND DIRECTION    NE (40)
  HIGHEST GUST SPEED    25   HIGHEST GUST DIRECTION    NE (30)
  AVERAGE WIND SPEED    13.7


SKY COVER
  POSSIBLE SUNSHINE  MM
  AVERAGE SKY COVER 0.2


WEATHER CONDITIONS
 THE FOLLOWING WEATHER WAS RECORDED TODAY.
  NO SIGNIFICANT WEATHER WAS OBSERVED.


RELATIVE HUMIDITY (PERCENT)
 HIGHEST    55           200 PM
 LOWEST     38          1100 AM
 AVERAGE    47

..........................................................


THE DODGE CITY KS CLIMATE NORMALS FOR TOMORROW
                         NORMAL    RECORD    YEAR
 MAXIMUM TEMPERATURE (F)   60        86      1907
 MINIMUM TEMPERATURE (F)   33        10      1965


SUNRISE AND SUNSET
MARCH 23 2015.........SUNRISE   739 AM CDT   SUNSET   754 PM CDT
MARCH 24 2015.........SUNRISE   738 AM CDT   SUNSET   755 PM CDT


-  INDICATES NEGATIVE NUMBERS.
R  INDICATES RECORD WAS SET OR TIED.
MM INDICATES DATA IS MISSING.
T  INDICATES TRACE AMOUNT.




$$
