000
CDUS43 KDDC 190706
CLIDGC


CLIMATE REPORT
NATIONAL WEATHER SERVICE DODGE CITY KS
206 AM CDT MON SEP 19 2016


...................................

...THE DODGE CITY KS CLIMATE SUMMARY FOR SEPTEMBER 18 2016...

CLIMATE NORMAL PERIOD 1981 TO 2010
CLIMATE RECORD PERIOD 1875 TO 2016


WEATHER ITEM   OBSERVED TIME   RECORD YEAR NORMAL DEPARTURE LAST
                VALUE   (LST)  VALUE       VALUE  FROM      YEAR
                                                  NORMAL
..................................................................
TEMPERATURE (F)
 YESTERDAY
  MAXIMUM         91    457 PM 101    1997  82      9       78
  MINIMUM         56    404 AM  40    1912  55      1       51
  AVERAGE         74                        68      6       65

PRECIPITATION (IN)
  YESTERDAY        0.00          1.25 1996   0.05  -0.05     0.00
  MONTH TO DATE    0.29                      1.10  -0.81     0.79
  SINCE SEP 1      0.29                      1.10  -0.81     0.79
  SINCE JAN 1     22.30                     17.69   4.61    20.48

SNOWFALL (IN)
  YESTERDAY        0.0           0.0  2002   0.0    0.0      0.0
                                      2001
  MONTH TO DATE    0.0                       0.0    0.0      0.0
  SINCE SEP 1      0.0                       0.0    0.0      0.0
  SINCE JUL 1      0.0                       0.0    0.0      0.0
  SNOW DEPTH       0

DEGREE DAYS
 HEATING
  YESTERDAY        0                         2     -2        0
  MONTH TO DATE    6                        18    -12        0
  SINCE SEP 1      6                        18    -12        0
  SINCE JUL 1      6                        22    -16        2

 COOLING
  YESTERDAY        9                         5      4        0
  MONTH TO DATE  153                       140     13      228
  SINCE SEP 1    153                       140     13      228
  SINCE JAN 1   1407                      1386     21     1426
..................................................................


WIND (MPH)
  HIGHEST WIND SPEED    15   HIGHEST WIND DIRECTION     S (170)
  HIGHEST GUST SPEED    19   HIGHEST GUST DIRECTION     S (180)
  AVERAGE WIND SPEED     7.7


SKY COVER
  POSSIBLE SUNSHINE  MM
  AVERAGE SKY COVER 0.1


WEATHER CONDITIONS
 THE FOLLOWING WEATHER WAS RECORDED YESTERDAY.
  FOG
  FOG W/VISIBILITY <= 1/4 MILE
  HAZE


RELATIVE HUMIDITY (PERCENT)
 HIGHEST   100           200 AM
 LOWEST     24           500 PM
 AVERAGE    62

..........................................................


THE DODGE CITY KS CLIMATE NORMALS FOR TODAY
                         NORMAL    RECORD    YEAR
 MAXIMUM TEMPERATURE (F)   81       102      1980
 MINIMUM TEMPERATURE (F)   55        37      2003


SUNRISE AND SUNSET
SEPTEMBER 19 2016.....SUNRISE   726 AM CDT   SUNSET   741 PM CDT
SEPTEMBER 20 2016.....SUNRISE   726 AM CDT   SUNSET   739 PM CDT


-  INDICATES NEGATIVE NUMBERS.
R  INDICATES RECORD WAS SET OR TIED.
MM INDICATES DATA IS MISSING.
T  INDICATES TRACE AMOUNT.




$$
