000
CDUS43 KDDC 120707
CLIDGC


CLIMATE REPORT
NATIONAL WEATHER SERVICE DODGE CITY KS
106 AM CST SUN MAR 12 2017


...................................

...THE DODGE CITY KS CLIMATE SUMMARY FOR MARCH 11 2017...

CLIMATE NORMAL PERIOD 1981 TO 2010
CLIMATE RECORD PERIOD 1875 TO 2017


WEATHER ITEM   OBSERVED TIME   RECORD YEAR NORMAL DEPARTURE LAST
                VALUE   (LST)  VALUE       VALUE  FROM      YEAR
                                                  NORMAL
..................................................................
TEMPERATURE (F)
 YESTERDAY
  MAXIMUM         47    406 PM  89    1989  56     -9       68
  MINIMUM         26    519 AM -15    1948  30     -4       35
  AVERAGE         37                        43     -6       52

PRECIPITATION (IN)
  YESTERDAY        0.00          0.86 1927   0.05  -0.05     0.00
  MONTH TO DATE    0.00                      0.45  -0.45      T
  SINCE MAR 1      0.00                      0.45  -0.45      T
  SINCE JAN 1      2.57                      1.71   0.86     0.59

SNOWFALL (IN)
  YESTERDAY        0.0           3.8  1909   0.2   -0.2      0.0
  MONTH TO DATE    0.0                       1.7   -1.7      0.0
  SINCE MAR 1      0.0                       1.7   -1.7      0.0
  SINCE JUL 1      5.0                      16.8  -11.8     10.0
  SNOW DEPTH       0

DEGREE DAYS
 HEATING
  YESTERDAY       28                        22      6       13
  MONTH TO DATE  197                       260    -63      154
  SINCE MAR 1    197                       260    -63      154
  SINCE JUL 1   3431                      4107   -676     3516

 COOLING
  YESTERDAY        0                         0      0        0
  MONTH TO DATE    0                         0      0        0
  SINCE MAR 1      0                         0      0        0
  SINCE JAN 1      0                         0      0        2
..................................................................


WIND (MPH)
  HIGHEST WIND SPEED    20   HIGHEST WIND DIRECTION    NE (30)
  HIGHEST GUST SPEED    26   HIGHEST GUST DIRECTION    NE (30)
  AVERAGE WIND SPEED     9.4


SKY COVER
  POSSIBLE SUNSHINE  MM
  AVERAGE SKY COVER 0.6


WEATHER CONDITIONS
 THE FOLLOWING WEATHER WAS RECORDED YESTERDAY.
  NO SIGNIFICANT WEATHER WAS OBSERVED.


RELATIVE HUMIDITY (PERCENT)
 HIGHEST    82          1000 PM
 LOWEST     37           100 PM
 AVERAGE    60

..........................................................


THE DODGE CITY KS CLIMATE NORMALS FOR TODAY
                         NORMAL    RECORD    YEAR
 MAXIMUM TEMPERATURE (F)   57        87      1916
 MINIMUM TEMPERATURE (F)   30        -2      1948


SUNRISE AND SUNSET
MARCH 12 2017.........SUNRISE   755 AM CDT   SUNSET   745 PM CDT
MARCH 13 2017.........SUNRISE   754 AM CDT   SUNSET   745 PM CDT


-  INDICATES NEGATIVE NUMBERS.
R  INDICATES RECORD WAS SET OR TIED.
MM INDICATES DATA IS MISSING.
T  INDICATES TRACE AMOUNT.




$$
