000
CDUS43 KDDC 070708
CLIDGC


CLIMATE REPORT
NATIONAL WEATHER SERVICE DODGE CITY KS
208 AM CDT SAT OCT 7 2017


...................................

...THE DODGE CITY KS CLIMATE SUMMARY FOR OCTOBER 6 2017...

CLIMATE NORMAL PERIOD 1981 TO 2010
CLIMATE RECORD PERIOD 1875 TO 2017


WEATHER ITEM   OBSERVED TIME   RECORD YEAR NORMAL DEPARTURE LAST
                VALUE   (LST)  VALUE       VALUE  FROM      YEAR
                                                  NORMAL
..................................................................
TEMPERATURE (F)
 YESTERDAY
  MAXIMUM         88    303 PM  93    1931  74     14       80
  MINIMUM         56   1159 PM  30    2001  47      9       39
  AVERAGE         72                        60     12       60

PRECIPITATION (IN)
  YESTERDAY        0.24          1.50 1882   0.06   0.18     0.00
  MONTH TO DATE    0.37                      0.34   0.03     0.00
  SINCE SEP 1      1.91                      2.01  -0.10     0.31
  SINCE JAN 1     25.56                     18.60   6.96    22.32

SNOWFALL (IN)
  YESTERDAY        0.0           0.0  2002   0.0    0.0      0.0
                                      2001
  MONTH TO DATE    0.0                       0.0    0.0      0.0
  SINCE SEP 1      0.0                       0.0    0.0      0.0
  SINCE JUL 1      0.0                       0.0    0.0      0.0
  SNOW DEPTH       0

DEGREE DAYS
 HEATING
  YESTERDAY        0                         6     -6        5
  MONTH TO DATE    5                        34    -29       13
  SINCE SEP 1     35                        95    -60       39
  SINCE JUL 1     35                        99    -64       39

 COOLING
  YESTERDAY        7                         2      5        0
  MONTH TO DATE   30                        13     17       19
  SINCE SEP 1    277                       200     77      261
  SINCE JAN 1   1509                      1446     63     1515
..................................................................


WIND (MPH)
  HIGHEST WIND SPEED    38   HIGHEST WIND DIRECTION    NW (320)
  HIGHEST GUST SPEED    50   HIGHEST GUST DIRECTION     N (350)
  AVERAGE WIND SPEED    15.7


SKY COVER
  POSSIBLE SUNSHINE  MM
  AVERAGE SKY COVER 0.5


WEATHER CONDITIONS
 THE FOLLOWING WEATHER WAS RECORDED YESTERDAY.
  THUNDERSTORM
  HEAVY RAIN
  RAIN
  LIGHT RAIN
  FOG
  HAZE


RELATIVE HUMIDITY (PERCENT)
 HIGHEST   100           300 AM
 LOWEST     48           300 PM
 AVERAGE    74

..........................................................


THE DODGE CITY KS CLIMATE NORMALS FOR TODAY
                         NORMAL    RECORD    YEAR
 MAXIMUM TEMPERATURE (F)   73        91      1979
                                             1961
                                             1949
 MINIMUM TEMPERATURE (F)   47        27      2000


SUNRISE AND SUNSET
OCTOBER  7 2017.......SUNRISE   741 AM CDT   SUNSET   713 PM CDT
OCTOBER  8 2017.......SUNRISE   742 AM CDT   SUNSET   712 PM CDT


-  INDICATES NEGATIVE NUMBERS.
R  INDICATES RECORD WAS SET OR TIED.
MM INDICATES DATA IS MISSING.
T  INDICATES TRACE AMOUNT.




$$
