000
CDUS43 KDDC 242331
CLIDGC


CLIMATE REPORT
NATIONAL WEATHER SERVICE DODGE CITY KS
530 PM CST THU NOV 24 2016


...................................

...THE DODGE CITY KS CLIMATE SUMMARY FOR NOVEMBER 24 2016...
VALID TODAY AS OF 0500 PM LOCAL TIME.

CLIMATE NORMAL PERIOD 1981 TO 2010
CLIMATE RECORD PERIOD 1875 TO 2016


WEATHER ITEM   OBSERVED TIME   RECORD YEAR NORMAL DEPARTURE LAST
                VALUE   (LST)  VALUE       VALUE  FROM      YEAR
                                                  NORMAL
..................................................................
TEMPERATURE (F)
 TODAY
  MAXIMUM         61    343 PM  80    1990  51     10       61
  MINIMUM         36    402 AM   5    1938  26     10       33
  AVERAGE         49                        39     10       47

PRECIPITATION (IN)
  TODAY            0.00          0.56 1992   0.02  -0.02     0.00
  MONTH TO DATE    0.36                      0.63  -0.27     1.21
  SINCE SEP 1      0.76                      4.04  -3.28     5.44
  SINCE JAN 1     22.77                     20.63   2.14    25.13

SNOWFALL (IN)
  TODAY            0.0          12.1  1992   0.1   -0.1      0.0
  MONTH TO DATE    0.0                       1.2   -1.2      0.1
  SINCE SEP 1      0.0                       1.6   -1.6      0.1
  SINCE JUL 1      0.0                       1.6   -1.6      0.1
  SNOW DEPTH       0

DEGREE DAYS
 HEATING
  TODAY           16                        26    -10       18
  MONTH TO DATE  319                       492   -173      398
  SINCE SEP 1    467                       844   -377      622
  SINCE JUL 1    467                       848   -381      624

 COOLING
  TODAY            0                         0      0        0
  MONTH TO DATE    0                         0      0        0
  SINCE SEP 1    326                       216    110      314
  SINCE JAN 1   1580                      1462    118     1512
..................................................................


WIND (MPH)
  HIGHEST WIND SPEED    28   HIGHEST WIND DIRECTION    NW (320)
  HIGHEST GUST SPEED    34   HIGHEST GUST DIRECTION    NW (320)
  AVERAGE WIND SPEED    16.6


SKY COVER
  POSSIBLE SUNSHINE  MM
  AVERAGE SKY COVER 0.0


WEATHER CONDITIONS
 THE FOLLOWING WEATHER WAS RECORDED TODAY.
  NO SIGNIFICANT WEATHER WAS OBSERVED.


RELATIVE HUMIDITY (PERCENT)
 HIGHEST    70           200 AM
 LOWEST     29           200 PM
 AVERAGE    50

..........................................................


THE DODGE CITY KS CLIMATE NORMALS FOR TOMORROW
                         NORMAL    RECORD    YEAR
 MAXIMUM TEMPERATURE (F)   51        82      1995
                                             1990
 MINIMUM TEMPERATURE (F)   26         3      1993


SUNRISE AND SUNSET
NOVEMBER 24 2016......SUNRISE   730 AM CST   SUNSET   523 PM CST
NOVEMBER 25 2016......SUNRISE   731 AM CST   SUNSET   523 PM CST


-  INDICATES NEGATIVE NUMBERS.
R  INDICATES RECORD WAS SET OR TIED.
MM INDICATES DATA IS MISSING.
T  INDICATES TRACE AMOUNT.




$$
