000
CDUS43 KDDC 080711
CLIDGC


CLIMATE REPORT
NATIONAL WEATHER SERVICE DODGE CITY KS
110 AM CST SUN JAN 8 2017


...................................

...THE DODGE CITY KS CLIMATE SUMMARY FOR JANUARY 7 2017...

CLIMATE NORMAL PERIOD 1981 TO 2010
CLIMATE RECORD PERIOD 1875 TO 2017


WEATHER ITEM   OBSERVED TIME   RECORD YEAR NORMAL DEPARTURE LAST
                VALUE   (LST)  VALUE       VALUE  FROM      YEAR
                                                  NORMAL
..................................................................
TEMPERATURE (F)
 YESTERDAY
  MAXIMUM         29    330 PM  79    2006  44    -15       42
  MINIMUM          0    655 AM -18    1912  20    -20       33
  AVERAGE         15                        32    -17       38

PRECIPITATION (IN)
  YESTERDAY        0.00          0.72 1937   0.01  -0.01     0.25
  MONTH TO DATE    0.15                      0.13   0.02     0.25
  SINCE DEC 1      0.77                      0.97  -0.20     2.68
  SINCE JAN 1      0.15                      0.13   0.02     0.25

SNOWFALL (IN)
  YESTERDAY        0.0           3.0  1944   0.1   -0.1      0.0
  MONTH TO DATE    2.5                       1.0    1.5      0.0
  SINCE DEC 1      4.8                       5.1   -0.3      8.1
  SINCE JUL 1      4.8                       7.3   -2.5      9.2
  SNOW DEPTH       0

DEGREE DAYS
 HEATING
  YESTERDAY       50                        33     17       27
  MONTH TO DATE  303                       231     72      217
  SINCE DEC 1   1380                      1231    149     1094
  SINCE JUL 1   1976                      2245   -269     1924

 COOLING
  YESTERDAY        0                         0      0        0
  MONTH TO DATE    0                         0      0        0
  SINCE DEC 1      0                         0      0        0
  SINCE JAN 1      0                         0      0        0
..................................................................


WIND (MPH)
  HIGHEST WIND SPEED    15   HIGHEST WIND DIRECTION    SE (150)
  HIGHEST GUST SPEED    18   HIGHEST GUST DIRECTION    SE (150)
  AVERAGE WIND SPEED     7.8


SKY COVER
  POSSIBLE SUNSHINE  MM
  AVERAGE SKY COVER 0.0


WEATHER CONDITIONS
 THE FOLLOWING WEATHER WAS RECORDED YESTERDAY.
  NO SIGNIFICANT WEATHER WAS OBSERVED.


RELATIVE HUMIDITY (PERCENT)
 HIGHEST    88           200 AM
 LOWEST     46           200 PM
 AVERAGE    67

..........................................................


THE DODGE CITY KS CLIMATE NORMALS FOR TODAY
                         NORMAL    RECORD    YEAR
 MAXIMUM TEMPERATURE (F)   44        74      2002
 MINIMUM TEMPERATURE (F)   20       -16      1886


SUNRISE AND SUNSET
JANUARY  8 2017.......SUNRISE   755 AM CST   SUNSET   538 PM CST
JANUARY  9 2017.......SUNRISE   755 AM CST   SUNSET   539 PM CST


-  INDICATES NEGATIVE NUMBERS.
R  INDICATES RECORD WAS SET OR TIED.
MM INDICATES DATA IS MISSING.
T  INDICATES TRACE AMOUNT.




$$
