050
CDUS43 KDDC 152326
CLIDGC


CLIMATE REPORT
NATIONAL WEATHER SERVICE DODGE CITY KS
625 PM CDT SAT JUL 15 2017


...................................

...THE DODGE CITY KS CLIMATE SUMMARY FOR JULY 15 2017...
VALID TODAY AS OF 0500 PM LOCAL TIME.

CLIMATE NORMAL PERIOD 1981 TO 2010
CLIMATE RECORD PERIOD 1875 TO 2017


WEATHER ITEM   OBSERVED TIME   RECORD YEAR NORMAL DEPARTURE LAST
                VALUE   (LST)  VALUE       VALUE  FROM      YEAR
                                                  NORMAL
..................................................................
TEMPERATURE (F)
 TODAY
  MAXIMUM         90   1222 PM 108    2011  93     -3       86
                                      1980
  MINIMUM         70    543 AM  53    2014  67      3       60
  AVERAGE         80                        80      0       73

PRECIPITATION (IN)
  TODAY            T             1.78 1948   0.11  -0.11     0.40
  MONTH TO DATE    1.73                      1.47   0.26     4.82
  SINCE JUN 1      4.85                      4.71   0.14     7.53
  SINCE JAN 1     22.28                     12.23  10.05    18.65

SNOWFALL (IN)
  TODAY            0.0           T    1994   0.0    0.0      0.0
  MONTH TO DATE    0.0                       0.0    0.0      0.0
  SINCE JUN 1      0.0                       0.0    0.0      0.0
  SINCE JUL 1      0.0                       0.0    0.0      0.0
  SNOW DEPTH       0

DEGREE DAYS
 HEATING
  TODAY            0                         0      0        0
  MONTH TO DATE    0                         0      0        0
  SINCE JUN 1      0                        13    -13        1
  SINCE JUL 1      0                         0      0        0

 COOLING
  TODAY           15                        15      0        8
  MONTH TO DATE  218                       213      5      212
  SINCE JUN 1    539                       491     48      563
  SINCE JAN 1    641                       600     41      621
..................................................................


WIND (MPH)
  HIGHEST WIND SPEED    23   HIGHEST WIND DIRECTION     E (100)
  HIGHEST GUST SPEED    32   HIGHEST GUST DIRECTION     E (100)
  AVERAGE WIND SPEED     5.3


SKY COVER
  POSSIBLE SUNSHINE  MM
  AVERAGE SKY COVER 0.3


WEATHER CONDITIONS
 THE FOLLOWING WEATHER WAS RECORDED TODAY.
  THUNDERSTORM
  LIGHT RAIN
  FOG


RELATIVE HUMIDITY (PERCENT)
 HIGHEST    97           500 AM
 LOWEST     53          1200 PM
 AVERAGE    75

..........................................................


THE DODGE CITY KS CLIMATE NORMALS FOR TOMORROW
                         NORMAL    RECORD    YEAR
 MAXIMUM TEMPERATURE (F)   93       108      2011
 MINIMUM TEMPERATURE (F)   67        51      1906


SUNRISE AND SUNSET
JULY 15 2017..........SUNRISE   630 AM CDT   SUNSET   901 PM CDT
JULY 16 2017..........SUNRISE   631 AM CDT   SUNSET   901 PM CDT


-  INDICATES NEGATIVE NUMBERS.
R  INDICATES RECORD WAS SET OR TIED.
MM INDICATES DATA IS MISSING.
T  INDICATES TRACE AMOUNT.




$$
