000
CDUS43 KDDC 130706
CLIDGC


CLIMATE REPORT
NATIONAL WEATHER SERVICE DODGE CITY KS
206 AM CDT WED SEP 13 2017


...................................

...THE DODGE CITY KS CLIMATE SUMMARY FOR SEPTEMBER 12 2017...

CLIMATE NORMAL PERIOD 1981 TO 2010
CLIMATE RECORD PERIOD 1875 TO 2017


WEATHER ITEM   OBSERVED TIME   RECORD YEAR NORMAL DEPARTURE LAST
                VALUE   (LST)  VALUE       VALUE  FROM      YEAR
                                                  NORMAL
..................................................................
TEMPERATURE (F)
 YESTERDAY
  MAXIMUM         90    425 PM 102    1984  84      6       91
  MINIMUM         56    640 AM  37    1902  58     -2       59
  AVERAGE         73                        71      2       75

PRECIPITATION (IN)
  YESTERDAY        0.00          2.15 1989   0.06  -0.06     0.00
  MONTH TO DATE    T                         0.79  -0.79     0.29
  SINCE SEP 1      T                         0.79  -0.79     0.29
  SINCE JAN 1     23.65                     17.38   6.27    22.30

SNOWFALL (IN)
  YESTERDAY        0.0           0.0  2002   0.0    0.0      0.0
                                      2001
  MONTH TO DATE    0.0                       0.0    0.0      0.0
  SINCE SEP 1      0.0                       0.0    0.0      0.0
  SINCE JUL 1      0.0                       0.0    0.0      0.0
  SNOW DEPTH       0

DEGREE DAYS
 HEATING
  YESTERDAY        0                         1     -1        0
  MONTH TO DATE    4                         8     -4        2
  SINCE SEP 1      4                         8     -4        2
  SINCE JUL 1      4                        12     -8        2

 COOLING
  YESTERDAY        8                         7      1       10
  MONTH TO DATE  104                       104      0      125
  SINCE SEP 1    104                       104      0      125
  SINCE JAN 1   1336                      1350    -14     1379
..................................................................


WIND (MPH)
  HIGHEST WIND SPEED    13   HIGHEST WIND DIRECTION    SE (130)
  HIGHEST GUST SPEED    17   HIGHEST GUST DIRECTION    SE (130)
  AVERAGE WIND SPEED     6.4


SKY COVER
  POSSIBLE SUNSHINE  MM
  AVERAGE SKY COVER 0.0


WEATHER CONDITIONS
 THE FOLLOWING WEATHER WAS RECORDED YESTERDAY.
  HAZE


RELATIVE HUMIDITY (PERCENT)
 HIGHEST    72           400 AM
 LOWEST     23           400 PM
 AVERAGE    48

..........................................................


THE DODGE CITY KS CLIMATE NORMALS FOR TODAY
                         NORMAL    RECORD    YEAR
 MAXIMUM TEMPERATURE (F)   84       100      1911
 MINIMUM TEMPERATURE (F)   57        35      2014


SUNRISE AND SUNSET
SEPTEMBER 13 2017.....SUNRISE   720 AM CDT   SUNSET   750 PM CDT
SEPTEMBER 14 2017.....SUNRISE   721 AM CDT   SUNSET   749 PM CDT


-  INDICATES NEGATIVE NUMBERS.
R  INDICATES RECORD WAS SET OR TIED.
MM INDICATES DATA IS MISSING.
T  INDICATES TRACE AMOUNT.




$$
