000
CDUS43 KDDC 180719
CLIDGC


CLIMATE REPORT
NATIONAL WEATHER SERVICE DODGE CITY KS
218 AM CDT WED MAY 18 2016


...................................

...THE DODGE CITY KS CLIMATE SUMMARY FOR MAY 17 2016...

CLIMATE NORMAL PERIOD 1981 TO 2010
CLIMATE RECORD PERIOD 1875 TO 2016


WEATHER ITEM   OBSERVED TIME   RECORD YEAR NORMAL DEPARTURE LAST
                VALUE   (LST)  VALUE       VALUE  FROM      YEAR
                                                  NORMAL
..................................................................
TEMPERATURE (F)
 YESTERDAY
  MAXIMUM         60    537 PM 103    1996  77    -17       79
  MINIMUM         45   1159 PM  35    1895  52     -7       50
  AVERAGE         53                        65    -12       65

PRECIPITATION (IN)
  YESTERDAY        0.03          1.56 1939   0.10  -0.07     0.00
  MONTH TO DATE    0.30                      1.42  -1.12     3.62
  SINCE MAR 1      8.42                      4.83   3.59     5.71
  SINCE JAN 1      9.01                      6.09   2.92     7.01

SNOWFALL (IN)
  YESTERDAY       MM             0.0  2002   0.0   MM        0.0
  MONTH TO DATE    0.0                       0.0    0.0      0.0
  SINCE MAR 1      0.4                       6.0   -5.6       T
  SINCE JUL 1     10.4                      21.1  -10.7     21.4
  SNOW DEPTH       0

DEGREE DAYS
 HEATING
  YESTERDAY       12                         3      9        0
  MONTH TO DATE  127                        84     43       63
  SINCE MAR 1    942                      1076   -134      824
  SINCE JUL 1   4304                      4923   -619     4572

 COOLING
  YESTERDAY        0                         3     -3        0
  MONTH TO DATE    5                        33    -28       36
  SINCE MAR 1     14                        52    -38       51
  SINCE JAN 1     16                        52    -36       51
..................................................................


WIND (MPH)
  HIGHEST WIND SPEED    28   HIGHEST WIND DIRECTION    NE (30)
  HIGHEST GUST SPEED    32   HIGHEST GUST DIRECTION    NE (30)
  AVERAGE WIND SPEED    15.4


SKY COVER
  POSSIBLE SUNSHINE  MM
  AVERAGE SKY COVER 0.8


WEATHER CONDITIONS
 THE FOLLOWING WEATHER WAS RECORDED YESTERDAY.
  LIGHT RAIN
  FOG


RELATIVE HUMIDITY (PERCENT)
 HIGHEST   100          1200 AM
 LOWEST     66           700 PM
 AVERAGE    83

..........................................................


THE DODGE CITY KS CLIMATE NORMALS FOR TODAY
                         NORMAL    RECORD    YEAR
 MAXIMUM TEMPERATURE (F)   78       102      2013
                                             1996
 MINIMUM TEMPERATURE (F)   52        35      1986


SUNRISE AND SUNSET
MAY 18 2016...........SUNRISE   627 AM CDT   SUNSET   846 PM CDT
MAY 19 2016...........SUNRISE   627 AM CDT   SUNSET   847 PM CDT


-  INDICATES NEGATIVE NUMBERS.
R  INDICATES RECORD WAS SET OR TIED.
MM INDICATES DATA IS MISSING.
T  INDICATES TRACE AMOUNT.




$$
