000
CDUS43 KDDC 161006
CLIDGC


CLIMATE REPORT
NATIONAL WEATHER SERVICE DODGE CITY KS
506 AM CDT THU OCT 16 2014


...................................

...THE DODGE CITY KS CLIMATE SUMMARY FOR OCTOBER 15 2014...

CLIMATE NORMAL PERIOD 1981 TO 2010
CLIMATE RECORD PERIOD 1875 TO 2014


WEATHER ITEM   OBSERVED TIME   RECORD YEAR NORMAL DEPARTURE LAST
                VALUE   (LST)  VALUE       VALUE  FROM      YEAR
                                                  NORMAL
..................................................................
TEMPERATURE (F)
 YESTERDAY
  MAXIMUM         78    422 PM  90    1908  70      8       57
  MINIMUM         40    656 AM  25    1876  44     -4       36
  AVERAGE         59                        57      2       47

PRECIPITATION (IN)
  YESTERDAY        0.00          2.38 1968   0.06  -0.06     0.00
  MONTH TO DATE    2.12                      0.86   1.26     0.61
  SINCE SEP 1      3.78                      2.53   1.25     1.73
  SINCE JAN 1     22.01                     19.12   2.89    17.21

SNOWFALL (IN)
  YESTERDAY        0.0           T    1984   0.0    0.0      0.0
  MONTH TO DATE    0.0                       0.1   -0.1      0.0
  SINCE SEP 1      0.0                       0.1   -0.1      0.0
  SINCE JUL 1      0.0                       0.1   -0.1      0.0
  SNOW DEPTH       0

DEGREE DAYS
 HEATING
  YESTERDAY        6                         9     -3       18
  MONTH TO DATE   98                       104     -6       79
  SINCE SEP 1    147                       165    -18       95
  SINCE JUL 1    160                       169     -9       95

 COOLING
  YESTERDAY        0                         1     -1        0
  MONTH TO DATE   13                        23    -10       31
  SINCE SEP 1    207                       210     -3      277
  SINCE JAN 1   1452                      1456     -4     1641
..................................................................


WIND (MPH)
  HIGHEST WIND SPEED    21   HIGHEST WIND DIRECTION     S (170)
  HIGHEST GUST SPEED    25   HIGHEST GUST DIRECTION     S (190)
  AVERAGE WIND SPEED    12.0


SKY COVER
  POSSIBLE SUNSHINE  MM
  AVERAGE SKY COVER 0.0


WEATHER CONDITIONS
 THE FOLLOWING WEATHER WAS RECORDED YESTERDAY.
  HAZE


RELATIVE HUMIDITY (PERCENT)
 HIGHEST    79           600 AM
 LOWEST     24           200 PM
 AVERAGE    52

..........................................................


THE DODGE CITY KS CLIMATE NORMALS FOR TODAY
                         NORMAL    RECORD    YEAR
 MAXIMUM TEMPERATURE (F)   70        89      1991
 MINIMUM TEMPERATURE (F)   43        27      1976


SUNRISE AND SUNSET
OCTOBER 16 2014.......SUNRISE   749 AM CDT   SUNSET   701 PM CDT
OCTOBER 17 2014.......SUNRISE   750 AM CDT   SUNSET   700 PM CDT


-  INDICATES NEGATIVE NUMBERS.
R  INDICATES RECORD WAS SET OR TIED.
MM INDICATES DATA IS MISSING.
T  INDICATES TRACE AMOUNT.




$$
