000
CDUS43 KDDC 140705
CLIDGC


CLIMATE REPORT
NATIONAL WEATHER SERVICE DODGE CITY KS
205 AM CDT WED SEP 14 2016


...................................

...THE DODGE CITY KS CLIMATE SUMMARY FOR SEPTEMBER 13 2016...

CLIMATE NORMAL PERIOD 1981 TO 2010
CLIMATE RECORD PERIOD 1875 TO 2016


WEATHER ITEM   OBSERVED TIME   RECORD YEAR NORMAL DEPARTURE LAST
                VALUE   (LST)  VALUE       VALUE  FROM      YEAR
                                                  NORMAL
..................................................................
TEMPERATURE (F)
 YESTERDAY
  MAXIMUM         67    138 PM 100    1911  84    -17       91
  MINIMUM         55   1159 PM  35    2014  57     -2       56
  AVERAGE         61                        70     -9       74

PRECIPITATION (IN)
  YESTERDAY        0.00          1.80 1957   0.05  -0.05     0.00
  MONTH TO DATE    0.29                      0.84  -0.55     0.79
  SINCE SEP 1      0.29                      0.84  -0.55     0.79
  SINCE JAN 1     22.30                     17.43   4.87    20.48

SNOWFALL (IN)
  YESTERDAY        0.0           0.0  2002   0.0    0.0      0.0
                                      2001
  MONTH TO DATE    0.0                       0.0    0.0      0.0
  SINCE SEP 1      0.0                       0.0    0.0      0.0
  SINCE JUL 1      0.0                       0.0    0.0      0.0
  SNOW DEPTH       0

DEGREE DAYS
 HEATING
  YESTERDAY        4                         1      3        0
  MONTH TO DATE    6                         9     -3        0
  SINCE SEP 1      6                         9     -3        0
  SINCE JUL 1      6                        13     -7        2

 COOLING
  YESTERDAY        0                         7     -7        9
  MONTH TO DATE  125                       111     14      164
  SINCE SEP 1    125                       111     14      164
  SINCE JAN 1   1379                      1357     22     1362
..................................................................


WIND (MPH)
  HIGHEST WIND SPEED    18   HIGHEST WIND DIRECTION     N (20)
  HIGHEST GUST SPEED    26   HIGHEST GUST DIRECTION     N (360)
  AVERAGE WIND SPEED    11.8


SKY COVER
  POSSIBLE SUNSHINE  MM
  AVERAGE SKY COVER 0.9


WEATHER CONDITIONS
 THE FOLLOWING WEATHER WAS RECORDED YESTERDAY.
  FOG


RELATIVE HUMIDITY (PERCENT)
 HIGHEST   100           900 AM
 LOWEST     67           500 PM
 AVERAGE    84

..........................................................


THE DODGE CITY KS CLIMATE NORMALS FOR TODAY
                         NORMAL    RECORD    YEAR
 MAXIMUM TEMPERATURE (F)   83        99      1931
 MINIMUM TEMPERATURE (F)   57        38      1993


SUNRISE AND SUNSET
SEPTEMBER 14 2016.....SUNRISE   721 AM CDT   SUNSET   748 PM CDT
SEPTEMBER 15 2016.....SUNRISE   722 AM CDT   SUNSET   747 PM CDT


-  INDICATES NEGATIVE NUMBERS.
R  INDICATES RECORD WAS SET OR TIED.
MM INDICATES DATA IS MISSING.
T  INDICATES TRACE AMOUNT.




$$
