000
CDUS43 KDDC 251433
CLIDGC


CLIMATE REPORT
NATIONAL WEATHER SERVICE DODGE CITY KS
932 AM CDT THU SEP 25 2014


...................................

...THE DODGE CITY KS CLIMATE SUMMARY FOR SEPTEMBER 25 2014...
VALID AS OF 0800 AM LOCAL TIME.

CLIMATE NORMAL PERIOD 1981 TO 2010
CLIMATE RECORD PERIOD 1875 TO 2014


WEATHER ITEM   OBSERVED TIME   RECORD YEAR NORMAL DEPARTURE LAST
                VALUE   (LST)  VALUE       VALUE  FROM      YEAR
                                                  NORMAL
..................................................................
TEMPERATURE (F)
 TODAY
  MAXIMUM         66   1245 AM  98    1998  78    -12       90
  MINIMUM         57    631 AM  31    2000  52      5       49
  AVERAGE         62                        65     -3       70

PRECIPITATION (IN)
  TODAY            0.00          2.27 1915   0.04  -0.04     0.00
  MONTH TO DATE    1.66                      1.44   0.22     0.67
  SINCE SEP 1      1.66                      1.44   0.22     0.67
  SINCE JAN 1     19.89                     18.03   1.86    16.15

SNOWFALL (IN)
  TODAY            0.0           0.0    MM   0.0    0.0      0.0
  MONTH TO DATE    0.0                       0.0    0.0      0.0
  SINCE SEP 1      0.0                       0.0    0.0      0.0
  SINCE JUL 1      0.0                       0.0    0.0      0.0
  SNOW DEPTH       0

..................................................................


WIND (MPH)
  HIGHEST WIND SPEED    10   HIGHEST WIND DIRECTION    SW (210)
  HIGHEST GUST SPEED    13   HIGHEST GUST DIRECTION     S (200)
  AVERAGE WIND SPEED     7.8



WEATHER CONDITIONS
 THE FOLLOWING WEATHER WAS RECORDED TODAY.
  FOG
  HAZE


RELATIVE HUMIDITY (PERCENT)
 HIGHEST    93           600 AM
 LOWEST     78          1200 AM

..........................................................


THE DODGE CITY KS CLIMATE NORMALS FOR TOMORROW
                         NORMAL    RECORD    YEAR
 MAXIMUM TEMPERATURE (F)   78        98      1904
 MINIMUM TEMPERATURE (F)   51        31      1942


SUNRISE AND SUNSET
SEPTEMBER 25 2014.....SUNRISE   730 AM CDT   SUNSET   732 PM CDT
SEPTEMBER 26 2014.....SUNRISE   731 AM CDT   SUNSET   731 PM CDT


-  INDICATES NEGATIVE NUMBERS.
R  INDICATES RECORD WAS SET OR TIED.
MM INDICATES DATA IS MISSING.
T  INDICATES TRACE AMOUNT.




$$
