000
CDUS43 KDDC 301006
CLIDGC


CLIMATE REPORT
NATIONAL WEATHER SERVICE DODGE CITY KS
506 AM CDT TUE JUN 30 2015


...................................

...THE DODGE CITY KS CLIMATE SUMMARY FOR JUNE 29 2015...

CLIMATE NORMAL PERIOD 1981 TO 2010
CLIMATE RECORD PERIOD 1875 TO 2015


WEATHER ITEM   OBSERVED TIME   RECORD YEAR NORMAL DEPARTURE LAST
                VALUE   (LST)  VALUE       VALUE  FROM      YEAR
                                                  NORMAL
..................................................................
TEMPERATURE (F)
 YESTERDAY
  MAXIMUM         93    253 PM 110    1998  91      2       91
  MINIMUM         61    509 AM  50    1923  64     -3       71
  AVERAGE         77                        78     -1       81

PRECIPITATION (IN)
  YESTERDAY        0.00          1.84 1995   0.10  -0.10     0.00
  MONTH TO DATE    2.08                      3.15  -1.07     8.25
  SINCE JUN 1      2.08                      3.15  -1.07     8.25
  SINCE JAN 1     15.80                     10.67   5.13    11.77

SNOWFALL (IN)
  YESTERDAY        0.0           0.0  2001   0.0    0.0      0.0
  MONTH TO DATE    0.0                       0.0    0.0      0.0
  SINCE JUN 1      0.0                       0.0    0.0      0.0
  SINCE JUL 1     21.4                      21.1    0.3     31.1
  SNOW DEPTH       0

DEGREE DAYS
 HEATING
  YESTERDAY        0                         0      0        0
  MONTH TO DATE    0                        10    -10        7
  SINCE JUN 1      0                        10    -10        7
  SINCE JUL 1   4655                      4964   -309     5378

 COOLING
  YESTERDAY       12                        13     -1       16
  MONTH TO DATE  338                       266     72      269
  SINCE JUN 1    338                       266     72      269
  SINCE JAN 1    399                       375     24      441
..................................................................


WIND (MPH)
  HIGHEST WIND SPEED    17   HIGHEST WIND DIRECTION    NW (300)
  HIGHEST GUST SPEED    20   HIGHEST GUST DIRECTION    NW (310)
  AVERAGE WIND SPEED     6.0


SKY COVER
  POSSIBLE SUNSHINE  MM
  AVERAGE SKY COVER 0.0


WEATHER CONDITIONS
 THE FOLLOWING WEATHER WAS RECORDED YESTERDAY.
  NO SIGNIFICANT WEATHER WAS OBSERVED.


RELATIVE HUMIDITY (PERCENT)
 HIGHEST    72           500 AM
 LOWEST     24           300 PM
 AVERAGE    48

..........................................................


THE DODGE CITY KS CLIMATE NORMALS FOR TODAY
                         NORMAL    RECORD    YEAR
 MAXIMUM TEMPERATURE (F)   91       108      2011
 MINIMUM TEMPERATURE (F)   65        50      1902


SUNRISE AND SUNSET
JUNE 30 2015..........SUNRISE   621 AM CDT   SUNSET   906 PM CDT
JULY  1 2015..........SUNRISE   622 AM CDT   SUNSET   906 PM CDT


-  INDICATES NEGATIVE NUMBERS.
R  INDICATES RECORD WAS SET OR TIED.
MM INDICATES DATA IS MISSING.
T  INDICATES TRACE AMOUNT.




$$
