000
CDUS43 KDDC 102327
CLIDGC


CLIMATE REPORT
NATIONAL WEATHER SERVICE DODGE CITY KS
525 PM CST WED JAN 10 2018


...................................

...THE DODGE CITY KS CLIMATE SUMMARY FOR JANUARY 10 2018...
VALID TODAY AS OF 0500 PM LOCAL TIME.

CLIMATE NORMAL PERIOD 1981 TO 2010
CLIMATE RECORD PERIOD 1875 TO 2018


WEATHER ITEM   OBSERVED TIME   RECORD YEAR NORMAL DEPARTURE LAST
                VALUE   (LST)  VALUE       VALUE  FROM      YEAR
                                                  NORMAL
..................................................................
TEMPERATURE (F)
 TODAY
  MAXIMUM         74    100 PM  76    1911  44     30       58
  MINIMUM         42    644 AM  -7    1962  20     22       37
                                      1918
  AVERAGE         58                        32     26       48

PRECIPITATION (IN)
  TODAY            0.00          0.75 1905   0.02  -0.02     0.00
  MONTH TO DATE    0.00                      0.19  -0.19     0.15
  SINCE DEC 1      T                         1.03  -1.03     0.77
  SINCE JAN 1      0.00                      0.19  -0.19     0.15

SNOWFALL (IN)
  TODAY            0.0           6.7  1918   0.1   -0.1      0.0
  MONTH TO DATE    0.0                       1.4   -1.4      2.5
  SINCE DEC 1      T                         5.5   -5.5      4.8
  SINCE JUL 1      T                         7.7   -7.7      4.8
  SNOW DEPTH       0

DEGREE DAYS
 HEATING
  TODAY            7                        33    -26       17
  MONTH TO DATE  312                       330    -18      380
  SINCE DEC 1   1292                      1330    -38     1457
  SINCE JUL 1   2146                      2344   -198     2053

 COOLING
  TODAY            0                         0      0        0
  MONTH TO DATE    0                         0      0        0
  SINCE DEC 1      0                         0      0        0
  SINCE JAN 1      0                         0      0        0
..................................................................


WIND (MPH)
  HIGHEST WIND SPEED    26   HIGHEST WIND DIRECTION    SW (210)
  HIGHEST GUST SPEED    36   HIGHEST GUST DIRECTION    SW (210)
  AVERAGE WIND SPEED    15.8


SKY COVER
  POSSIBLE SUNSHINE  MM
  AVERAGE SKY COVER 0.0


WEATHER CONDITIONS
 THE FOLLOWING WEATHER WAS RECORDED TODAY.
  NO SIGNIFICANT WEATHER WAS OBSERVED.


RELATIVE HUMIDITY (PERCENT)
 HIGHEST    62           300 AM
 LOWEST     23           100 PM
 AVERAGE    43

..........................................................


THE DODGE CITY KS CLIMATE NORMALS FOR TOMORROW
                         NORMAL    RECORD    YEAR
 MAXIMUM TEMPERATURE (F)   44        70      2017
                                             2006
                                             1986
 MINIMUM TEMPERATURE (F)   20       -19      1918


SUNRISE AND SUNSET
JANUARY 10 2018.......SUNRISE   755 AM CST   SUNSET   540 PM CST
JANUARY 11 2018.......SUNRISE   755 AM CST   SUNSET   541 PM CST


-  INDICATES NEGATIVE NUMBERS.
R  INDICATES RECORD WAS SET OR TIED.
MM INDICATES DATA IS MISSING.
T  INDICATES TRACE AMOUNT.




$$
