000
CDUS43 KDDC 042332
CLIDGC


CLIMATE REPORT
NATIONAL WEATHER SERVICE DODGE CITY KS
632 PM CDT TUE AUG 4 2015


...................................

...THE DODGE CITY KS CLIMATE SUMMARY FOR AUGUST 4 2015...
VALID TODAY AS OF 0500 PM LOCAL TIME.

CLIMATE NORMAL PERIOD 1981 TO 2010
CLIMATE RECORD PERIOD 1875 TO 2015


WEATHER ITEM   OBSERVED TIME   RECORD YEAR NORMAL DEPARTURE LAST
                VALUE   (LST)  VALUE       VALUE  FROM      YEAR
                                                  NORMAL
..................................................................
TEMPERATURE (F)
 TODAY
  MAXIMUM         88    459 PM 108    2008  92     -4       91
  MINIMUM         68    628 AM  51    1880  67      1       64
  AVERAGE         78                        80     -2       78

PRECIPITATION (IN)
  TODAY            0.10          1.32 2013   0.09   0.01     0.00
  MONTH TO DATE    0.10                      0.38  -0.28     0.00
  SINCE JUN 1      4.32                      6.70  -2.38    12.10
  SINCE JAN 1     18.04                     14.22   3.82    15.62

SNOWFALL (IN)
  TODAY            0.0           0.0  2002   0.0    0.0      0.0
                                      2001
  MONTH TO DATE    0.0                       0.0    0.0      0.0
  SINCE JUN 1      0.0                       0.0    0.0      0.0
  SINCE JUL 1      0.0                       0.0    0.0      0.0
  SNOW DEPTH       0

DEGREE DAYS
 HEATING
  TODAY            0                         0      0        0
  MONTH TO DATE    0                         0      0        0
  SINCE JUN 1      1                        14    -13       20
  SINCE JUL 1      1                         1      0       13

 COOLING
  TODAY           13                        15     -2       13
  MONTH TO DATE   55                        60     -5       44
  SINCE JUN 1    854                       790     64      672
  SINCE JAN 1    915                       899     16      844
..................................................................


WIND (MPH)
  HIGHEST WIND SPEED    20   HIGHEST WIND DIRECTION     S (170)
  HIGHEST GUST SPEED    28   HIGHEST GUST DIRECTION    SE (150)
  AVERAGE WIND SPEED    11.4


SKY COVER
  POSSIBLE SUNSHINE  MM
  AVERAGE SKY COVER 0.2


WEATHER CONDITIONS
 THE FOLLOWING WEATHER WAS RECORDED TODAY.
  THUNDERSTORM
  LIGHT RAIN
  HAZE


RELATIVE HUMIDITY (PERCENT)
 HIGHEST    90           500 AM
 LOWEST     43           500 PM
 AVERAGE    67

..........................................................


THE DODGE CITY KS CLIMATE NORMALS FOR TOMORROW
                         NORMAL    RECORD    YEAR
 MAXIMUM TEMPERATURE (F)   92       105      2003
                                             1934
 MINIMUM TEMPERATURE (F)   67        52      2012


SUNRISE AND SUNSET
AUGUST  4 2015........SUNRISE   646 AM CDT   SUNSET   846 PM CDT
AUGUST  5 2015........SUNRISE   647 AM CDT   SUNSET   845 PM CDT


-  INDICATES NEGATIVE NUMBERS.
R  INDICATES RECORD WAS SET OR TIED.
MM INDICATES DATA IS MISSING.
T  INDICATES TRACE AMOUNT.




$$
