000
CDUS43 KDDC 052327
CLIDGC


CLIMATE REPORT
NATIONAL WEATHER SERVICE DODGE CITY KS
526 PM CST THU MAR 5 2015


...................................

...THE DODGE CITY KS CLIMATE SUMMARY FOR MARCH 5 2015...
VALID TODAY AS OF 0500 PM LOCAL TIME.

CLIMATE NORMAL PERIOD 1981 TO 2010
CLIMATE RECORD PERIOD 1875 TO 2015


WEATHER ITEM   OBSERVED TIME   RECORD YEAR NORMAL DEPARTURE LAST
                VALUE   (LST)  VALUE       VALUE  FROM      YEAR
                                                  NORMAL
..................................................................
TEMPERATURE (F)
 TODAY
  MAXIMUM         47    453 PM  86    1916  54     -7       36
                                      1910
  MINIMUM         16    148 AM  -3    1960  28    -12       23
  AVERAGE         32                        41     -9       30

PRECIPITATION (IN)
  TODAY            0.00          1.51 1876   0.05  -0.05     0.05
  MONTH TO DATE    T                         0.19  -0.19     0.24
  SINCE MAR 1      T                         0.19  -0.19     0.24
  SINCE JAN 1      1.30                      1.45  -0.15     1.08

SNOWFALL (IN)
  TODAY            0.0           3.0  1941   0.1   -0.1      0.3
  MONTH TO DATE    T                         0.7   -0.7      3.6
  SINCE MAR 1      T                         0.7   -0.7      3.6
  SINCE JUL 1     21.4                      15.8    5.6     28.1
  SNOW DEPTH       0

DEGREE DAYS
 HEATING
  TODAY           33                        24      9       35
  MONTH TO DATE  180                       123     57      241
  SINCE MAR 1    180                       123     57      241
  SINCE JUL 1   3928                      3970    -42     4398

 COOLING
  TODAY            0                         0      0        0
  MONTH TO DATE    0                         0      0        0
  SINCE MAR 1      0                         0      0        0
  SINCE JAN 1      0                         0      0        0
..................................................................


WIND (MPH)
  HIGHEST WIND SPEED    16   HIGHEST WIND DIRECTION     W (260)
  HIGHEST GUST SPEED    19   HIGHEST GUST DIRECTION    SW (230)
  AVERAGE WIND SPEED     9.9


SKY COVER
  POSSIBLE SUNSHINE  MM
  AVERAGE SKY COVER 0.0


WEATHER CONDITIONS
 THE FOLLOWING WEATHER WAS RECORDED TODAY.
  NO SIGNIFICANT WEATHER WAS OBSERVED.


RELATIVE HUMIDITY (PERCENT)
 HIGHEST    74           700 AM
 LOWEST     17           500 PM
 AVERAGE    46

..........................................................


THE DODGE CITY KS CLIMATE NORMALS FOR TOMORROW
                         NORMAL    RECORD    YEAR
 MAXIMUM TEMPERATURE (F)   55        88      1925
 MINIMUM TEMPERATURE (F)   28        -5      1943


SUNRISE AND SUNSET
MARCH  5 2015.........SUNRISE   706 AM CST   SUNSET   637 PM CST
MARCH  6 2015.........SUNRISE   705 AM CST   SUNSET   638 PM CST


-  INDICATES NEGATIVE NUMBERS.
R  INDICATES RECORD WAS SET OR TIED.
MM INDICATES DATA IS MISSING.
T  INDICATES TRACE AMOUNT.




$$
