000
CDUS43 KDDC 202326
CLIDGC


CLIMATE REPORT
NATIONAL WEATHER SERVICE DODGE CITY KS
625 PM CDT WED SEP 20 2017


...................................

...THE DODGE CITY KS CLIMATE SUMMARY FOR SEPTEMBER 20 2017...
VALID TODAY AS OF 0500 PM LOCAL TIME.

CLIMATE NORMAL PERIOD 1981 TO 2010
CLIMATE RECORD PERIOD 1875 TO 2017


WEATHER ITEM   OBSERVED TIME   RECORD YEAR NORMAL DEPARTURE LAST
                VALUE   (LST)  VALUE       VALUE  FROM      YEAR
                                                  NORMAL
..................................................................
TEMPERATURE (F)
 TODAY
  MAXIMUM         87    342 PM  98    2016  81      6       98
  MINIMUM         53    658 AM  35    1901  54     -1       67
  AVERAGE         70                        67      3       83

PRECIPITATION (IN)
  TODAY            0.00          1.52 1965   0.05  -0.05     0.00
  MONTH TO DATE    0.08                      1.21  -1.13     0.29
  SINCE SEP 1      0.08                      1.21  -1.13     0.29
  SINCE JAN 1     23.73                     17.80   5.93    22.30

SNOWFALL (IN)
  TODAY            0.0           0.0  2002   0.0    0.0      0.0
                                      2001
  MONTH TO DATE    0.0                       0.0    0.0      0.0
  SINCE SEP 1      0.0                       0.0    0.0      0.0
  SINCE JUL 1      0.0                       0.0    0.0      0.0
  SNOW DEPTH       0

DEGREE DAYS
 HEATING
  TODAY            0                         3     -3        0
  MONTH TO DATE    7                        23    -16        6
  SINCE SEP 1      7                        23    -16        6
  SINCE JUL 1      7                        27    -20        6

 COOLING
  TODAY            5                         5      0       18
  MONTH TO DATE  189                       150     39      185
  SINCE SEP 1    189                       150     39      185
  SINCE JAN 1   1421                      1396     25     1439
..................................................................


WIND (MPH)
  HIGHEST WIND SPEED    22   HIGHEST WIND DIRECTION     N (20)
  HIGHEST GUST SPEED    30   HIGHEST GUST DIRECTION     N (20)
  AVERAGE WIND SPEED    14.3


SKY COVER
  POSSIBLE SUNSHINE  MM
  AVERAGE SKY COVER 0.0


WEATHER CONDITIONS
 THE FOLLOWING WEATHER WAS RECORDED TODAY.
  NO SIGNIFICANT WEATHER WAS OBSERVED.


RELATIVE HUMIDITY (PERCENT)
 HIGHEST    68           100 AM
 LOWEST     22           100 PM
 AVERAGE    45

..........................................................


THE DODGE CITY KS CLIMATE NORMALS FOR TOMORROW
                         NORMAL    RECORD    YEAR
 MAXIMUM TEMPERATURE (F)   80       100      2005
 MINIMUM TEMPERATURE (F)   54        32      1995


SUNRISE AND SUNSET
SEPTEMBER 20 2017.....SUNRISE   726 AM CDT   SUNSET   739 PM CDT
SEPTEMBER 21 2017.....SUNRISE   727 AM CDT   SUNSET   738 PM CDT


-  INDICATES NEGATIVE NUMBERS.
R  INDICATES RECORD WAS SET OR TIED.
MM INDICATES DATA IS MISSING.
T  INDICATES TRACE AMOUNT.




$$
