000
CDUS43 KDDC 211006
CLIDGC


CLIMATE REPORT
NATIONAL WEATHER SERVICE DODGE CITY KS
506 AM CDT SUN SEP 21 2014


...................................

...THE DODGE CITY KS CLIMATE SUMMARY FOR SEPTEMBER 20 2014...

CLIMATE NORMAL PERIOD 1981 TO 2010
CLIMATE RECORD PERIOD 1875 TO 2014


WEATHER ITEM   OBSERVED TIME   RECORD YEAR NORMAL DEPARTURE LAST
                VALUE   (LST)  VALUE       VALUE  FROM      YEAR
                                                  NORMAL
..................................................................
TEMPERATURE (F)
 YESTERDAY
  MAXIMUM         93    332 PM  95    1970  81     12       77
  MINIMUM         62    600 AM  35    1901  54      8       51
  AVERAGE         78                        67     11       64

PRECIPITATION (IN)
  YESTERDAY        T             1.52 1965   0.05  -0.05     0.02
  MONTH TO DATE    0.69                      1.21  -0.52     0.67
  SINCE SEP 1      0.69                      1.21  -0.52     0.67
  SINCE JAN 1     18.92                     17.80   1.12    16.15

SNOWFALL (IN)
  YESTERDAY        0.0           0.0  2002   0.0    0.0      0.0
                                      2001
  MONTH TO DATE    0.0                       0.0    0.0      0.0
  SINCE SEP 1      0.0                       0.0    0.0      0.0
  SINCE JUL 1      0.0                       0.0    0.0      0.0
  SNOW DEPTH       0

DEGREE DAYS
 HEATING
  YESTERDAY        0                         3     -3        1
  MONTH TO DATE   49                        23     26        6
  SINCE SEP 1     49                        23     26        6
  SINCE JUL 1     62                        27     35        6

 COOLING
  YESTERDAY       13                         5      8        0
  MONTH TO DATE  132                       150    -18      205
  SINCE SEP 1    132                       150    -18      205
  SINCE JAN 1   1377                      1396    -19     1569
..................................................................


WIND (MPH)
  HIGHEST WIND SPEED    18   HIGHEST WIND DIRECTION    NE (40)
  HIGHEST GUST SPEED    23   HIGHEST GUST DIRECTION    NE (30)
  AVERAGE WIND SPEED    10.8


SKY COVER
  POSSIBLE SUNSHINE  MM
  AVERAGE SKY COVER 0.2


WEATHER CONDITIONS
 THE FOLLOWING WEATHER WAS RECORDED YESTERDAY.
  THUNDERSTORM
  LIGHT RAIN
  FOG


RELATIVE HUMIDITY (PERCENT)
 HIGHEST    93           700 AM
 LOWEST     34           300 PM
 AVERAGE    64

..........................................................


THE DODGE CITY KS CLIMATE NORMALS FOR TODAY
                         NORMAL    RECORD    YEAR
 MAXIMUM TEMPERATURE (F)   80       100      2005
 MINIMUM TEMPERATURE (F)   54        32      1995


SUNRISE AND SUNSET
SEPTEMBER 21 2014.....SUNRISE   727 AM CDT   SUNSET   738 PM CDT
SEPTEMBER 22 2014.....SUNRISE   728 AM CDT   SUNSET   737 PM CDT


-  INDICATES NEGATIVE NUMBERS.
R  INDICATES RECORD WAS SET OR TIED.
MM INDICATES DATA IS MISSING.
T  INDICATES TRACE AMOUNT.




$$
