000
CDUS43 KDDC 251007
CLIDGC


CLIMATE REPORT
NATIONAL WEATHER SERVICE DODGE CITY KS
507 AM CDT THU SEP 25 2014


...................................

...THE DODGE CITY KS CLIMATE SUMMARY FOR SEPTEMBER 24 2014...

CLIMATE NORMAL PERIOD 1981 TO 2010
CLIMATE RECORD PERIOD 1875 TO 2014


WEATHER ITEM   OBSERVED TIME   RECORD YEAR NORMAL DEPARTURE LAST
                VALUE   (LST)  VALUE       VALUE  FROM      YEAR
                                                  NORMAL
..................................................................
TEMPERATURE (F)
 YESTERDAY
  MAXIMUM         88    404 PM  97    1933  79      9       82
  MINIMUM         60    627 AM  33    2000  52      8       54
                                      1989
  AVERAGE         74                        66      8       68

PRECIPITATION (IN)
  YESTERDAY        0.00          2.52 1959   0.05  -0.05     0.00
  MONTH TO DATE    1.66                      1.40   0.26     0.67
  SINCE SEP 1      1.66                      1.40   0.26     0.67
  SINCE JAN 1     19.89                     17.99   1.90    16.15

SNOWFALL (IN)
  YESTERDAY        0.0           0.0  2002   0.0    0.0      0.0
                                      2001
  MONTH TO DATE    0.0                       0.0    0.0      0.0
  SINCE SEP 1      0.0                       0.0    0.0      0.0
  SINCE JUL 1      0.0                       0.0    0.0      0.0
  SNOW DEPTH       0

DEGREE DAYS
 HEATING
  YESTERDAY        0                         3     -3        0
  MONTH TO DATE   49                        35     14        6
  SINCE SEP 1     49                        35     14        6
  SINCE JUL 1     62                        39     23        6

 COOLING
  YESTERDAY        9                         4      5        3
  MONTH TO DATE  158                       167     -9      218
  SINCE SEP 1    158                       167     -9      218
  SINCE JAN 1   1403                      1413    -10     1582
..................................................................


WIND (MPH)
  HIGHEST WIND SPEED    22   HIGHEST WIND DIRECTION    SE (150)
  HIGHEST GUST SPEED    27   HIGHEST GUST DIRECTION    SE (150)
  AVERAGE WIND SPEED    11.8


SKY COVER
  POSSIBLE SUNSHINE  MM
  AVERAGE SKY COVER 0.0


WEATHER CONDITIONS
 THE FOLLOWING WEATHER WAS RECORDED YESTERDAY.
  NO SIGNIFICANT WEATHER WAS OBSERVED.


RELATIVE HUMIDITY (PERCENT)
 HIGHEST    84           100 AM
 LOWEST     36           400 PM
 AVERAGE    60

..........................................................


THE DODGE CITY KS CLIMATE NORMALS FOR TODAY
                         NORMAL    RECORD    YEAR
 MAXIMUM TEMPERATURE (F)   78        98      1998
 MINIMUM TEMPERATURE (F)   52        31      2000


SUNRISE AND SUNSET
SEPTEMBER 25 2014.....SUNRISE   730 AM CDT   SUNSET   732 PM CDT
SEPTEMBER 26 2014.....SUNRISE   731 AM CDT   SUNSET   731 PM CDT


-  INDICATES NEGATIVE NUMBERS.
R  INDICATES RECORD WAS SET OR TIED.
MM INDICATES DATA IS MISSING.
T  INDICATES TRACE AMOUNT.




$$
