860
CDUS43 KDDC 060726
CLIDGC


CLIMATE REPORT
NATIONAL WEATHER SERVICE DODGE CITY KS
125 AM CST TUE DEC 6 2016


...................................

...THE DODGE CITY KS CLIMATE SUMMARY FOR DECEMBER 5 2016...

CLIMATE NORMAL PERIOD 1981 TO 2010
CLIMATE RECORD PERIOD 1875 TO 2016


WEATHER ITEM   OBSERVED TIME   RECORD YEAR NORMAL DEPARTURE LAST
                VALUE   (LST)  VALUE       VALUE  FROM      YEAR
                                                  NORMAL
..................................................................
TEMPERATURE (F)
 YESTERDAY
  MAXIMUM         59    354 PM  74    1918  46     13       54
  MINIMUM         31    716 AM  -4    1909  23      8       34
  AVERAGE         45                        34     11       44

PRECIPITATION (IN)
  YESTERDAY        0.00          0.64 1883   0.02  -0.02     0.00
  MONTH TO DATE    0.34                      0.12   0.22     0.00
  SINCE DEC 1      0.34                      0.12   0.22     0.00
  SINCE JAN 1     23.12                     20.88   2.24    25.89

SNOWFALL (IN)
  YESTERDAY        0.0           6.0  1942   0.1   -0.1      0.0
  MONTH TO DATE    0.1                       0.6   -0.5      0.0
  SINCE DEC 1      0.1                       0.6   -0.5      0.0
  SINCE JUL 1      0.1                       2.8   -2.7      1.1
  SNOW DEPTH       0

DEGREE DAYS
 HEATING
  YESTERDAY       20                        30    -10       21
  MONTH TO DATE  136                       148    -12      129
  SINCE DEC 1    136                       148    -12      129
  SINCE JUL 1    732                      1162   -430      959

 COOLING
  YESTERDAY        0                         0      0        0
  MONTH TO DATE    0                         0      0        0
  SINCE DEC 1      0                         0      0        0
  SINCE JAN 1   1580                      1463    117     1512
..................................................................


WIND (MPH)
  HIGHEST WIND SPEED    31   HIGHEST WIND DIRECTION     N (360)
  HIGHEST GUST SPEED    42   HIGHEST GUST DIRECTION     N (360)
  AVERAGE WIND SPEED    16.4


SKY COVER
  POSSIBLE SUNSHINE  MM
  AVERAGE SKY COVER 0.0


WEATHER CONDITIONS
 THE FOLLOWING WEATHER WAS RECORDED YESTERDAY.
  NO SIGNIFICANT WEATHER WAS OBSERVED.


RELATIVE HUMIDITY (PERCENT)
 HIGHEST    85           700 AM
 LOWEST     28           400 PM
 AVERAGE    57

..........................................................


THE DODGE CITY KS CLIMATE NORMALS FOR TODAY
                         NORMAL    RECORD    YEAR
 MAXIMUM TEMPERATURE (F)   46        81      1939
 MINIMUM TEMPERATURE (F)   23        -6      1972


SUNRISE AND SUNSET
DECEMBER  6 2016......SUNRISE   741 AM CST   SUNSET   521 PM CST
DECEMBER  7 2016......SUNRISE   742 AM CST   SUNSET   521 PM CST


-  INDICATES NEGATIVE NUMBERS.
R  INDICATES RECORD WAS SET OR TIED.
MM INDICATES DATA IS MISSING.
T  INDICATES TRACE AMOUNT.




$$
