000
CDUS43 KDDC 220709
CLIDGC


CLIMATE REPORT
NATIONAL WEATHER SERVICE DODGE CITY KS
109 AM CST TUE NOV 22 2016


...................................

...THE DODGE CITY KS CLIMATE SUMMARY FOR NOVEMBER 21 2016...

CLIMATE NORMAL PERIOD 1981 TO 2010
CLIMATE RECORD PERIOD 1875 TO 2016


WEATHER ITEM   OBSERVED TIME   RECORD YEAR NORMAL DEPARTURE LAST
                VALUE   (LST)  VALUE       VALUE  FROM      YEAR
                                                  NORMAL
..................................................................
TEMPERATURE (F)
 YESTERDAY
  MAXIMUM         63    130 PM  78    1955  53     10       40
  MINIMUM         31   1244 AM   2    1906  28      3       21
  AVERAGE         47                        40      7       31

PRECIPITATION (IN)
  YESTERDAY        0.00          0.44 1947   0.02  -0.02     0.00
  MONTH TO DATE    0.36                      0.57  -0.21     1.21
  SINCE SEP 1      0.76                      3.98  -3.22     5.44
  SINCE JAN 1     22.77                     20.57   2.20    25.13

SNOWFALL (IN)
  YESTERDAY        0.0           4.4  1947   0.1   -0.1      0.0
  MONTH TO DATE    0.0                       0.9   -0.9      0.1
  SINCE SEP 1      0.0                       1.3   -1.3      0.1
  SINCE JUL 1      0.0                       1.3   -1.3      0.1
  SNOW DEPTH       0

DEGREE DAYS
 HEATING
  YESTERDAY       18                        25     -7       34
  MONTH TO DATE  271                       415   -144      335
  SINCE SEP 1    419                       767   -348      559
  SINCE JUL 1    419                       771   -352      561

 COOLING
  YESTERDAY        0                         0      0        0
  MONTH TO DATE    0                         0      0        0
  SINCE SEP 1    326                       216    110      314
  SINCE JAN 1   1580                      1462    118     1512
..................................................................


WIND (MPH)
  HIGHEST WIND SPEED    22   HIGHEST WIND DIRECTION    SE (150)
  HIGHEST GUST SPEED    28   HIGHEST GUST DIRECTION    SE (150)
  AVERAGE WIND SPEED    11.5


SKY COVER
  POSSIBLE SUNSHINE  MM
  AVERAGE SKY COVER 0.0


WEATHER CONDITIONS
 THE FOLLOWING WEATHER WAS RECORDED YESTERDAY.
  NO SIGNIFICANT WEATHER WAS OBSERVED.


RELATIVE HUMIDITY (PERCENT)
 HIGHEST    70           500 AM
 LOWEST     36           200 PM
 AVERAGE    53

..........................................................


THE DODGE CITY KS CLIMATE NORMALS FOR TODAY
                         NORMAL    RECORD    YEAR
 MAXIMUM TEMPERATURE (F)   52        80      1924
 MINIMUM TEMPERATURE (F)   27        -3      1880


SUNRISE AND SUNSET
NOVEMBER 22 2016......SUNRISE   728 AM CST   SUNSET   524 PM CST
NOVEMBER 23 2016......SUNRISE   729 AM CST   SUNSET   524 PM CST


-  INDICATES NEGATIVE NUMBERS.
R  INDICATES RECORD WAS SET OR TIED.
MM INDICATES DATA IS MISSING.
T  INDICATES TRACE AMOUNT.




$$
