000
CDUS43 KDDC 110707
CLIDGC


CLIMATE REPORT
NATIONAL WEATHER SERVICE DODGE CITY KS
106 AM CST SUN FEB 11 2018


...................................

...THE DODGE CITY KS CLIMATE SUMMARY FOR FEBRUARY 10 2018...

CLIMATE NORMAL PERIOD 1981 TO 2010
CLIMATE RECORD PERIOD 1875 TO 2018


WEATHER ITEM   OBSERVED TIME   RECORD YEAR NORMAL DEPARTURE LAST
                VALUE   (LST)  VALUE       VALUE  FROM      YEAR
                                                  NORMAL
..................................................................
TEMPERATURE (F)
 YESTERDAY
  MAXIMUM         16    515 PM  87    2017  47    -31       87
  MINIMUM          9   1001 AM -10    2011  22    -13       39
  AVERAGE         13                        35    -22       63

PRECIPITATION (IN)
  YESTERDAY        T             1.82 1993   0.03  -0.03     0.00
  MONTH TO DATE    0.04                      0.23  -0.19     0.00
  SINCE DEC 1      0.13                      1.65  -1.52     3.18
  SINCE JAN 1      0.13                      0.81  -0.68     2.56

SNOWFALL (IN)
  YESTERDAY       MM             7.2  1898   0.2   MM        0.0
                                      1897
  MONTH TO DATE    T                         1.6   -1.6      0.0
  SINCE DEC 1      1.2                      10.6   -9.4      5.0
  SINCE JUL 1      1.2                      12.8  -11.6      5.0
  SNOW DEPTH       0

DEGREE DAYS
 HEATING
  YESTERDAY       52                        30     22        2
  MONTH TO DATE  359                       312     47      256
  SINCE DEC 1   2304                      2330    -26     2306
  SINCE JUL 1   3158                      3344   -186     2902

 COOLING
  YESTERDAY        0                         0      0        0
  MONTH TO DATE    0                         0      0        0
  SINCE DEC 1      0                         0      0        0
  SINCE JAN 1      0                         0      0        0
..................................................................


WIND (MPH)
  HIGHEST WIND SPEED    22   HIGHEST WIND DIRECTION     N (10)
  HIGHEST GUST SPEED    31   HIGHEST GUST DIRECTION     N (10)
  AVERAGE WIND SPEED    16.3


SKY COVER
  POSSIBLE SUNSHINE  MM
  AVERAGE SKY COVER 0.9


WEATHER CONDITIONS
 THE FOLLOWING WEATHER WAS RECORDED YESTERDAY.
  LIGHT SNOW
  FOG
  HAZE


RELATIVE HUMIDITY (PERCENT)
 HIGHEST    80           600 AM
 LOWEST     61           100 PM
 AVERAGE    71

..........................................................


THE DODGE CITY KS CLIMATE NORMALS FOR TODAY
                         NORMAL    RECORD    YEAR
 MAXIMUM TEMPERATURE (F)   47        82      1962
 MINIMUM TEMPERATURE (F)   22       -19      1899


SUNRISE AND SUNSET
FEBRUARY 11 2018......SUNRISE   734 AM CST   SUNSET   615 PM CST
FEBRUARY 12 2018......SUNRISE   733 AM CST   SUNSET   616 PM CST


-  INDICATES NEGATIVE NUMBERS.
R  INDICATES RECORD WAS SET OR TIED.
MM INDICATES DATA IS MISSING.
T  INDICATES TRACE AMOUNT.




$$
