471
CDUS43 KDDC 162331
CLIDGC


CLIMATE REPORT
NATIONAL WEATHER SERVICE DODGE CITY KS
630 PM CDT THU MAR 16 2017


...................................

...THE DODGE CITY KS CLIMATE SUMMARY FOR MARCH 16 2017...
VALID TODAY AS OF 0500 PM LOCAL TIME.

CLIMATE NORMAL PERIOD 1981 TO 2010
CLIMATE RECORD PERIOD 1875 TO 2017


WEATHER ITEM   OBSERVED TIME   RECORD YEAR NORMAL DEPARTURE LAST
                VALUE   (LST)  VALUE       VALUE  FROM      YEAR
                                                  NORMAL
..................................................................
TEMPERATURE (F)
 TODAY
  MAXIMUM         82    326 PM  91    2015  58     24       59
  MINIMUM         37    603 AM   9    1960  31      6       29
  AVERAGE         60                        44     16       44

PRECIPITATION (IN)
  TODAY            0.00          1.10 1924   0.06  -0.06     0.00
  MONTH TO DATE    T                         0.70  -0.70     0.01
  SINCE MAR 1      T                         0.70  -0.70     0.01
  SINCE JAN 1      2.57                      1.96   0.61     0.60

SNOWFALL (IN)
  TODAY            0.0          13.3  1924   0.2   -0.2      0.0
  MONTH TO DATE    0.0                       2.6   -2.6      0.0
  SINCE MAR 1      0.0                       2.6   -2.6      0.0
  SINCE JUL 1      5.0                      17.7  -12.7     10.0
  SNOW DEPTH       0

DEGREE DAYS
 HEATING
  TODAY            5                        21    -16       21
  MONTH TO DATE  306                       366    -60      223
  SINCE MAR 1    306                       366    -60      223
  SINCE JUL 1   3540                      4213   -673     3585

 COOLING
  TODAY            0                         0      0        0
  MONTH TO DATE    0                         0      0        0
  SINCE MAR 1      0                         0      0        0
  SINCE JAN 1      0                         0      0        2
..................................................................


WIND (MPH)
  HIGHEST WIND SPEED    20   HIGHEST WIND DIRECTION     S (180)
  HIGHEST GUST SPEED    24   HIGHEST GUST DIRECTION     S (180)
  AVERAGE WIND SPEED    11.9


SKY COVER
  POSSIBLE SUNSHINE  MM
  AVERAGE SKY COVER 0.0


WEATHER CONDITIONS
 THE FOLLOWING WEATHER WAS RECORDED TODAY.
  NO SIGNIFICANT WEATHER WAS OBSERVED.


RELATIVE HUMIDITY (PERCENT)
 HIGHEST    92           500 AM
 LOWEST     16           500 PM
 AVERAGE    54

..........................................................


THE DODGE CITY KS CLIMATE NORMALS FOR TOMORROW
                         NORMAL    RECORD    YEAR
 MAXIMUM TEMPERATURE (F)   58        86      1916
 MINIMUM TEMPERATURE (F)   31        -4      1892


SUNRISE AND SUNSET
MARCH 16 2017.........SUNRISE   749 AM CDT   SUNSET   748 PM CDT
MARCH 17 2017.........SUNRISE   747 AM CDT   SUNSET   749 PM CDT


-  INDICATES NEGATIVE NUMBERS.
R  INDICATES RECORD WAS SET OR TIED.
MM INDICATES DATA IS MISSING.
T  INDICATES TRACE AMOUNT.




$$
