000
CDUS43 KDDC 280706
CLIDGC


CLIMATE REPORT
NATIONAL WEATHER SERVICE DODGE CITY KS
106 AM CST TUE NOV 28 2017


...................................

...THE DODGE CITY KS CLIMATE SUMMARY FOR NOVEMBER 27 2017...

CLIMATE NORMAL PERIOD 1981 TO 2010
CLIMATE RECORD PERIOD 1875 TO 2017


WEATHER ITEM   OBSERVED TIME   RECORD YEAR NORMAL DEPARTURE LAST
                VALUE   (LST)  VALUE       VALUE  FROM      YEAR
                                                  NORMAL
..................................................................
TEMPERATURE (F)
 YESTERDAY
  MAXIMUM         79    407 PM  81    1933  50     29       68
  MINIMUM         39    528 AM -13    1887  25     14       39
  AVERAGE         59                        38     21       54

PRECIPITATION (IN)
  YESTERDAY        0.00          0.51 1948   0.03  -0.03     0.01
                                      1934
  MONTH TO DATE    0.01                      0.70  -0.69     0.37
  SINCE SEP 1      1.92                      4.11  -2.19     0.77
  SINCE JAN 1     25.57                     20.70   4.87    22.78

SNOWFALL (IN)
  YESTERDAY        0.0           5.0  1982   0.1   -0.1      0.0
                                      1948
  MONTH TO DATE    0.0                       1.5   -1.5      0.0
  SINCE SEP 1      0.0                       1.9   -1.9      0.0
  SINCE JUL 1      0.0                       1.9   -1.9      0.0
  SNOW DEPTH       0

DEGREE DAYS
 HEATING
  YESTERDAY        6                        28    -22       11
  MONTH TO DATE  498                       574    -76      377
  SINCE SEP 1    789                       926   -137      525
  SINCE JUL 1    789                       930   -141      525

 COOLING
  YESTERDAY        0                         0      0        0
  MONTH TO DATE    0                         0      0        0
  SINCE SEP 1    288                       216     72      326
  SINCE JAN 1   1520                      1462     58     1580
..................................................................


WIND (MPH)
  HIGHEST WIND SPEED    26   HIGHEST WIND DIRECTION     S (190)
  HIGHEST GUST SPEED    35   HIGHEST GUST DIRECTION     S (200)
  AVERAGE WIND SPEED    15.8


SKY COVER
  POSSIBLE SUNSHINE  MM
  AVERAGE SKY COVER 0.0


WEATHER CONDITIONS
 THE FOLLOWING WEATHER WAS RECORDED YESTERDAY.
  NO SIGNIFICANT WEATHER WAS OBSERVED.


RELATIVE HUMIDITY (PERCENT)
 HIGHEST    70           300 AM
 LOWEST     19           400 PM
 AVERAGE    45

..........................................................


THE DODGE CITY KS CLIMATE NORMALS FOR TODAY
                         NORMAL    RECORD    YEAR
 MAXIMUM TEMPERATURE (F)   49        78      2014
 MINIMUM TEMPERATURE (F)   25         0      1958


SUNRISE AND SUNSET
NOVEMBER 28 2017......SUNRISE   734 AM CST   SUNSET   522 PM CST
NOVEMBER 29 2017......SUNRISE   735 AM CST   SUNSET   522 PM CST


-  INDICATES NEGATIVE NUMBERS.
R  INDICATES RECORD WAS SET OR TIED.
MM INDICATES DATA IS MISSING.
T  INDICATES TRACE AMOUNT.




$$
