000
CDUS43 KDDC 121431
CLIDGC


CLIMATE REPORT
NATIONAL WEATHER SERVICE DODGE CITY KS
827 AM CST SUN FEB 12 2017


...................................

...THE DODGE CITY KS CLIMATE SUMMARY FOR FEBRUARY 12 2017...
VALID AS OF 0800 AM LOCAL TIME.

CLIMATE NORMAL PERIOD 1981 TO 2010
CLIMATE RECORD PERIOD 1875 TO 2017


WEATHER ITEM   OBSERVED TIME   RECORD YEAR NORMAL DEPARTURE LAST
                VALUE   (LST)  VALUE       VALUE  FROM      YEAR
                                                  NORMAL
..................................................................
TEMPERATURE (F)
 TODAY
  MAXIMUM         48   1234 AM  82    1962  48      0       45
  MINIMUM         37    759 AM -26    1899  23     14       24
  AVERAGE         43                        35      8       35

PRECIPITATION (IN)
  TODAY            0.00          0.52 1906   0.03  -0.03     0.00
  MONTH TO DATE    0.00                      0.28  -0.28     0.31
  SINCE DEC 1      3.18                      1.70   1.48     3.02
  SINCE JAN 1      2.56                      0.86   1.70     0.59

SNOWFALL (IN)
  TODAY            0.0           6.3  1995   0.2   -0.2      0.0
  MONTH TO DATE    0.0                       1.9   -1.9      0.1
  SINCE DEC 1      5.0                      10.9   -5.9      8.9
  SINCE JUL 1      5.0                      13.1   -8.1     10.0
  SNOW DEPTH       0

..................................................................


WIND (MPH)
  HIGHEST WIND SPEED    32   HIGHEST WIND DIRECTION     N (10)
  HIGHEST GUST SPEED    42   HIGHEST GUST DIRECTION     N (10)
  AVERAGE WIND SPEED    23.0



WEATHER CONDITIONS
 THE FOLLOWING WEATHER WAS RECORDED TODAY.
  NO SIGNIFICANT WEATHER WAS OBSERVED.


RELATIVE HUMIDITY (PERCENT)
 HIGHEST    65           300 AM
 LOWEST     53           400 AM

..........................................................


THE DODGE CITY KS CLIMATE NORMALS FOR TOMORROW
                         NORMAL    RECORD    YEAR
 MAXIMUM TEMPERATURE (F)   48        79      1954
 MINIMUM TEMPERATURE (F)   23       -20      1905


SUNRISE AND SUNSET
FEBRUARY 12 2017......SUNRISE   733 AM CST   SUNSET   616 PM CST
FEBRUARY 13 2017......SUNRISE   731 AM CST   SUNSET   617 PM CST


-  INDICATES NEGATIVE NUMBERS.
R  INDICATES RECORD WAS SET OR TIED.
MM INDICATES DATA IS MISSING.
T  INDICATES TRACE AMOUNT.




$$
