000
CDUS43 KDDC 102342
CLIDGC


CLIMATE REPORT
NATIONAL WEATHER SERVICE DODGE CITY KS
638 PM CDT WED SEP 10 2014


...................................

...THE DODGE CITY KS CLIMATE SUMMARY FOR SEPTEMBER 10 2014...
VALID TODAY AS OF 0500 PM LOCAL TIME.

CLIMATE NORMAL PERIOD 1981 TO 2010
CLIMATE RECORD PERIOD 1875 TO 2014


WEATHER ITEM   OBSERVED TIME   RECORD YEAR NORMAL DEPARTURE LAST
                VALUE   (LST)  VALUE       VALUE  FROM      YEAR
                                                  NORMAL
..................................................................
TEMPERATURE (F)
 TODAY
  MAXIMUM         77    233 PM 104    1984  85     -8       92
  MINIMUM         61    953 AM  38    1907  59      2       67
  AVERAGE         69                        72     -3       80

PRECIPITATION (IN)
  TODAY            0.00          3.25 1900   0.06  -0.06     0.00
  MONTH TO DATE    0.49                      0.67  -0.18     0.08
  SINCE SEP 1      0.49                      0.67  -0.18     0.08
  SINCE JAN 1     18.72                     17.26   1.46    15.56

SNOWFALL (IN)
  TODAY            0.0           0.0  2002   0.0    0.0      0.0
                                      2001
  MONTH TO DATE    0.0                       0.0    0.0      0.0
  SINCE SEP 1      0.0                       0.0    0.0      0.0
  SINCE JUL 1      0.0                       0.0    0.0      0.0
  SNOW DEPTH       0

DEGREE DAYS
 HEATING
  TODAY            0                         1     -1        0
  MONTH TO DATE    5                         6     -1        0
  SINCE SEP 1      5                         6     -1        0
  SINCE JUL 1     18                        10      8        0

 COOLING
  TODAY            4                         8     -4       15
  MONTH TO DATE   88                        90     -2      139
  SINCE SEP 1     88                        90     -2      139
  SINCE JAN 1   1333                      1336     -3     1503
..................................................................


WIND (MPH)
  HIGHEST WIND SPEED    26   HIGHEST WIND DIRECTION     N (360)
  HIGHEST GUST SPEED    33   HIGHEST GUST DIRECTION     N (10)
  AVERAGE WIND SPEED    16.8


SKY COVER
  POSSIBLE SUNSHINE  MM
  AVERAGE SKY COVER 0.6


WEATHER CONDITIONS
 THE FOLLOWING WEATHER WAS RECORDED TODAY.
  NO SIGNIFICANT WEATHER WAS OBSERVED.


RELATIVE HUMIDITY (PERCENT)
 HIGHEST    93           200 AM
 LOWEST     49           200 PM
 AVERAGE    71

..........................................................


THE DODGE CITY KS CLIMATE NORMALS FOR TOMORROW
                         NORMAL    RECORD    YEAR
 MAXIMUM TEMPERATURE (F)   85       102      1984
 MINIMUM TEMPERATURE (F)   58        43      2007


SUNRISE AND SUNSET
SEPTEMBER 10 2014.....SUNRISE   717 AM CDT   SUNSET   755 PM CDT
SEPTEMBER 11 2014.....SUNRISE   718 AM CDT   SUNSET   754 PM CDT


-  INDICATES NEGATIVE NUMBERS.
R  INDICATES RECORD WAS SET OR TIED.
MM INDICATES DATA IS MISSING.
T  INDICATES TRACE AMOUNT.




$$
