000
CDUS43 KDDC 231006
CLIDGC


CLIMATE REPORT
NATIONAL WEATHER SERVICE DODGE CITY KS
505 AM CDT TUE SEP 23 2014


...................................

...THE DODGE CITY KS CLIMATE SUMMARY FOR SEPTEMBER 22 2014...

CLIMATE NORMAL PERIOD 1981 TO 2010
CLIMATE RECORD PERIOD 1875 TO 2014


WEATHER ITEM   OBSERVED TIME   RECORD YEAR NORMAL DEPARTURE LAST
                VALUE   (LST)  VALUE       VALUE  FROM      YEAR
                                                  NORMAL
..................................................................
TEMPERATURE (F)
 YESTERDAY
  MAXIMUM         81    311 PM  96    1910  80      1       85
                                      1892
  MINIMUM         51    508 AM  29    1995  53     -2       53
  AVERAGE         66                        66      0       69

PRECIPITATION (IN)
  YESTERDAY        T             2.36 2004   0.04  -0.04     0.00
  MONTH TO DATE    0.70                      1.30  -0.60     0.67
  SINCE SEP 1      0.70                      1.30  -0.60     0.67
  SINCE JAN 1     18.93                     17.89   1.04    16.15

SNOWFALL (IN)
  YESTERDAY        0.0           0.0  2002   0.0    0.0      0.0
                                      2001
  MONTH TO DATE    0.0                       0.0    0.0      0.0
  SINCE SEP 1      0.0                       0.0    0.0      0.0
  SINCE JUL 1      0.0                       0.0    0.0      0.0
  SNOW DEPTH       0

DEGREE DAYS
 HEATING
  YESTERDAY        0                         3     -3        0
  MONTH TO DATE   49                        29     20        6
  SINCE SEP 1     49                        29     20        6
  SINCE JUL 1     62                        33     29        6

 COOLING
  YESTERDAY        1                         4     -3        4
  MONTH TO DATE  138                       159    -21      211
  SINCE SEP 1    138                       159    -21      211
  SINCE JAN 1   1383                      1405    -22     1575
..................................................................


WIND (MPH)
  HIGHEST WIND SPEED    23   HIGHEST WIND DIRECTION     S (160)
  HIGHEST GUST SPEED    31   HIGHEST GUST DIRECTION     S (170)
  AVERAGE WIND SPEED    13.4


SKY COVER
  POSSIBLE SUNSHINE  MM
  AVERAGE SKY COVER 0.2


WEATHER CONDITIONS
 THE FOLLOWING WEATHER WAS RECORDED YESTERDAY.
  LIGHT RAIN


RELATIVE HUMIDITY (PERCENT)
 HIGHEST    68           700 AM
 LOWEST     26           100 PM
 AVERAGE    47

..........................................................


THE DODGE CITY KS CLIMATE NORMALS FOR TODAY
                         NORMAL    RECORD    YEAR
 MAXIMUM TEMPERATURE (F)   79       100      1984
 MINIMUM TEMPERATURE (F)   53        34      1989


SUNRISE AND SUNSET
SEPTEMBER 23 2014.....SUNRISE   728 AM CDT   SUNSET   735 PM CDT
SEPTEMBER 24 2014.....SUNRISE   729 AM CDT   SUNSET   734 PM CDT


-  INDICATES NEGATIVE NUMBERS.
R  INDICATES RECORD WAS SET OR TIED.
MM INDICATES DATA IS MISSING.
T  INDICATES TRACE AMOUNT.




$$
