000
CDUS43 KDDC 170707
CLIDGC


CLIMATE REPORT
NATIONAL WEATHER SERVICE DODGE CITY KS
206 AM CDT TUE MAY 17 2016


...................................

...THE DODGE CITY KS CLIMATE SUMMARY FOR MAY 16 2016...

CLIMATE NORMAL PERIOD 1981 TO 2010
CLIMATE RECORD PERIOD 1875 TO 2016


WEATHER ITEM   OBSERVED TIME   RECORD YEAR NORMAL DEPARTURE LAST
                VALUE   (LST)  VALUE       VALUE  FROM      YEAR
                                                  NORMAL
..................................................................
TEMPERATURE (F)
 YESTERDAY
  MAXIMUM         61    314 PM 105    1996  77    -16       68
  MINIMUM         46    325 AM  32    1923  52     -6       51
  AVERAGE         54                        64    -10       60

PRECIPITATION (IN)
  YESTERDAY        0.26          2.42 1883   0.09   0.17     1.28
  MONTH TO DATE    0.27                      1.32  -1.05     3.62
  SINCE MAR 1      8.39                      4.73   3.66     5.71
  SINCE JAN 1      8.98                      5.99   2.99     7.01

SNOWFALL (IN)
  YESTERDAY       MM             T    1997   0.0   MM        0.0
  MONTH TO DATE    0.0                       0.0    0.0      0.0
  SINCE MAR 1      0.4                       6.0   -5.6       T
  SINCE JUL 1     10.4                      21.1  -10.7     21.4
  SNOW DEPTH       0

DEGREE DAYS
 HEATING
  YESTERDAY       11                         3      8        5
  MONTH TO DATE  115                        81     34       63
  SINCE MAR 1    930                      1073   -143      824
  SINCE JUL 1   4292                      4920   -628     4572

 COOLING
  YESTERDAY        0                         3     -3        0
  MONTH TO DATE    5                        30    -25       36
  SINCE MAR 1     14                        49    -35       51
  SINCE JAN 1     16                        49    -33       51
..................................................................


WIND (MPH)
  HIGHEST WIND SPEED    30   HIGHEST WIND DIRECTION     N (20)
  HIGHEST GUST SPEED    34   HIGHEST GUST DIRECTION    NE (30)
  AVERAGE WIND SPEED    13.0


SKY COVER
  POSSIBLE SUNSHINE  MM
  AVERAGE SKY COVER 1.0


WEATHER CONDITIONS
 THE FOLLOWING WEATHER WAS RECORDED YESTERDAY.
  THUNDERSTORM
  HEAVY RAIN
  RAIN
  LIGHT RAIN
  FOG


RELATIVE HUMIDITY (PERCENT)
 HIGHEST   100          1200 AM
 LOWEST     84           100 PM
 AVERAGE    92

..........................................................


THE DODGE CITY KS CLIMATE NORMALS FOR TODAY
                         NORMAL    RECORD    YEAR
 MAXIMUM TEMPERATURE (F)   77       103      1996
 MINIMUM TEMPERATURE (F)   52        35      1895


SUNRISE AND SUNSET
MAY 17 2016...........SUNRISE   628 AM CDT   SUNSET   845 PM CDT
MAY 18 2016...........SUNRISE   627 AM CDT   SUNSET   846 PM CDT


-  INDICATES NEGATIVE NUMBERS.
R  INDICATES RECORD WAS SET OR TIED.
MM INDICATES DATA IS MISSING.
T  INDICATES TRACE AMOUNT.




$$
