000
CDUS43 KDDC 241006
CLIDGC


CLIMATE REPORT
NATIONAL WEATHER SERVICE DODGE CITY KS
505 AM CDT WED SEP 24 2014


...................................

...THE DODGE CITY KS CLIMATE SUMMARY FOR SEPTEMBER 23 2014...

CLIMATE NORMAL PERIOD 1981 TO 2010
CLIMATE RECORD PERIOD 1875 TO 2014


WEATHER ITEM   OBSERVED TIME   RECORD YEAR NORMAL DEPARTURE LAST
                VALUE   (LST)  VALUE       VALUE  FROM      YEAR
                                                  NORMAL
..................................................................
TEMPERATURE (F)
 YESTERDAY
  MAXIMUM         91    324 PM 100    1984  79     12       80
  MINIMUM         61    244 AM  34    1989  53      8       57
  AVERAGE         76                        66     10       69

PRECIPITATION (IN)
  YESTERDAY        0.96          1.69 1960   0.05   0.91     0.00
  MONTH TO DATE    1.66                      1.35   0.31     0.67
  SINCE SEP 1      1.66                      1.35   0.31     0.67
  SINCE JAN 1     19.89                     17.94   1.95    16.15

SNOWFALL (IN)
  YESTERDAY        0.0           0.0  2002   0.0    0.0      0.0
                                      2001
  MONTH TO DATE    0.0                       0.0    0.0      0.0
  SINCE SEP 1      0.0                       0.0    0.0      0.0
  SINCE JUL 1      0.0                       0.0    0.0      0.0
  SNOW DEPTH       0

DEGREE DAYS
 HEATING
  YESTERDAY        0                         3     -3        0
  MONTH TO DATE   49                        32     17        6
  SINCE SEP 1     49                        32     17        6
  SINCE JUL 1     62                        36     26        6

 COOLING
  YESTERDAY       11                         4      7        4
  MONTH TO DATE  149                       163    -14      215
  SINCE SEP 1    149                       163    -14      215
  SINCE JAN 1   1394                      1409    -15     1579
..................................................................


WIND (MPH)
  HIGHEST WIND SPEED    36   HIGHEST WIND DIRECTION    NW (320)
  HIGHEST GUST SPEED    48   HIGHEST GUST DIRECTION    NW (320)
  AVERAGE WIND SPEED    17.3


SKY COVER
  POSSIBLE SUNSHINE  MM
  AVERAGE SKY COVER 0.6


WEATHER CONDITIONS
 THE FOLLOWING WEATHER WAS RECORDED YESTERDAY.
  THUNDERSTORM
  HEAVY RAIN
  LIGHT RAIN
  FOG


RELATIVE HUMIDITY (PERCENT)
 HIGHEST    87          1100 PM
 LOWEST     31           400 PM
 AVERAGE    59

..........................................................


THE DODGE CITY KS CLIMATE NORMALS FOR TODAY
                         NORMAL    RECORD    YEAR
 MAXIMUM TEMPERATURE (F)   79        97      1933
 MINIMUM TEMPERATURE (F)   52        33      2000
                                             1989


SUNRISE AND SUNSET
SEPTEMBER 24 2014.....SUNRISE   729 AM CDT   SUNSET   734 PM CDT
SEPTEMBER 25 2014.....SUNRISE   730 AM CDT   SUNSET   732 PM CDT


-  INDICATES NEGATIVE NUMBERS.
R  INDICATES RECORD WAS SET OR TIED.
MM INDICATES DATA IS MISSING.
T  INDICATES TRACE AMOUNT.




$$
