000
CDUS43 KDDC 090708
CLIDGC


CLIMATE REPORT
NATIONAL WEATHER SERVICE DODGE CITY KS
206 AM CDT FRI JUN 9 2017


...................................

...THE DODGE CITY KS CLIMATE SUMMARY FOR JUNE 8 2017...

CLIMATE NORMAL PERIOD 1981 TO 2010
CLIMATE RECORD PERIOD 1875 TO 2017


WEATHER ITEM   OBSERVED TIME   RECORD YEAR NORMAL DEPARTURE LAST
                VALUE   (LST)  VALUE       VALUE  FROM      YEAR
                                                  NORMAL
..................................................................
TEMPERATURE (F)
 YESTERDAY
  MAXIMUM         75    400 PM 108    1985  84     -9       92
  MINIMUM         60   1247 PM  44    2007  59      1       62
  AVERAGE         68                        72     -4       77

PRECIPITATION (IN)
  YESTERDAY        0.75          4.44 1899   0.11   0.64     0.00
  MONTH TO DATE    2.27                      0.92   1.35     0.06
  SINCE JUN 1      2.27                      0.92   1.35     0.06
  SINCE JAN 1     19.70                      8.44  11.26    11.18

SNOWFALL (IN)
  YESTERDAY        0.0          90.0  2001   0.0    0.0      0.0
  MONTH TO DATE    0.0                       0.0    0.0      0.0
  SINCE JUN 1      0.0                       0.0    0.0      0.0
  SINCE JUL 1      7.5                      21.1  -13.6     10.4
  SNOW DEPTH       0

DEGREE DAYS
 HEATING
  YESTERDAY        0                         1     -1        0
  MONTH TO DATE    0                         8     -8        1
  SINCE JUN 1      0                         8     -8        1
  SINCE JUL 1   4170                      4962   -792     4340

 COOLING
  YESTERDAY        3                         7     -4       12
  MONTH TO DATE   50                        51     -1       38
  SINCE JUN 1     50                        51     -1       38
  SINCE JAN 1    152                       160     -8       96
..................................................................


WIND (MPH)
  HIGHEST WIND SPEED    18   HIGHEST WIND DIRECTION    SE (150)
  HIGHEST GUST SPEED    23   HIGHEST GUST DIRECTION    SE (150)
  AVERAGE WIND SPEED    11.5


SKY COVER
  POSSIBLE SUNSHINE  MM
  AVERAGE SKY COVER 0.6


WEATHER CONDITIONS
 THE FOLLOWING WEATHER WAS RECORDED YESTERDAY.
  THUNDERSTORM
  HEAVY RAIN
  RAIN
  LIGHT RAIN
  FOG


RELATIVE HUMIDITY (PERCENT)
 HIGHEST    97          1200 PM
 LOWEST     64           400 PM
 AVERAGE    81

..........................................................


THE DODGE CITY KS CLIMATE NORMALS FOR TODAY
                         NORMAL    RECORD    YEAR
 MAXIMUM TEMPERATURE (F)   85       102      1953
 MINIMUM TEMPERATURE (F)   59        42      1877


SUNRISE AND SUNSET
JUNE  9 2017..........SUNRISE   618 AM CDT   SUNSET   901 PM CDT
JUNE 10 2017..........SUNRISE   618 AM CDT   SUNSET   901 PM CDT


-  INDICATES NEGATIVE NUMBERS.
R  INDICATES RECORD WAS SET OR TIED.
MM INDICATES DATA IS MISSING.
T  INDICATES TRACE AMOUNT.




$$
