000
CDUS43 KDDC 182352
CLIDGC


CLIMATE REPORT
NATIONAL WEATHER SERVICE DODGE CITY KS
551 PM CST SUN JAN 18 2015


...................................

...THE DODGE CITY KS CLIMATE SUMMARY FOR JANUARY 18 2015...
VALID TODAY AS OF 0500 PM LOCAL TIME.

CLIMATE NORMAL PERIOD 1981 TO 2010
CLIMATE RECORD PERIOD 1875 TO 2015


WEATHER ITEM   OBSERVED TIME   RECORD YEAR NORMAL DEPARTURE LAST
                VALUE   (LST)  VALUE       VALUE  FROM      YEAR
                                                  NORMAL
..................................................................
TEMPERATURE (F)
 TODAY
  MAXIMUM         66    243 PM  68    1951  44     22       55
                                      1920
                                      1880
  MINIMUM         25   1257 AM -14    1943  20      5       23
  AVERAGE         46                        32     14       39

PRECIPITATION (IN)
  TODAY            0.00          0.65 1979   0.02  -0.02     0.00
  MONTH TO DATE    0.23                      0.32  -0.09     0.16
  SINCE DEC 1      1.23                      1.16   0.07     0.64
  SINCE JAN 1      0.23                      0.32  -0.09     0.16

SNOWFALL (IN)
  TODAY            0.0           2.6  1943   0.1   -0.1      0.0
  MONTH TO DATE    3.3                       2.6    0.7      2.8
  SINCE DEC 1      7.1                       6.7    0.4      8.3
  SINCE JUL 1      9.3                       8.9    0.4     13.3
  SNOW DEPTH       0

DEGREE DAYS
 HEATING
  TODAY           19                        33    -14       26
  MONTH TO DATE  670                       594     76      589
  SINCE DEC 1   1602                      1594      8     1669
  SINCE JUL 1   2600                      2608     -8     2697

 COOLING
  TODAY            0                         0      0        0
  MONTH TO DATE    0                         0      0        0
  SINCE DEC 1      0                         0      0        0
  SINCE JAN 1      0                         0      0        0
..................................................................


WIND (MPH)
  HIGHEST WIND SPEED    22   HIGHEST WIND DIRECTION     W (290)
  HIGHEST GUST SPEED    29   HIGHEST GUST DIRECTION     W (250)
  AVERAGE WIND SPEED    13.2


SKY COVER
  POSSIBLE SUNSHINE  MM
  AVERAGE SKY COVER 0.0


WEATHER CONDITIONS
 THE FOLLOWING WEATHER WAS RECORDED TODAY.
  NO SIGNIFICANT WEATHER WAS OBSERVED.


RELATIVE HUMIDITY (PERCENT)
 HIGHEST    81           100 AM
 LOWEST     13           200 PM
 AVERAGE    47

..........................................................


THE DODGE CITY KS CLIMATE NORMALS FOR TOMORROW
                         NORMAL    RECORD    YEAR
 MAXIMUM TEMPERATURE (F)   44        75      1986
 MINIMUM TEMPERATURE (F)   20       -20      1883


SUNRISE AND SUNSET
JANUARY 18 2015.......SUNRISE   753 AM CST   SUNSET   548 PM CST
JANUARY 19 2015.......SUNRISE   753 AM CST   SUNSET   549 PM CST


-  INDICATES NEGATIVE NUMBERS.
R  INDICATES RECORD WAS SET OR TIED.
MM INDICATES DATA IS MISSING.
T  INDICATES TRACE AMOUNT.




$$
