603
CDUS43 KDDC 162329
CLIDGC


CLIMATE REPORT
NATIONAL WEATHER SERVICE DODGE CITY KS
625 PM CDT TUE AUG 16 2016


...................................

...THE DODGE CITY KS CLIMATE SUMMARY FOR AUGUST 16 2016...
VALID TODAY AS OF 0500 PM LOCAL TIME.

CLIMATE NORMAL PERIOD 1981 TO 2010
CLIMATE RECORD PERIOD 1875 TO 2016


WEATHER ITEM   OBSERVED TIME   RECORD YEAR NORMAL DEPARTURE LAST
                VALUE   (LST)  VALUE       VALUE  FROM      YEAR
                                                  NORMAL
..................................................................
TEMPERATURE (F)
 TODAY
  MAXIMUM         97    355 PM 106    1983  91      6       94
  MINIMUM         64    627 AM  55    1919  66     -2       66
                                      1879
  AVERAGE         81                        78      3       80

PRECIPITATION (IN)
  TODAY            0.00          2.22 1907   0.09  -0.09     0.00
  MONTH TO DATE    1.06                      1.51  -0.45     0.75
  SINCE JUN 1      9.07                      7.83   1.24     4.97
  SINCE JAN 1     20.19                     15.35   4.84    18.69

SNOWFALL (IN)
  TODAY            0.0           0.0  2002   0.0    0.0      0.0
                                      2001
  MONTH TO DATE    0.0                       0.0    0.0      0.0
  SINCE JUN 1      0.0                       0.0    0.0      0.0
  SINCE JUL 1      0.0                       0.0    0.0      0.0
  SNOW DEPTH       0

DEGREE DAYS
 HEATING
  TODAY            0                         0      0        0
  MONTH TO DATE    0                         0      0        0
  SINCE JUN 1      1                        14    -13        1
  SINCE JUL 1      0                         1     -1        1

 COOLING
  TODAY           16                        13      3       15
  MONTH TO DATE  228                       227      1      221
  SINCE JUN 1   1055                       957     98     1020
  SINCE JAN 1   1113                      1066     47     1081
..................................................................


WIND (MPH)
  HIGHEST WIND SPEED    17   HIGHEST WIND DIRECTION    SW (220)
  HIGHEST GUST SPEED    23   HIGHEST GUST DIRECTION    SW (240)
  AVERAGE WIND SPEED    11.4


SKY COVER
  POSSIBLE SUNSHINE  MM
  AVERAGE SKY COVER 0.0


WEATHER CONDITIONS
 THE FOLLOWING WEATHER WAS RECORDED TODAY.
  NO SIGNIFICANT WEATHER WAS OBSERVED.


RELATIVE HUMIDITY (PERCENT)
 HIGHEST    84           300 AM
 LOWEST     18           400 PM
 AVERAGE    51

..........................................................


THE DODGE CITY KS CLIMATE NORMALS FOR TOMORROW
                         NORMAL    RECORD    YEAR
 MAXIMUM TEMPERATURE (F)   91       106      1978
 MINIMUM TEMPERATURE (F)   66        53      2012


SUNRISE AND SUNSET
AUGUST 16 2016........SUNRISE   657 AM CDT   SUNSET   831 PM CDT
AUGUST 17 2016........SUNRISE   658 AM CDT   SUNSET   829 PM CDT


-  INDICATES NEGATIVE NUMBERS.
R  INDICATES RECORD WAS SET OR TIED.
MM INDICATES DATA IS MISSING.
T  INDICATES TRACE AMOUNT.




$$
