000
CDUS43 KDDC 110708
CLIDGC


CLIMATE REPORT
NATIONAL WEATHER SERVICE DODGE CITY KS
207 AM CDT THU MAY 11 2017


...................................

...THE DODGE CITY KS CLIMATE SUMMARY FOR MAY 10 2017...

CLIMATE NORMAL PERIOD 1981 TO 2010
CLIMATE RECORD PERIOD 1875 TO 2017


WEATHER ITEM   OBSERVED TIME   RECORD YEAR NORMAL DEPARTURE LAST
                VALUE   (LST)  VALUE       VALUE  FROM      YEAR
                                                  NORMAL
..................................................................
TEMPERATURE (F)
 YESTERDAY
  MAXIMUM         74    410 PM  98    1879  75     -1       83
  MINIMUM         55    510 AM  31    1981  50      5       48
                                      1924
  AVERAGE         65                        62      3       66

PRECIPITATION (IN)
  YESTERDAY        0.39          1.03 1972   0.09   0.30     0.00
  MONTH TO DATE    0.96                      0.79   0.17     0.01
  SINCE MAR 1     11.20                      4.20   7.00     8.13
  SINCE JAN 1     13.77                      5.46   8.31     8.72

SNOWFALL (IN)
  YESTERDAY        0.0           T    1992   0.0    0.0      0.0
  MONTH TO DATE    0.0                       0.0    0.0      0.0
  SINCE MAR 1      2.5                       6.0   -3.5      0.4
  SINCE JUL 1      7.5                      21.1  -13.6     10.4
  SNOW DEPTH       0

DEGREE DAYS
 HEATING
  YESTERDAY        0                         5     -5        0
  MONTH TO DATE   56                        58     -2       63
  SINCE MAR 1    850                      1050   -200      878
  SINCE JUL 1   4084                      4897   -813     4240

 COOLING
  YESTERDAY        0                         2     -2        1
  MONTH TO DATE   12                        16     -4        5
  SINCE MAR 1     53                        35     18       14
  SINCE JAN 1     53                        35     18       16
..................................................................


WIND (MPH)
  HIGHEST WIND SPEED    26   HIGHEST WIND DIRECTION    NW (300)
  HIGHEST GUST SPEED    32   HIGHEST GUST DIRECTION    NW (300)
  AVERAGE WIND SPEED     7.9


SKY COVER
  POSSIBLE SUNSHINE  MM
  AVERAGE SKY COVER 0.3


WEATHER CONDITIONS
 THE FOLLOWING WEATHER WAS RECORDED YESTERDAY.
  THUNDERSTORM
  HEAVY RAIN
  LIGHT RAIN
  FOG


RELATIVE HUMIDITY (PERCENT)
 HIGHEST   100           600 AM
 LOWEST     57           100 PM
 AVERAGE    79

..........................................................


THE DODGE CITY KS CLIMATE NORMALS FOR TODAY
                         NORMAL    RECORD    YEAR
 MAXIMUM TEMPERATURE (F)   76        99      1963
 MINIMUM TEMPERATURE (F)   50        28      1946


SUNRISE AND SUNSET
MAY 11 2017...........SUNRISE   633 AM CDT   SUNSET   840 PM CDT
MAY 12 2017...........SUNRISE   632 AM CDT   SUNSET   840 PM CDT


-  INDICATES NEGATIVE NUMBERS.
R  INDICATES RECORD WAS SET OR TIED.
MM INDICATES DATA IS MISSING.
T  INDICATES TRACE AMOUNT.




$$
