000
CDUS43 KDDC 152329
CLIDGC


CLIMATE REPORT
NATIONAL WEATHER SERVICE DODGE CITY KS
625 PM CDT THU SEP 15 2016


...................................

...THE DODGE CITY KS CLIMATE SUMMARY FOR SEPTEMBER 15 2016...
VALID TODAY AS OF 0500 PM LOCAL TIME.

CLIMATE NORMAL PERIOD 1981 TO 2010
CLIMATE RECORD PERIOD 1875 TO 2016


WEATHER ITEM   OBSERVED TIME   RECORD YEAR NORMAL DEPARTURE LAST
                VALUE   (LST)  VALUE       VALUE  FROM      YEAR
                                                  NORMAL
..................................................................
TEMPERATURE (F)
 TODAY
  MAXIMUM         91    341 PM 101    1978  83      8       95
  MINIMUM         65    352 AM  36    1993  56      9       65
  AVERAGE         78                        70      8       80

PRECIPITATION (IN)
  TODAY            0.00          1.82 1976   0.06  -0.06     0.00
  MONTH TO DATE    0.29                      0.95  -0.66     0.79
  SINCE SEP 1      0.29                      0.95  -0.66     0.79
  SINCE JAN 1     22.30                     17.54   4.76    20.48

SNOWFALL (IN)
  TODAY            0.0           T    1987   0.0    0.0      0.0
  MONTH TO DATE    0.0                       0.0    0.0      0.0
  SINCE SEP 1      0.0                       0.0    0.0      0.0
  SINCE JUL 1      0.0                       0.0    0.0      0.0
  SNOW DEPTH       0

DEGREE DAYS
 HEATING
  TODAY            0                         2     -2        0
  MONTH TO DATE    6                        12     -6        0
  SINCE SEP 1      6                        12     -6        0
  SINCE JUL 1      6                        16    -10        2

 COOLING
  TODAY           13                         6      7       15
  MONTH TO DATE  140                       123     17      194
  SINCE SEP 1    140                       123     17      194
  SINCE JAN 1   1394                      1369     25     1392
..................................................................


WIND (MPH)
  HIGHEST WIND SPEED    22   HIGHEST WIND DIRECTION     S (180)
  HIGHEST GUST SPEED    28   HIGHEST GUST DIRECTION     S (200)
  AVERAGE WIND SPEED    13.0


SKY COVER
  POSSIBLE SUNSHINE  MM
  AVERAGE SKY COVER 0.2


WEATHER CONDITIONS
 THE FOLLOWING WEATHER WAS RECORDED TODAY.
  FOG


RELATIVE HUMIDITY (PERCENT)
 HIGHEST   100           400 AM
 LOWEST     27           300 PM
 AVERAGE    64

..........................................................


THE DODGE CITY KS CLIMATE NORMALS FOR TOMORROW
                         NORMAL    RECORD    YEAR
 MAXIMUM TEMPERATURE (F)   82        99      1905
 MINIMUM TEMPERATURE (F)   56        39      1881


SUNRISE AND SUNSET
SEPTEMBER 15 2016.....SUNRISE   722 AM CDT   SUNSET   747 PM CDT
SEPTEMBER 16 2016.....SUNRISE   723 AM CDT   SUNSET   745 PM CDT


-  INDICATES NEGATIVE NUMBERS.
R  INDICATES RECORD WAS SET OR TIED.
MM INDICATES DATA IS MISSING.
T  INDICATES TRACE AMOUNT.




$$
