000
CDUS43 KDDC 281425
CLIDGC


CLIMATE REPORT
NATIONAL WEATHER SERVICE DODGE CITY KS
825 AM CST MON NOV 28 2016


...................................

...THE DODGE CITY KS CLIMATE SUMMARY FOR NOVEMBER 28 2016...
VALID AS OF 0800 AM LOCAL TIME.

CLIMATE NORMAL PERIOD 1981 TO 2010
CLIMATE RECORD PERIOD 1875 TO 2016


WEATHER ITEM   OBSERVED TIME   RECORD YEAR NORMAL DEPARTURE LAST
                VALUE   (LST)  VALUE       VALUE  FROM      YEAR
                                                  NORMAL
..................................................................
TEMPERATURE (F)
 TODAY
  MAXIMUM         45   1200 AM  78    2014  49     -4       26
  MINIMUM         32    709 AM   0    1958  25      7       21
  AVERAGE         39                        37      2       24

PRECIPITATION (IN)
  TODAY            0.00          2.08 1909   0.02  -0.02     0.04
  MONTH TO DATE    0.37                      0.72  -0.35     1.93
  SINCE SEP 1      0.77                      4.13  -3.36     6.16
  SINCE JAN 1     22.78                     20.72   2.06    25.85

SNOWFALL (IN)
  TODAY            0.0           1.5  1898   0.1   -0.1      0.0
  MONTH TO DATE    0.0                       1.6   -1.6      0.7
  SINCE SEP 1      0.0                       2.0   -2.0      0.7
  SINCE JUL 1      0.0                       2.0   -2.0      0.7
  SNOW DEPTH       0

..................................................................


WIND (MPH)
  HIGHEST WIND SPEED    20   HIGHEST WIND DIRECTION     W (270)
  HIGHEST GUST SPEED    25   HIGHEST GUST DIRECTION     W (270)
  AVERAGE WIND SPEED    13.2



WEATHER CONDITIONS
 THE FOLLOWING WEATHER WAS RECORDED TODAY.
  NO SIGNIFICANT WEATHER WAS OBSERVED.


RELATIVE HUMIDITY (PERCENT)
 HIGHEST    56           600 AM
 LOWEST     33          1200 AM

..........................................................


THE DODGE CITY KS CLIMATE NORMALS FOR TOMORROW
                         NORMAL    RECORD    YEAR
 MAXIMUM TEMPERATURE (F)   49        79      2014
 MINIMUM TEMPERATURE (F)   25        -3      1880


SUNRISE AND SUNSET
NOVEMBER 28 2016......SUNRISE   734 AM CST   SUNSET   522 PM CST
NOVEMBER 29 2016......SUNRISE   735 AM CST   SUNSET   522 PM CST


-  INDICATES NEGATIVE NUMBERS.
R  INDICATES RECORD WAS SET OR TIED.
MM INDICATES DATA IS MISSING.
T  INDICATES TRACE AMOUNT.




$$
