000
CDUS43 KDDC 142327
CLIDGC


CLIMATE REPORT
NATIONAL WEATHER SERVICE DODGE CITY KS
527 PM CST FRI NOV 14 2014


...................................

...THE DODGE CITY KS CLIMATE SUMMARY FOR NOVEMBER 14 2014...
VALID TODAY AS OF 0500 PM LOCAL TIME.

CLIMATE NORMAL PERIOD 1981 TO 2010
CLIMATE RECORD PERIOD 1875 TO 2014


WEATHER ITEM   OBSERVED TIME   RECORD YEAR NORMAL DEPARTURE LAST
                VALUE   (LST)  VALUE       VALUE  FROM      YEAR
                                                  NORMAL
..................................................................
TEMPERATURE (F)
 TODAY
  MAXIMUM         36    335 PM  82    1988  57    -21       55
  MINIMUM         14    149 AM   2    1940  31    -17       31
                                      1916
  AVERAGE         25                        44    -19       43

PRECIPITATION (IN)
  TODAY            0.00          0.71 1947   0.03  -0.03     0.00
  MONTH TO DATE    T                         0.43  -0.43     0.62
  SINCE SEP 1      3.80                      3.84  -0.04     4.58
  SINCE JAN 1     22.03                     20.43   1.60    20.06

SNOWFALL (IN)
  TODAY            0.0           2.6  1985   0.0    0.0      0.0
  MONTH TO DATE    T                         0.4   -0.4      0.0
  SINCE SEP 1      T                         0.8   -0.8      2.7
  SINCE JUL 1      T                         0.8   -0.8      2.7
  SNOW DEPTH       0

DEGREE DAYS
 HEATING
  TODAY           40                        21     19       22
  MONTH TO DATE  311                       252     59      265
  SINCE SEP 1    551                       604    -53      605
  SINCE JUL 1    564                       608    -44      605

 COOLING
  TODAY            0                         0      0        0
  MONTH TO DATE    0                         0      0        0
  SINCE SEP 1    230                       216     14      277
  SINCE JAN 1   1475                      1462     13     1641
..................................................................


WIND (MPH)
  HIGHEST WIND SPEED    25   HIGHEST WIND DIRECTION     S (170)
  HIGHEST GUST SPEED    30   HIGHEST GUST DIRECTION    SE (150)
  AVERAGE WIND SPEED    15.2


SKY COVER
  POSSIBLE SUNSHINE  MM
  AVERAGE SKY COVER 0.7


WEATHER CONDITIONS
 THE FOLLOWING WEATHER WAS RECORDED TODAY.
  NO SIGNIFICANT WEATHER WAS OBSERVED.


RELATIVE HUMIDITY (PERCENT)
 HIGHEST    61          1200 AM
 LOWEST     35           200 PM
 AVERAGE    48

..........................................................


THE DODGE CITY KS CLIMATE NORMALS FOR TOMORROW
                         NORMAL    RECORD    YEAR
 MAXIMUM TEMPERATURE (F)   56        83      1894
 MINIMUM TEMPERATURE (F)   30        10      1955


SUNRISE AND SUNSET
NOVEMBER 14 2014......SUNRISE   719 AM CST   SUNSET   529 PM CST
NOVEMBER 15 2014......SUNRISE   720 AM CST   SUNSET   529 PM CST


-  INDICATES NEGATIVE NUMBERS.
R  INDICATES RECORD WAS SET OR TIED.
MM INDICATES DATA IS MISSING.
T  INDICATES TRACE AMOUNT.




$$
