000
CDUS43 KDDC 110705
CLIDGC


CLIMATE REPORT
NATIONAL WEATHER SERVICE DODGE CITY KS
105 AM CST SAT MAR 11 2017


...................................

...THE DODGE CITY KS CLIMATE SUMMARY FOR MARCH 10 2017...

CLIMATE NORMAL PERIOD 1981 TO 2010
CLIMATE RECORD PERIOD 1875 TO 2017


WEATHER ITEM   OBSERVED TIME   RECORD YEAR NORMAL DEPARTURE LAST
                VALUE   (LST)  VALUE       VALUE  FROM      YEAR
                                                  NORMAL
..................................................................
TEMPERATURE (F)
 YESTERDAY
  MAXIMUM         42    432 PM  93    1989  56    -14       68
  MINIMUM         22    736 AM -11    1948  30     -8       33
  AVERAGE         32                        43    -11       51

PRECIPITATION (IN)
  YESTERDAY        0.00          2.54 1973   0.04  -0.04     0.00
  MONTH TO DATE    0.00                      0.40  -0.40      T
  SINCE MAR 1      0.00                      0.40  -0.40      T
  SINCE JAN 1      2.57                      1.66   0.91     0.59

SNOWFALL (IN)
  YESTERDAY        0.0           5.0  1922   0.1   -0.1      0.0
  MONTH TO DATE    0.0                       1.5   -1.5      0.0
  SINCE MAR 1      0.0                       1.5   -1.5      0.0
  SINCE JUL 1      5.0                      16.6  -11.6     10.0
  SNOW DEPTH       0

DEGREE DAYS
 HEATING
  YESTERDAY       33                        22     11       14
  MONTH TO DATE  169                       238    -69      141
  SINCE MAR 1    169                       238    -69      141
  SINCE JUL 1   3403                      4085   -682     3503

 COOLING
  YESTERDAY        0                         0      0        0
  MONTH TO DATE    0                         0      0        0
  SINCE MAR 1      0                         0      0        0
  SINCE JAN 1      0                         0      0        2
..................................................................


WIND (MPH)
  HIGHEST WIND SPEED    26   HIGHEST WIND DIRECTION    NE (40)
  HIGHEST GUST SPEED    33   HIGHEST GUST DIRECTION    NE (30)
  AVERAGE WIND SPEED    12.4


SKY COVER
  POSSIBLE SUNSHINE  MM
  AVERAGE SKY COVER 0.6


WEATHER CONDITIONS
 THE FOLLOWING WEATHER WAS RECORDED YESTERDAY.
  NO SIGNIFICANT WEATHER WAS OBSERVED.


RELATIVE HUMIDITY (PERCENT)
 HIGHEST    81           500 AM
 LOWEST     40           300 PM
 AVERAGE    61

..........................................................


THE DODGE CITY KS CLIMATE NORMALS FOR TODAY
                         NORMAL    RECORD    YEAR
 MAXIMUM TEMPERATURE (F)   56        89      1989
 MINIMUM TEMPERATURE (F)   30       -15      1948


SUNRISE AND SUNSET
MARCH 11 2017.........SUNRISE   656 AM CST   SUNSET   644 PM CST
MARCH 12 2017.........SUNRISE   755 AM CDT   SUNSET   745 PM CDT


-  INDICATES NEGATIVE NUMBERS.
R  INDICATES RECORD WAS SET OR TIED.
MM INDICATES DATA IS MISSING.
T  INDICATES TRACE AMOUNT.




$$
