000
CDUS43 KDDC 100709
CLIDGC


CLIMATE REPORT
NATIONAL WEATHER SERVICE DODGE CITY KS
208 AM CDT MON APR 10 2017


...................................

...THE DODGE CITY KS CLIMATE SUMMARY FOR APRIL 9 2017...

CLIMATE NORMAL PERIOD 1981 TO 2010
CLIMATE RECORD PERIOD 1875 TO 2017


WEATHER ITEM   OBSERVED TIME   RECORD YEAR NORMAL DEPARTURE LAST
                VALUE   (LST)  VALUE       VALUE  FROM      YEAR
                                                  NORMAL
..................................................................
TEMPERATURE (F)
 YESTERDAY
  MAXIMUM         83    451 PM  94    2011  65     18       75
  MINIMUM         49   1146 PM  17    1973  38     11       41
  AVERAGE         66                        52     14       58

PRECIPITATION (IN)
  YESTERDAY        0.00          1.66 1947   0.06  -0.06     0.00
  MONTH TO DATE    3.67                      0.50   3.17      T
  SINCE MAR 1      6.25                      2.09   4.16     0.04
  SINCE JAN 1      8.82                      3.35   5.47     0.63

SNOWFALL (IN)
  YESTERDAY        0.0           7.4  1919   0.1   -0.1      0.0
  MONTH TO DATE    0.0                       0.7   -0.7      0.0
  SINCE MAR 1      0.0                       5.6   -5.6      0.4
  SINCE JUL 1      5.0                      20.7  -15.7     10.4
  SNOW DEPTH       0

DEGREE DAYS
 HEATING
  YESTERDAY        0                        14    -14        7
  MONTH TO DATE  109                       134    -25       93
  SINCE MAR 1    593                       774   -181      599
  SINCE JUL 1   3827                      4621   -794     3961

 COOLING
  YESTERDAY        1                         0      1        0
  MONTH TO DATE    4                         0      4        4
  SINCE MAR 1     13                         1     12        6
  SINCE JAN 1     13                         1     12        8
..................................................................


WIND (MPH)
  HIGHEST WIND SPEED    26   HIGHEST WIND DIRECTION     N (350)
  HIGHEST GUST SPEED    39   HIGHEST GUST DIRECTION    SW (230)
  AVERAGE WIND SPEED    14.7


SKY COVER
  POSSIBLE SUNSHINE  MM
  AVERAGE SKY COVER 0.0


WEATHER CONDITIONS
 THE FOLLOWING WEATHER WAS RECORDED YESTERDAY.
  HAZE


RELATIVE HUMIDITY (PERCENT)
 HIGHEST    63           400 AM
 LOWEST      9           400 PM
 AVERAGE    36

..........................................................


THE DODGE CITY KS CLIMATE NORMALS FOR TODAY
                         NORMAL    RECORD    YEAR
 MAXIMUM TEMPERATURE (F)   66        91      1896
 MINIMUM TEMPERATURE (F)   38        16      1973


SUNRISE AND SUNSET
APRIL 10 2017.........SUNRISE   711 AM CDT   SUNSET   811 PM CDT
APRIL 11 2017.........SUNRISE   710 AM CDT   SUNSET   812 PM CDT


-  INDICATES NEGATIVE NUMBERS.
R  INDICATES RECORD WAS SET OR TIED.
MM INDICATES DATA IS MISSING.
T  INDICATES TRACE AMOUNT.




$$
