000
CDUS43 KDDC 040725
CLIDGC


CLIMATE REPORT
NATIONAL WEATHER SERVICE DODGE CITY KS
125 AM CST THU JAN 4 2018


...................................

...THE DODGE CITY KS CLIMATE SUMMARY FOR JANUARY 3 2018...

CLIMATE NORMAL PERIOD 1981 TO 2010
CLIMATE RECORD PERIOD 1875 TO 2018


WEATHER ITEM   OBSERVED TIME   RECORD YEAR NORMAL DEPARTURE LAST
                VALUE   (LST)  VALUE       VALUE  FROM      YEAR
                                                  NORMAL
..................................................................
TEMPERATURE (F)
 YESTERDAY
  MAXIMUM         46    330 PM  78    2006  43      3       31
  MINIMUM         19    334 AM -17    1911  20     -1       11
  AVERAGE         33                        32      1       21

PRECIPITATION (IN)
  YESTERDAY        0.00          0.71 1971   0.02  -0.02     0.00
  MONTH TO DATE    0.00                      0.06  -0.06     0.00
  SINCE DEC 1      T                         0.90  -0.90     0.62
  SINCE JAN 1      0.00                      0.06  -0.06     0.00

SNOWFALL (IN)
  YESTERDAY        0.0           7.4  1971   0.1   -0.1      0.0
  MONTH TO DATE    0.0                       0.4   -0.4      0.0
  SINCE DEC 1      T                         4.5   -4.5      2.3
  SINCE JUL 1      T                         6.7   -6.7      2.3
  SNOW DEPTH       0

DEGREE DAYS
 HEATING
  YESTERDAY       32                        33     -1       44
  MONTH TO DATE  143                        99     44       97
  SINCE DEC 1   1123                      1099     24     1174
  SINCE JUL 1   1977                      2113   -136     1770

 COOLING
  YESTERDAY        0                         0      0        0
  MONTH TO DATE    0                         0      0        0
  SINCE DEC 1      0                         0      0        0
  SINCE JAN 1      0                         0      0        0
..................................................................


WIND (MPH)
  HIGHEST WIND SPEED    17   HIGHEST WIND DIRECTION    NW (320)
  HIGHEST GUST SPEED    28   HIGHEST GUST DIRECTION    NW (320)
  AVERAGE WIND SPEED    10.0


SKY COVER
  POSSIBLE SUNSHINE  MM
  AVERAGE SKY COVER 0.0


WEATHER CONDITIONS
 THE FOLLOWING WEATHER WAS RECORDED YESTERDAY.
  NO SIGNIFICANT WEATHER WAS OBSERVED.


RELATIVE HUMIDITY (PERCENT)
 HIGHEST    65          1100 PM
 LOWEST     31           300 PM
 AVERAGE    48

..........................................................


THE DODGE CITY KS CLIMATE NORMALS FOR TODAY
                         NORMAL    RECORD    YEAR
 MAXIMUM TEMPERATURE (F)   43        73      1956
                                             1916
 MINIMUM TEMPERATURE (F)   20       -12      1959


SUNRISE AND SUNSET
JANUARY  4 2018.......SUNRISE   756 AM CST   SUNSET   534 PM CST
JANUARY  5 2018.......SUNRISE   756 AM CST   SUNSET   535 PM CST


-  INDICATES NEGATIVE NUMBERS.
R  INDICATES RECORD WAS SET OR TIED.
MM INDICATES DATA IS MISSING.
T  INDICATES TRACE AMOUNT.




$$
