000
CDUS43 KDDC 270707
CLIDGC


CLIMATE REPORT
NATIONAL WEATHER SERVICE DODGE CITY KS
106 AM CST SUN NOV 27 2016


...................................

...THE DODGE CITY KS CLIMATE SUMMARY FOR NOVEMBER 26 2016...

CLIMATE NORMAL PERIOD 1981 TO 2010
CLIMATE RECORD PERIOD 1875 TO 2016


WEATHER ITEM   OBSERVED TIME   RECORD YEAR NORMAL DEPARTURE LAST
                VALUE   (LST)  VALUE       VALUE  FROM      YEAR
                                                  NORMAL
..................................................................
TEMPERATURE (F)
 YESTERDAY
  MAXIMUM         66    418 PM  80    1910  50     16       39
                                      1894
  MINIMUM         30   1251 AM   0    1887  26      4       24
                                      1880
  AVERAGE         48                        38     10       32

PRECIPITATION (IN)
  YESTERDAY        0.00          0.68 1935   0.02  -0.02     0.53
  MONTH TO DATE    0.36                      0.67  -0.31     1.74
  SINCE SEP 1      0.76                      4.08  -3.32     5.97
  SINCE JAN 1     22.77                     20.67   2.10    25.66

SNOWFALL (IN)
  YESTERDAY        0.0           2.4  1931   0.1   -0.1       T
  MONTH TO DATE    0.0                       1.4   -1.4      0.1
  SINCE SEP 1      0.0                       1.8   -1.8      0.1
  SINCE JUL 1      0.0                       1.8   -1.8      0.1
  SNOW DEPTH       0

DEGREE DAYS
 HEATING
  YESTERDAY       17                        27    -10       33
  MONTH TO DATE  366                       546   -180      448
  SINCE SEP 1    514                       898   -384      672
  SINCE JUL 1    514                       902   -388      674

 COOLING
  YESTERDAY        0                         0      0        0
  MONTH TO DATE    0                         0      0        0
  SINCE SEP 1    326                       216    110      314
  SINCE JAN 1   1580                      1462    118     1512
..................................................................


WIND (MPH)
  HIGHEST WIND SPEED    24   HIGHEST WIND DIRECTION    SW (210)
  HIGHEST GUST SPEED    30   HIGHEST GUST DIRECTION    SW (220)
  AVERAGE WIND SPEED    15.7


SKY COVER
  POSSIBLE SUNSHINE  MM
  AVERAGE SKY COVER 0.0


WEATHER CONDITIONS
 THE FOLLOWING WEATHER WAS RECORDED YESTERDAY.
  NO SIGNIFICANT WEATHER WAS OBSERVED.


RELATIVE HUMIDITY (PERCENT)
 HIGHEST    76          1100 PM
 LOWEST     30           200 PM
 AVERAGE    53

..........................................................


THE DODGE CITY KS CLIMATE NORMALS FOR TODAY
                         NORMAL    RECORD    YEAR
 MAXIMUM TEMPERATURE (F)   50        81      1933
 MINIMUM TEMPERATURE (F)   25       -13      1887


SUNRISE AND SUNSET
NOVEMBER 27 2016......SUNRISE   733 AM CST   SUNSET   522 PM CST
NOVEMBER 28 2016......SUNRISE   734 AM CST   SUNSET   522 PM CST


-  INDICATES NEGATIVE NUMBERS.
R  INDICATES RECORD WAS SET OR TIED.
MM INDICATES DATA IS MISSING.
T  INDICATES TRACE AMOUNT.




$$
