000
CDUS43 KDDC 031430
CLIDGC


CLIMATE REPORT
NATIONAL WEATHER SERVICE DODGE CITY KS
929 AM CDT FRI NOV 3 2017


...................................

...THE DODGE CITY KS CLIMATE SUMMARY FOR NOVEMBER 3 2017...
VALID AS OF 0800 AM LOCAL TIME.

CLIMATE NORMAL PERIOD 1981 TO 2010
CLIMATE RECORD PERIOD 1875 TO 2017


WEATHER ITEM   OBSERVED TIME   RECORD YEAR NORMAL DEPARTURE LAST
                VALUE   (LST)  VALUE       VALUE  FROM      YEAR
                                                  NORMAL
..................................................................
TEMPERATURE (F)
 TODAY
  MAXIMUM         36    701 AM  85    2005  63    -27       74
  MINIMUM         29    240 AM   3    1991  36     -7       42
  AVERAGE         33                        49    -16       58

PRECIPITATION (IN)
  TODAY            0.00          0.53 1903   0.04  -0.04     0.00
  MONTH TO DATE    0.00                      0.11  -0.11     0.05
  SINCE SEP 1      1.91                      3.52  -1.61     0.45
  SINCE JAN 1     25.56                     20.11   5.45    22.46

SNOWFALL (IN)
  TODAY            0.0           0.6  1911   0.1   -0.1      0.0
  MONTH TO DATE    0.0                       0.1   -0.1      0.0
  SINCE SEP 1      0.0                       0.5   -0.5      0.0
  SINCE JUL 1      0.0                       0.5   -0.5      0.0
  SNOW DEPTH       0

..................................................................


WIND (MPH)
  HIGHEST WIND SPEED    15   HIGHEST WIND DIRECTION    NE (40)
  HIGHEST GUST SPEED    19   HIGHEST GUST DIRECTION    NE (40)
  AVERAGE WIND SPEED     9.2



WEATHER CONDITIONS
 THE FOLLOWING WEATHER WAS RECORDED TODAY.
  FOG


RELATIVE HUMIDITY (PERCENT)
 HIGHEST    92           300 AM
 LOWEST     85           200 AM

..........................................................


THE DODGE CITY KS CLIMATE NORMALS FOR TOMORROW
                         NORMAL    RECORD    YEAR
 MAXIMUM TEMPERATURE (F)   62        81      1891
 MINIMUM TEMPERATURE (F)   36         9      1991


SUNRISE AND SUNSET
NOVEMBER  3 2017......SUNRISE   808 AM CDT   SUNSET   639 PM CDT
NOVEMBER  4 2017......SUNRISE   809 AM CDT   SUNSET   638 PM CDT


-  INDICATES NEGATIVE NUMBERS.
R  INDICATES RECORD WAS SET OR TIED.
MM INDICATES DATA IS MISSING.
T  INDICATES TRACE AMOUNT.




$$
