000
CDUS43 KDDC 132325
CLIDGC


CLIMATE REPORT
NATIONAL WEATHER SERVICE DODGE CITY KS
525 PM CST MON FEB 13 2017


...................................

...THE DODGE CITY KS CLIMATE SUMMARY FOR FEBRUARY 13 2017...
VALID TODAY AS OF 0500 PM LOCAL TIME.

CLIMATE NORMAL PERIOD 1981 TO 2010
CLIMATE RECORD PERIOD 1875 TO 2017


WEATHER ITEM   OBSERVED TIME   RECORD YEAR NORMAL DEPARTURE LAST
                VALUE   (LST)  VALUE       VALUE  FROM      YEAR
                                                  NORMAL
..................................................................
TEMPERATURE (F)
 TODAY
  MAXIMUM         44    128 PM  79    1954  48     -4       45
  MINIMUM         29    705 AM -20    1905  23      6       19
  AVERAGE         37                        35      2       32

PRECIPITATION (IN)
  TODAY            T             1.13 1883   0.02  -0.02     0.00
  MONTH TO DATE    T                         0.30  -0.30     0.31
  SINCE DEC 1      3.18                      1.72   1.46     3.02
  SINCE JAN 1      2.56                      0.88   1.68     0.59

SNOWFALL (IN)
  TODAY            0.0           3.8  1908   0.1   -0.1      0.0
  MONTH TO DATE    0.0                       2.0   -2.0      0.1
  SINCE DEC 1      5.0                      11.0   -6.0      8.9
  SINCE JUL 1      5.0                      13.2   -8.2     10.0
  SNOW DEPTH       0

DEGREE DAYS
 HEATING
  TODAY           28                        30     -2       33
  MONTH TO DATE  314                       402    -88      391
  SINCE DEC 1   2364                      2420    -56     2238
  SINCE JUL 1   2960                      3434   -474     3068

 COOLING
  TODAY            0                         0      0        0
  MONTH TO DATE    0                         0      0        0
  SINCE DEC 1      0                         0      0        0
  SINCE JAN 1      0                         0      0        0
..................................................................


WIND (MPH)
  HIGHEST WIND SPEED    17   HIGHEST WIND DIRECTION     S (190)
  HIGHEST GUST SPEED    19   HIGHEST GUST DIRECTION     S (190)
  AVERAGE WIND SPEED     6.2


SKY COVER
  POSSIBLE SUNSHINE  MM
  AVERAGE SKY COVER 0.8


WEATHER CONDITIONS
 THE FOLLOWING WEATHER WAS RECORDED TODAY.
  LIGHT RAIN


RELATIVE HUMIDITY (PERCENT)
 HIGHEST    78           700 AM
 LOWEST     36          1200 PM
 AVERAGE    57

..........................................................


THE DODGE CITY KS CLIMATE NORMALS FOR TOMORROW
                         NORMAL    RECORD    YEAR
 MAXIMUM TEMPERATURE (F)   48        85      1954
 MINIMUM TEMPERATURE (F)   23        -5      1936
                                             1884


SUNRISE AND SUNSET
FEBRUARY 13 2017......SUNRISE   731 AM CST   SUNSET   617 PM CST
FEBRUARY 14 2017......SUNRISE   730 AM CST   SUNSET   618 PM CST


-  INDICATES NEGATIVE NUMBERS.
R  INDICATES RECORD WAS SET OR TIED.
MM INDICATES DATA IS MISSING.
T  INDICATES TRACE AMOUNT.




$$
