000
CDUS43 KDDC 181426
CLIDGC


CLIMATE REPORT
NATIONAL WEATHER SERVICE DODGE CITY KS
826 AM CST FRI NOV 18 2016


...................................

...THE DODGE CITY KS CLIMATE SUMMARY FOR NOVEMBER 18 2016...
VALID AS OF 0800 AM LOCAL TIME.

CLIMATE NORMAL PERIOD 1981 TO 2010
CLIMATE RECORD PERIOD 1875 TO 2016


WEATHER ITEM   OBSERVED TIME   RECORD YEAR NORMAL DEPARTURE LAST
                VALUE   (LST)  VALUE       VALUE  FROM      YEAR
                                                  NORMAL
..................................................................
TEMPERATURE (F)
 TODAY
  MAXIMUM         40   1240 AM  77    1875  55    -15       59
  MINIMUM         32    759 AM  -7    1880  29      3       30
  AVERAGE         36                        42     -6       45

PRECIPITATION (IN)
  TODAY            0.00          0.35 1948   0.02  -0.02     0.02
  MONTH TO DATE    0.36                      0.51  -0.15     1.21
  SINCE SEP 1      0.76                      3.92  -3.16     5.44
  SINCE JAN 1     22.77                     20.51   2.26    25.13

SNOWFALL (IN)
  TODAY            0.0           5.0  1948   0.1   -0.1      0.1
  MONTH TO DATE    0.0                       0.7   -0.7      0.1
  SINCE SEP 1      0.0                       1.1   -1.1      0.1
  SINCE JUL 1      0.0                       1.1   -1.1      0.1
  SNOW DEPTH       0

..................................................................


WIND (MPH)
  HIGHEST WIND SPEED    38   HIGHEST WIND DIRECTION    NW (320)
  HIGHEST GUST SPEED    47   HIGHEST GUST DIRECTION    NW (320)
  AVERAGE WIND SPEED    26.7



WEATHER CONDITIONS
 THE FOLLOWING WEATHER WAS RECORDED TODAY.
  NO SIGNIFICANT WEATHER WAS OBSERVED.


RELATIVE HUMIDITY (PERCENT)
 HIGHEST    79          1200 AM
 LOWEST     66           800 AM

..........................................................


THE DODGE CITY KS CLIMATE NORMALS FOR TOMORROW
                         NORMAL    RECORD    YEAR
 MAXIMUM TEMPERATURE (F)   54        82      2007
                                             1942
 MINIMUM TEMPERATURE (F)   29         0      1880


SUNRISE AND SUNSET
NOVEMBER 18 2016......SUNRISE   724 AM CST   SUNSET   526 PM CST
NOVEMBER 19 2016......SUNRISE   725 AM CST   SUNSET   526 PM CST


-  INDICATES NEGATIVE NUMBERS.
R  INDICATES RECORD WAS SET OR TIED.
MM INDICATES DATA IS MISSING.
T  INDICATES TRACE AMOUNT.




$$
