000
CDUS43 KDDC 181008
CLIDGC


CLIMATE REPORT
NATIONAL WEATHER SERVICE DODGE CITY KS
408 AM CST THU DEC 18 2014


...................................

...THE DODGE CITY KS CLIMATE SUMMARY FOR DECEMBER 17 2014...

CLIMATE NORMAL PERIOD 1981 TO 2010
CLIMATE RECORD PERIOD 1875 TO 2014


WEATHER ITEM   OBSERVED TIME   RECORD YEAR NORMAL DEPARTURE LAST
                VALUE   (LST)  VALUE       VALUE  FROM      YEAR
                                                  NORMAL
..................................................................
TEMPERATURE (F)
 YESTERDAY
  MAXIMUM         37   1125 AM  79    1939  44     -7       56
  MINIMUM         29   1159 PM  -5    1902  21      8       25
  AVERAGE         33                        32      1       41

PRECIPITATION (IN)
  YESTERDAY        0.07          0.42 1918   0.03   0.04     0.00
  MONTH TO DATE    0.87                      0.45   0.42     0.05
  SINCE DEC 1      0.87                      0.45   0.42     0.05
  SINCE JAN 1     23.05                     21.21   1.84    20.29

SNOWFALL (IN)
  YESTERDAY        0.6           3.8  1918   0.1    0.5      0.0
  MONTH TO DATE    0.6                       2.2   -1.6      1.9
  SINCE DEC 1      0.6                       2.2   -1.6      1.9
  SINCE JUL 1      2.8                       4.4   -1.6      6.9
  SNOW DEPTH       0

DEGREE DAYS
 HEATING
  YESTERDAY       32                        33     -1       24
  MONTH TO DATE  432                       533   -101      608
  SINCE DEC 1    432                       533   -101      608
  SINCE JUL 1   1430                      1547   -117     1636

 COOLING
  YESTERDAY        0                         0      0        0
  MONTH TO DATE    0                         0      0        0
  SINCE DEC 1      0                         0      0        0
  SINCE JAN 1   1475                      1463     12     1641
..................................................................


WIND (MPH)
  HIGHEST WIND SPEED    22   HIGHEST WIND DIRECTION    SE (150)
  HIGHEST GUST SPEED    27   HIGHEST GUST DIRECTION    SE (130)
  AVERAGE WIND SPEED    14.4


SKY COVER
  POSSIBLE SUNSHINE  MM
  AVERAGE SKY COVER 0.7


WEATHER CONDITIONS
 THE FOLLOWING WEATHER WAS RECORDED YESTERDAY.
  LIGHT SNOW
  FOG
  HAZE


RELATIVE HUMIDITY (PERCENT)
 HIGHEST    92           600 PM
 LOWEST     64          1100 AM
 AVERAGE    78

..........................................................


THE DODGE CITY KS CLIMATE NORMALS FOR TODAY
                         NORMAL    RECORD    YEAR
 MAXIMUM TEMPERATURE (F)   43        71      1979
 MINIMUM TEMPERATURE (F)   21        -9      1924


SUNRISE AND SUNSET
DECEMBER 18 2014......SUNRISE   750 AM CST   SUNSET   523 PM CST
DECEMBER 19 2014......SUNRISE   750 AM CST   SUNSET   524 PM CST


-  INDICATES NEGATIVE NUMBERS.
R  INDICATES RECORD WAS SET OR TIED.
MM INDICATES DATA IS MISSING.
T  INDICATES TRACE AMOUNT.




$$
