000
CDUS43 KDDC 181007
CLIDGC


CLIMATE REPORT
NATIONAL WEATHER SERVICE DODGE CITY KS
406 AM CST SUN JAN 18 2015


...................................

...THE DODGE CITY KS CLIMATE SUMMARY FOR JANUARY 17 2015...

CLIMATE NORMAL PERIOD 1981 TO 2010
CLIMATE RECORD PERIOD 1875 TO 2015


WEATHER ITEM   OBSERVED TIME   RECORD YEAR NORMAL DEPARTURE LAST
                VALUE   (LST)  VALUE       VALUE  FROM      YEAR
                                                  NORMAL
..................................................................
TEMPERATURE (F)
 YESTERDAY
  MAXIMUM         57    155 PM  73    1923  44     13       54
  MINIMUM         30    216 AM -12    1930  20     10       19
  AVERAGE         44                        32     12       37

PRECIPITATION (IN)
  YESTERDAY        0.00          0.33 1996   0.02  -0.02     0.00
  MONTH TO DATE    0.23                      0.30  -0.07     0.16
  SINCE DEC 1      1.23                      1.14   0.09     0.64
  SINCE JAN 1      0.23                      0.30  -0.07     0.16

SNOWFALL (IN)
  YESTERDAY        0.0           2.0  1960   0.2   -0.2      0.0
  MONTH TO DATE    3.3                       2.5    0.8      2.8
  SINCE DEC 1      7.1                       6.6    0.5      8.3
  SINCE JUL 1      9.3                       8.8    0.5     13.3
  SNOW DEPTH       0

DEGREE DAYS
 HEATING
  YESTERDAY       21                        33    -12       28
  MONTH TO DATE  651                       561     90      563
  SINCE DEC 1   1583                      1561     22     1643
  SINCE JUL 1   2581                      2575      6     2671

 COOLING
  YESTERDAY        0                         0      0        0
  MONTH TO DATE    0                         0      0        0
  SINCE DEC 1      0                         0      0        0
  SINCE JAN 1      0                         0      0        0
..................................................................


WIND (MPH)
  HIGHEST WIND SPEED    30   HIGHEST WIND DIRECTION     N (350)
  HIGHEST GUST SPEED    37   HIGHEST GUST DIRECTION     N (350)
  AVERAGE WIND SPEED    13.7


SKY COVER
  POSSIBLE SUNSHINE  MM
  AVERAGE SKY COVER 0.0


WEATHER CONDITIONS
 THE FOLLOWING WEATHER WAS RECORDED YESTERDAY.
  NO SIGNIFICANT WEATHER WAS OBSERVED.


RELATIVE HUMIDITY (PERCENT)
 HIGHEST    64           300 AM
 LOWEST     24           300 PM
 AVERAGE    44

..........................................................


THE DODGE CITY KS CLIMATE NORMALS FOR TODAY
                         NORMAL    RECORD    YEAR
 MAXIMUM TEMPERATURE (F)   44        68      1951
                                             1920
                                             1880
 MINIMUM TEMPERATURE (F)   20       -14      1943


SUNRISE AND SUNSET
JANUARY 18 2015.......SUNRISE   753 AM CST   SUNSET   548 PM CST
JANUARY 19 2015.......SUNRISE   753 AM CST   SUNSET   549 PM CST


-  INDICATES NEGATIVE NUMBERS.
R  INDICATES RECORD WAS SET OR TIED.
MM INDICATES DATA IS MISSING.
T  INDICATES TRACE AMOUNT.




$$
