000
CDUS43 KDDC 122327
CLIDGC


CLIMATE REPORT
NATIONAL WEATHER SERVICE DODGE CITY KS
526 PM CST WED NOV 12 2014


...................................

...THE DODGE CITY KS CLIMATE SUMMARY FOR NOVEMBER 12 2014...
VALID TODAY AS OF 0500 PM LOCAL TIME.

CLIMATE NORMAL PERIOD 1981 TO 2010
CLIMATE RECORD PERIOD 1875 TO 2014


WEATHER ITEM   OBSERVED TIME   RECORD YEAR NORMAL DEPARTURE LAST
                VALUE   (LST)  VALUE       VALUE  FROM      YEAR
                                                  NORMAL
..................................................................
TEMPERATURE (F)
 TODAY
  MAXIMUM         19    400 PM  83    1894  58    -39       40
  MINIMUM         13    127 AM   5    1911  32    -19       21
  AVERAGE         16                        45    -29       31

PRECIPITATION (IN)
  TODAY            0.00          1.10 1909   0.03  -0.03     0.00
  MONTH TO DATE    T                         0.38  -0.38     0.62
  SINCE SEP 1      3.80                      3.79   0.01     4.58
  SINCE JAN 1     22.03                     20.38   1.65    20.06

SNOWFALL (IN)
  TODAY            0.0           2.9  1898   0.0    0.0      0.0
  MONTH TO DATE    0.0                       0.3   -0.3      0.0
  SINCE SEP 1      0.0                       0.7   -0.7      2.7
  SINCE JUL 1      0.0                       0.7   -0.7      2.7
  SNOW DEPTH       0

DEGREE DAYS
 HEATING
  TODAY           49                        20     29       34
  MONTH TO DATE  223                       210     13      223
  SINCE SEP 1    463                       562    -99      563
  SINCE JUL 1    476                       566    -90      563

 COOLING
  TODAY            0                         0      0        0
  MONTH TO DATE    0                         0      0        0
  SINCE SEP 1    230                       216     14      277
  SINCE JAN 1   1475                      1462     13     1641
..................................................................


WIND (MPH)
  HIGHEST WIND SPEED    25   HIGHEST WIND DIRECTION     N (360)
  HIGHEST GUST SPEED    31   HIGHEST GUST DIRECTION     N (360)
  AVERAGE WIND SPEED    16.6


SKY COVER
  POSSIBLE SUNSHINE  MM
  AVERAGE SKY COVER 0.8


WEATHER CONDITIONS
 THE FOLLOWING WEATHER WAS RECORDED TODAY.
  NO SIGNIFICANT WEATHER WAS OBSERVED.


RELATIVE HUMIDITY (PERCENT)
 HIGHEST    76           100 AM
 LOWEST     43           300 PM
 AVERAGE    60

..........................................................


THE DODGE CITY KS CLIMATE NORMALS FOR TOMORROW
                         NORMAL    RECORD    YEAR
 MAXIMUM TEMPERATURE (F)   57        79      2007
 MINIMUM TEMPERATURE (F)   31         2      1940
                                             1916


SUNRISE AND SUNSET
NOVEMBER 12 2014......SUNRISE   717 AM CST   SUNSET   531 PM CST
NOVEMBER 13 2014......SUNRISE   718 AM CST   SUNSET   530 PM CST


-  INDICATES NEGATIVE NUMBERS.
R  INDICATES RECORD WAS SET OR TIED.
MM INDICATES DATA IS MISSING.
T  INDICATES TRACE AMOUNT.




$$
