000
CDUS43 KDDC 150706
CLIDGC


CLIMATE REPORT
NATIONAL WEATHER SERVICE DODGE CITY KS
205 AM CDT SUN MAY 15 2016


...................................

...THE DODGE CITY KS CLIMATE SUMMARY FOR MAY 14 2016...

CLIMATE NORMAL PERIOD 1981 TO 2010
CLIMATE RECORD PERIOD 1875 TO 2016


WEATHER ITEM   OBSERVED TIME   RECORD YEAR NORMAL DEPARTURE LAST
                VALUE   (LST)  VALUE       VALUE  FROM      YEAR
                                                  NORMAL
..................................................................
TEMPERATURE (F)
 YESTERDAY
  MAXIMUM         58    255 PM  97    1941  76    -18       78
                                      1899
  MINIMUM         37    417 AM  32    2004  51    -14       55
                                      1953
  AVERAGE         48                        64    -16       67

PRECIPITATION (IN)
  YESTERDAY        0.00          2.65 1881   0.09  -0.09     0.08
  MONTH TO DATE    0.01                      1.14  -1.13     2.34
  SINCE MAR 1      8.13                      4.55   3.58     4.43
  SINCE JAN 1      8.72                      5.81   2.91     5.73

SNOWFALL (IN)
  YESTERDAY        0.0           0.0  2002   0.0    0.0      0.0
  MONTH TO DATE    0.0                       0.0    0.0      0.0
  SINCE MAR 1      0.4                       6.0   -5.6       T
  SINCE JUL 1     10.4                      21.1  -10.7     21.4
  SNOW DEPTH       0

DEGREE DAYS
 HEATING
  YESTERDAY       17                         4     13        0
  MONTH TO DATE   93                        74     19       58
  SINCE MAR 1    908                      1066   -158      819
  SINCE JUL 1   4270                      4913   -643     4567

 COOLING
  YESTERDAY        0                         2     -2        2
  MONTH TO DATE    5                        24    -19       30
  SINCE MAR 1     14                        43    -29       45
  SINCE JAN 1     16                        43    -27       45
..................................................................


WIND (MPH)
  HIGHEST WIND SPEED    25   HIGHEST WIND DIRECTION     N (20)
  HIGHEST GUST SPEED    31   HIGHEST GUST DIRECTION     N (20)
  AVERAGE WIND SPEED    10.2


SKY COVER
  POSSIBLE SUNSHINE  MM
  AVERAGE SKY COVER 0.7


WEATHER CONDITIONS
 THE FOLLOWING WEATHER WAS RECORDED YESTERDAY.
  NO SIGNIFICANT WEATHER WAS OBSERVED.


RELATIVE HUMIDITY (PERCENT)
 HIGHEST    92           200 AM
 LOWEST     36           200 PM
 AVERAGE    64

..........................................................


THE DODGE CITY KS CLIMATE NORMALS FOR TODAY
                         NORMAL    RECORD    YEAR
 MAXIMUM TEMPERATURE (F)   77        98      1996
 MINIMUM TEMPERATURE (F)   51        30      1907


SUNRISE AND SUNSET
MAY 15 2016...........SUNRISE   630 AM CDT   SUNSET   843 PM CDT
MAY 16 2016...........SUNRISE   629 AM CDT   SUNSET   844 PM CDT


-  INDICATES NEGATIVE NUMBERS.
R  INDICATES RECORD WAS SET OR TIED.
MM INDICATES DATA IS MISSING.
T  INDICATES TRACE AMOUNT.




$$
