145
CDUS43 KDDC 210707
CLIDGC


CLIMATE REPORT
NATIONAL WEATHER SERVICE DODGE CITY KS
207 AM CDT WED SEP 21 2016


...................................

...THE DODGE CITY KS CLIMATE SUMMARY FOR SEPTEMBER 20 2016...

CLIMATE NORMAL PERIOD 1981 TO 2010
CLIMATE RECORD PERIOD 1875 TO 2016


WEATHER ITEM   OBSERVED TIME   RECORD YEAR NORMAL DEPARTURE LAST
                VALUE   (LST)  VALUE       VALUE  FROM      YEAR
                                                  NORMAL
..................................................................
TEMPERATURE (F)
 YESTERDAY
  MAXIMUM         98R   320 PM  95    1970  81     17       77
  MINIMUM         67    628 AM  35    1901  54     13       55
  AVERAGE         83                        67     16       66

PRECIPITATION (IN)
  YESTERDAY        0.00          1.52 1965   0.05  -0.05     0.00
  MONTH TO DATE    0.29                      1.21  -0.92     0.79
  SINCE SEP 1      0.29                      1.21  -0.92     0.79
  SINCE JAN 1     22.30                     17.80   4.50    20.48

SNOWFALL (IN)
  YESTERDAY        0.0           0.0  2002   0.0    0.0      0.0
                                      2001
  MONTH TO DATE    0.0                       0.0    0.0      0.0
  SINCE SEP 1      0.0                       0.0    0.0      0.0
  SINCE JUL 1      0.0                       0.0    0.0      0.0
  SNOW DEPTH       0

DEGREE DAYS
 HEATING
  YESTERDAY        0                         3     -3        0
  MONTH TO DATE    6                        23    -17        6
  SINCE SEP 1      6                        23    -17        6
  SINCE JUL 1      6                        27    -21        8

 COOLING
  YESTERDAY       18                         5     13        1
  MONTH TO DATE  185                       150     35      229
  SINCE SEP 1    185                       150     35      229
  SINCE JAN 1   1439                      1396     43     1427
..................................................................


WIND (MPH)
  HIGHEST WIND SPEED    28   HIGHEST WIND DIRECTION     S (170)
  HIGHEST GUST SPEED    36   HIGHEST GUST DIRECTION     S (170)
  AVERAGE WIND SPEED    14.2


SKY COVER
  POSSIBLE SUNSHINE  MM
  AVERAGE SKY COVER 0.0


WEATHER CONDITIONS
 THE FOLLOWING WEATHER WAS RECORDED YESTERDAY.
  NO SIGNIFICANT WEATHER WAS OBSERVED.


RELATIVE HUMIDITY (PERCENT)
 HIGHEST    87           300 AM
 LOWEST     24           200 PM
 AVERAGE    56

..........................................................


THE DODGE CITY KS CLIMATE NORMALS FOR TODAY
                         NORMAL    RECORD    YEAR
 MAXIMUM TEMPERATURE (F)   80       100      2005
 MINIMUM TEMPERATURE (F)   54        32      1995


SUNRISE AND SUNSET
SEPTEMBER 21 2016.....SUNRISE   727 AM CDT   SUNSET   738 PM CDT
SEPTEMBER 22 2016.....SUNRISE   728 AM CDT   SUNSET   736 PM CDT


-  INDICATES NEGATIVE NUMBERS.
R  INDICATES RECORD WAS SET OR TIED.
MM INDICATES DATA IS MISSING.
T  INDICATES TRACE AMOUNT.




$$
