000
CDUS43 KDDC 132327
CLIDGC


CLIMATE REPORT
NATIONAL WEATHER SERVICE DODGE CITY KS
627 PM CDT SAT AUG 13 2016


...................................

...THE DODGE CITY KS CLIMATE SUMMARY FOR AUGUST 13 2016...
VALID TODAY AS OF 0500 PM LOCAL TIME.

CLIMATE NORMAL PERIOD 1981 TO 2010
CLIMATE RECORD PERIOD 1875 TO 2016


WEATHER ITEM   OBSERVED TIME   RECORD YEAR NORMAL DEPARTURE LAST
                VALUE   (LST)  VALUE       VALUE  FROM      YEAR
                                                  NORMAL
..................................................................
TEMPERATURE (F)
 TODAY
  MAXIMUM         90    227 PM 109    1936  91     -1       88
  MINIMUM         59    610 AM  49    2004  66     -7       64
  AVERAGE         75                        79     -4       76

PRECIPITATION (IN)
  TODAY            0.00          3.14 1986   0.09  -0.09     0.00
  MONTH TO DATE    1.06                      1.24  -0.18     0.70
  SINCE JUN 1      9.07                      7.56   1.51     4.92
  SINCE JAN 1     20.19                     15.08   5.11    18.64

SNOWFALL (IN)
  TODAY            0.0           T    1973   0.0    0.0      0.0
  MONTH TO DATE    0.0                       0.0    0.0      0.0
  SINCE JUN 1      0.0                       0.0    0.0      0.0
  SINCE JUL 1      0.0                       0.0    0.0      0.0
  SNOW DEPTH       0

DEGREE DAYS
 HEATING
  TODAY            0                         0      0        0
  MONTH TO DATE    0                         0      0        0
  SINCE JUN 1      1                        14    -13        1
  SINCE JUL 1      0                         1     -1        1

 COOLING
  TODAY           10                        14     -4       11
  MONTH TO DATE  189                       186      3      180
  SINCE JUN 1   1016                       916    100      979
  SINCE JAN 1   1074                      1025     49     1040
..................................................................


WIND (MPH)
  HIGHEST WIND SPEED    14   HIGHEST WIND DIRECTION     E (80)
  HIGHEST GUST SPEED    19   HIGHEST GUST DIRECTION     E (80)
  AVERAGE WIND SPEED     4.5


SKY COVER
  POSSIBLE SUNSHINE  MM
  AVERAGE SKY COVER 0.0


WEATHER CONDITIONS
 THE FOLLOWING WEATHER WAS RECORDED TODAY.
  NO SIGNIFICANT WEATHER WAS OBSERVED.


RELATIVE HUMIDITY (PERCENT)
 HIGHEST    97           300 AM
 LOWEST     31          1200 PM
 AVERAGE    64

..........................................................


THE DODGE CITY KS CLIMATE NORMALS FOR TOMORROW
                         NORMAL    RECORD    YEAR
 MAXIMUM TEMPERATURE (F)   91       108      1936
 MINIMUM TEMPERATURE (F)   66        50      1920


SUNRISE AND SUNSET
AUGUST 13 2016........SUNRISE   654 AM CDT   SUNSET   834 PM CDT
AUGUST 14 2016........SUNRISE   655 AM CDT   SUNSET   833 PM CDT


-  INDICATES NEGATIVE NUMBERS.
R  INDICATES RECORD WAS SET OR TIED.
MM INDICATES DATA IS MISSING.
T  INDICATES TRACE AMOUNT.




$$
