000
CDUS43 KDDC 121007
CLIDGC


CLIMATE REPORT
NATIONAL WEATHER SERVICE DODGE CITY KS
507 AM CDT SUN OCT 12 2014


...................................

...THE DODGE CITY KS CLIMATE SUMMARY FOR OCTOBER 11 2014...

CLIMATE NORMAL PERIOD 1981 TO 2010
CLIMATE RECORD PERIOD 1875 TO 2014


WEATHER ITEM   OBSERVED TIME   RECORD YEAR NORMAL DEPARTURE LAST
                VALUE   (LST)  VALUE       VALUE  FROM      YEAR
                                                  NORMAL
..................................................................
TEMPERATURE (F)
 YESTERDAY
  MAXIMUM         63    432 PM  94    1989  72     -9       74
                                      1975
  MINIMUM         38    712 AM  24    1896  45     -7       50
  AVERAGE         51                        58     -7       62

PRECIPITATION (IN)
  YESTERDAY        0.00          1.09 1880   0.07  -0.07     0.00
  MONTH TO DATE    1.90                      0.62   1.28     0.48
  SINCE SEP 1      3.56                      2.29   1.27     1.60
  SINCE JAN 1     21.79                     18.88   2.91    17.08

SNOWFALL (IN)
  YESTERDAY        0.0           T    2009   0.0    0.0      0.0
                                      1909
  MONTH TO DATE    0.0                       0.0    0.0      0.0
  SINCE SEP 1      0.0                       0.0    0.0      0.0
  SINCE JUL 1      0.0                       0.0    0.0      0.0
  SNOW DEPTH       0

DEGREE DAYS
 HEATING
  YESTERDAY       14                         8      6        3
  MONTH TO DATE   65                        70     -5       37
  SINCE SEP 1    114                       131    -17       53
  SINCE JUL 1    127                       135     -8       53

 COOLING
  YESTERDAY        0                         1     -1        0
  MONTH TO DATE   13                        19     -6       31
  SINCE SEP 1    207                       206      1      277
  SINCE JAN 1   1452                      1452      0     1641
..................................................................


WIND (MPH)
  HIGHEST WIND SPEED    13   HIGHEST WIND DIRECTION    SE (150)
  HIGHEST GUST SPEED    16   HIGHEST GUST DIRECTION     S (160)
  AVERAGE WIND SPEED     7.1


SKY COVER
  POSSIBLE SUNSHINE  MM
  AVERAGE SKY COVER 0.3


WEATHER CONDITIONS
 THE FOLLOWING WEATHER WAS RECORDED YESTERDAY.
  FOG


RELATIVE HUMIDITY (PERCENT)
 HIGHEST    92           600 AM
 LOWEST     34           300 PM
 AVERAGE    63

..........................................................


THE DODGE CITY KS CLIMATE NORMALS FOR TODAY
                         NORMAL    RECORD    YEAR
 MAXIMUM TEMPERATURE (F)   71        94      1975
 MINIMUM TEMPERATURE (F)   45        26      1917
                                             1909


SUNRISE AND SUNSET
OCTOBER 12 2014.......SUNRISE   745 AM CDT   SUNSET   707 PM CDT
OCTOBER 13 2014.......SUNRISE   746 AM CDT   SUNSET   705 PM CDT


-  INDICATES NEGATIVE NUMBERS.
R  INDICATES RECORD WAS SET OR TIED.
MM INDICATES DATA IS MISSING.
T  INDICATES TRACE AMOUNT.




$$
