000
CDUS43 KDDC 122326
CLIDGC


CLIMATE REPORT
NATIONAL WEATHER SERVICE DODGE CITY KS
625 PM CDT THU MAY 12 2016


...................................

...THE DODGE CITY KS CLIMATE SUMMARY FOR MAY 12 2016...
VALID TODAY AS OF 0500 PM LOCAL TIME.

CLIMATE NORMAL PERIOD 1981 TO 2010
CLIMATE RECORD PERIOD 1875 TO 2016


WEATHER ITEM   OBSERVED TIME   RECORD YEAR NORMAL DEPARTURE LAST
                VALUE   (LST)  VALUE       VALUE  FROM      YEAR
                                                  NORMAL
..................................................................
TEMPERATURE (F)
 TODAY
  MAXIMUM         73    459 PM 100    1963  76     -3       72
  MINIMUM         42    526 AM  32    1971  50     -8       38
  AVERAGE         58                        63     -5       55

PRECIPITATION (IN)
  TODAY            0.00          1.84 1944   0.09  -0.09     0.00
  MONTH TO DATE    0.01                      0.96  -0.95     1.41
  SINCE MAR 1      8.13                      4.37   3.76     3.50
  SINCE JAN 1      8.72                      5.63   3.09     4.80

SNOWFALL (IN)
  TODAY            0.0           T    1953   0.0    0.0      0.0
  MONTH TO DATE    0.0                       0.0    0.0      0.0
  SINCE MAR 1      0.4                       6.0   -5.6       T
  SINCE JUL 1     10.4                      21.1  -10.7     21.4
  SNOW DEPTH       0

DEGREE DAYS
 HEATING
  TODAY            7                         4      3       10
  MONTH TO DATE   74                        66      8       48
  SINCE MAR 1    889                      1058   -169      809
  SINCE JUL 1   4251                      4905   -654     4557

 COOLING
  TODAY            0                         2     -2        0
  MONTH TO DATE    5                        20    -15       28
  SINCE MAR 1     14                        39    -25       43
  SINCE JAN 1     16                        39    -23       43
..................................................................


WIND (MPH)
  HIGHEST WIND SPEED    15   HIGHEST WIND DIRECTION     W (270)
  HIGHEST GUST SPEED    20   HIGHEST GUST DIRECTION     W (260)
  AVERAGE WIND SPEED     8.0


SKY COVER
  POSSIBLE SUNSHINE  MM
  AVERAGE SKY COVER 0.1


WEATHER CONDITIONS
 THE FOLLOWING WEATHER WAS RECORDED TODAY.
  HAZE


RELATIVE HUMIDITY (PERCENT)
 HIGHEST    93           200 AM
 LOWEST     33           500 PM
 AVERAGE    63

..........................................................


THE DODGE CITY KS CLIMATE NORMALS FOR TOMORROW
                         NORMAL    RECORD    YEAR
 MAXIMUM TEMPERATURE (F)   76        95      1974
 MINIMUM TEMPERATURE (F)   51        32      1966
                                             1953


SUNRISE AND SUNSET
MAY 12 2016...........SUNRISE   632 AM CDT   SUNSET   841 PM CDT
MAY 13 2016...........SUNRISE   631 AM CDT   SUNSET   842 PM CDT


-  INDICATES NEGATIVE NUMBERS.
R  INDICATES RECORD WAS SET OR TIED.
MM INDICATES DATA IS MISSING.
T  INDICATES TRACE AMOUNT.




$$
