000
CDUS43 KDDC 120719
CLIDGC


CLIMATE REPORT
NATIONAL WEATHER SERVICE DODGE CITY KS
218 AM CDT MON SEP 12 2016


...................................

...THE DODGE CITY KS CLIMATE SUMMARY FOR SEPTEMBER 11 2016...

CLIMATE NORMAL PERIOD 1981 TO 2010
CLIMATE RECORD PERIOD 1875 TO 2016


WEATHER ITEM   OBSERVED TIME   RECORD YEAR NORMAL DEPARTURE LAST
                VALUE   (LST)  VALUE       VALUE  FROM      YEAR
                                                  NORMAL
..................................................................
TEMPERATURE (F)
 YESTERDAY
  MAXIMUM         90    343 PM 102    1984  85      5       74
  MINIMUM         54    545 AM  43    2007  58     -4       57
  AVERAGE         72                        71      1       66

PRECIPITATION (IN)
  YESTERDAY        0.00          1.48 2003   0.06  -0.06     0.00
  MONTH TO DATE    0.29                      0.73  -0.44     0.79
  SINCE SEP 1      0.29                      0.73  -0.44     0.79
  SINCE JAN 1     22.30                     17.32   4.98    20.48

SNOWFALL (IN)
  YESTERDAY        0.0           0.0  2002   0.0    0.0      0.0
                                      2001
  MONTH TO DATE    0.0                       0.0    0.0      0.0
  SINCE SEP 1      0.0                       0.0    0.0      0.0
  SINCE JUL 1      0.0                       0.0    0.0      0.0
  SNOW DEPTH       0

DEGREE DAYS
 HEATING
  YESTERDAY        0                         1     -1        0
  MONTH TO DATE    2                         7     -5        0
  SINCE SEP 1      2                         7     -5        0
  SINCE JUL 1      2                        11     -9        2

 COOLING
  YESTERDAY        7                         7      0        1
  MONTH TO DATE  115                        97     18      150
  SINCE SEP 1    115                        97     18      150
  SINCE JAN 1   1369                      1343     26     1348
..................................................................


WIND (MPH)
  HIGHEST WIND SPEED    31   HIGHEST WIND DIRECTION     S (180)
  HIGHEST GUST SPEED    37   HIGHEST GUST DIRECTION     S (180)
  AVERAGE WIND SPEED    18.1


SKY COVER
  POSSIBLE SUNSHINE  MM
  AVERAGE SKY COVER 0.0


WEATHER CONDITIONS
 THE FOLLOWING WEATHER WAS RECORDED YESTERDAY.
  NO SIGNIFICANT WEATHER WAS OBSERVED.


RELATIVE HUMIDITY (PERCENT)
 HIGHEST    83           400 AM
 LOWEST     38           400 PM
 AVERAGE    61

..........................................................


THE DODGE CITY KS CLIMATE NORMALS FOR TODAY
                         NORMAL    RECORD    YEAR
 MAXIMUM TEMPERATURE (F)   84       102      1984
 MINIMUM TEMPERATURE (F)   58        37      1902


SUNRISE AND SUNSET
SEPTEMBER 12 2016.....SUNRISE   720 AM CDT   SUNSET   752 PM CDT
SEPTEMBER 13 2016.....SUNRISE   720 AM CDT   SUNSET   750 PM CDT


-  INDICATES NEGATIVE NUMBERS.
R  INDICATES RECORD WAS SET OR TIED.
MM INDICATES DATA IS MISSING.
T  INDICATES TRACE AMOUNT.




$$
