000
CDUS43 KDDC 181009
CLIDGC


CLIMATE REPORT
NATIONAL WEATHER SERVICE DODGE CITY KS
508 AM CDT SAT OCT 18 2014


...................................

...THE DODGE CITY KS CLIMATE SUMMARY FOR OCTOBER 17 2014...

CLIMATE NORMAL PERIOD 1981 TO 2010
CLIMATE RECORD PERIOD 1875 TO 2014


WEATHER ITEM   OBSERVED TIME   RECORD YEAR NORMAL DEPARTURE LAST
                VALUE   (LST)  VALUE       VALUE  FROM      YEAR
                                                  NORMAL
..................................................................
TEMPERATURE (F)
 YESTERDAY
  MAXIMUM         71    418 PM  94    1926  69      2       65
  MINIMUM         41    643 AM  27    1976  43     -2       34
  AVERAGE         56                        56      0       50

PRECIPITATION (IN)
  YESTERDAY        0.00          1.71 1965   0.06  -0.06     0.00
  MONTH TO DATE    2.12                      0.99   1.13     0.61
  SINCE SEP 1      3.78                      2.66   1.12     1.73
  SINCE JAN 1     22.01                     19.25   2.76    17.21

SNOWFALL (IN)
  YESTERDAY        0.0           T    1951   0.0    0.0      0.0
                                      1925
  MONTH TO DATE    0.0                       0.1   -0.1      0.0
  SINCE SEP 1      0.0                       0.1   -0.1      0.0
  SINCE JUL 1      0.0                       0.1   -0.1      0.0
  SNOW DEPTH       0

DEGREE DAYS
 HEATING
  YESTERDAY        9                         9      0       15
  MONTH TO DATE  107                       122    -15      117
  SINCE SEP 1    156                       183    -27      133
  SINCE JUL 1    169                       187    -18      133

 COOLING
  YESTERDAY        0                         1     -1        0
  MONTH TO DATE   14                        25    -11       31
  SINCE SEP 1    208                       212     -4      277
  SINCE JAN 1   1453                      1458     -5     1641
..................................................................


WIND (MPH)
  HIGHEST WIND SPEED    21   HIGHEST WIND DIRECTION    NE (30)
  HIGHEST GUST SPEED    24   HIGHEST GUST DIRECTION    NE (30)
  AVERAGE WIND SPEED     8.6


SKY COVER
  POSSIBLE SUNSHINE  MM
  AVERAGE SKY COVER 0.0


WEATHER CONDITIONS
 THE FOLLOWING WEATHER WAS RECORDED YESTERDAY.
  NO SIGNIFICANT WEATHER WAS OBSERVED.


RELATIVE HUMIDITY (PERCENT)
 HIGHEST    77          1100 PM
 LOWEST     29           400 PM
 AVERAGE    53

..........................................................


THE DODGE CITY KS CLIMATE NORMALS FOR TODAY
                         NORMAL    RECORD    YEAR
 MAXIMUM TEMPERATURE (F)   69        90      2003
 MINIMUM TEMPERATURE (F)   43        24      1989


SUNRISE AND SUNSET
OCTOBER 18 2014.......SUNRISE   751 AM CDT   SUNSET   658 PM CDT
OCTOBER 19 2014.......SUNRISE   752 AM CDT   SUNSET   657 PM CDT


-  INDICATES NEGATIVE NUMBERS.
R  INDICATES RECORD WAS SET OR TIED.
MM INDICATES DATA IS MISSING.
T  INDICATES TRACE AMOUNT.




$$
