000
CDUS43 KDDC 300725
CLIDGC


CLIMATE REPORT
NATIONAL WEATHER SERVICE DODGE CITY KS
125 AM CST THU NOV 30 2017


...................................

...THE DODGE CITY KS CLIMATE SUMMARY FOR NOVEMBER 29 2017...

CLIMATE NORMAL PERIOD 1981 TO 2010
CLIMATE RECORD PERIOD 1875 TO 2017


WEATHER ITEM   OBSERVED TIME   RECORD YEAR NORMAL DEPARTURE LAST
                VALUE   (LST)  VALUE       VALUE  FROM      YEAR
                                                  NORMAL
..................................................................
TEMPERATURE (F)
 YESTERDAY
  MAXIMUM         60    322 PM  79    2014  49     11       49
  MINIMUM         24    753 AM  -3    1880  25     -1       28
  AVERAGE         42                        37      5       39

PRECIPITATION (IN)
  YESTERDAY        0.00          1.51 1913   0.02  -0.02     0.00
  MONTH TO DATE    0.01                      0.74  -0.73     0.37
  SINCE SEP 1      1.92                      4.15  -2.23     0.77
  SINCE JAN 1     25.57                     20.74   4.83    22.78

SNOWFALL (IN)
  YESTERDAY        0.0           5.5  2004   0.1   -0.1      0.0
  MONTH TO DATE    0.0                       1.7   -1.7      0.0
  SINCE SEP 1      0.0                       2.1   -2.1      0.0
  SINCE JUL 1      0.0                       2.1   -2.1      0.0
  SNOW DEPTH       0

DEGREE DAYS
 HEATING
  YESTERDAY       23                        28     -5       26
  MONTH TO DATE  539                       630    -91      422
  SINCE SEP 1    830                       982   -152      570
  SINCE JUL 1    830                       986   -156      570

 COOLING
  YESTERDAY        0                         0      0        0
  MONTH TO DATE    0                         0      0        0
  SINCE SEP 1    288                       216     72      326
  SINCE JAN 1   1520                      1462     58     1580
..................................................................


WIND (MPH)
  HIGHEST WIND SPEED    16   HIGHEST WIND DIRECTION     S (180)
  HIGHEST GUST SPEED    21   HIGHEST GUST DIRECTION     S (180)
  AVERAGE WIND SPEED     7.1


SKY COVER
  POSSIBLE SUNSHINE  MM
  AVERAGE SKY COVER 0.0


WEATHER CONDITIONS
 THE FOLLOWING WEATHER WAS RECORDED YESTERDAY.
  HAZE


RELATIVE HUMIDITY (PERCENT)
 HIGHEST    63           700 AM
 LOWEST     19           300 PM
 AVERAGE    41

..........................................................


THE DODGE CITY KS CLIMATE NORMALS FOR TODAY
                         NORMAL    RECORD    YEAR
 MAXIMUM TEMPERATURE (F)   48        74      1995
                                             1970
                                             1926
 MINIMUM TEMPERATURE (F)   24         5      1877


SUNRISE AND SUNSET
NOVEMBER 30 2017......SUNRISE   736 AM CST   SUNSET   521 PM CST
DECEMBER  1 2017......SUNRISE   737 AM CST   SUNSET   521 PM CST


-  INDICATES NEGATIVE NUMBERS.
R  INDICATES RECORD WAS SET OR TIED.
MM INDICATES DATA IS MISSING.
T  INDICATES TRACE AMOUNT.




$$
