000
CDUS43 KDDC 222326
CLIDGC


CLIMATE REPORT
NATIONAL WEATHER SERVICE DODGE CITY KS
525 PM CST THU JAN 22 2015


...................................

...THE DODGE CITY KS CLIMATE SUMMARY FOR JANUARY 22 2015...
VALID TODAY AS OF 0500 PM LOCAL TIME.

CLIMATE NORMAL PERIOD 1981 TO 2010
CLIMATE RECORD PERIOD 1875 TO 2015


WEATHER ITEM   OBSERVED TIME   RECORD YEAR NORMAL DEPARTURE LAST
                VALUE   (LST)  VALUE       VALUE  FROM      YEAR
                                                  NORMAL
..................................................................
TEMPERATURE (F)
 TODAY
  MAXIMUM         42    310 PM  78    1967  45     -3       44
  MINIMUM         21    744 AM -10    1966  20      1       16
  AVERAGE         32                        32      0       30

PRECIPITATION (IN)
  TODAY            0.00          0.47 1898   0.02  -0.02     0.00
  MONTH TO DATE    0.29                      0.39  -0.10     0.16
  SINCE DEC 1      1.29                      1.23   0.06     0.64
  SINCE JAN 1      0.29                      0.39  -0.10     0.16

SNOWFALL (IN)
  TODAY            0.0           6.6  1898   0.2   -0.2      0.0
  MONTH TO DATE    3.3                       3.3    0.0      2.8
  SINCE DEC 1      7.1                       7.4   -0.3      8.3
  SINCE JUL 1      9.3                       9.6   -0.3     13.3
  SNOW DEPTH       0

DEGREE DAYS
 HEATING
  TODAY           33                        33      0       35
  MONTH TO DATE  770                       726     44      707
  SINCE DEC 1   1702                      1726    -24     1787
  SINCE JUL 1   2700                      2740    -40     2815

 COOLING
  TODAY            0                         0      0        0
  MONTH TO DATE    0                         0      0        0
  SINCE DEC 1      0                         0      0        0
  SINCE JAN 1      0                         0      0        0
..................................................................


WIND (MPH)
  HIGHEST WIND SPEED    10   HIGHEST WIND DIRECTION     N (10)
  HIGHEST GUST SPEED    14   HIGHEST GUST DIRECTION     N (20)
  AVERAGE WIND SPEED     6.3


SKY COVER
  POSSIBLE SUNSHINE  MM
  AVERAGE SKY COVER 0.1


WEATHER CONDITIONS
 THE FOLLOWING WEATHER WAS RECORDED TODAY.
  NO SIGNIFICANT WEATHER WAS OBSERVED.


RELATIVE HUMIDITY (PERCENT)
 HIGHEST    92           700 AM
 LOWEST     40           300 PM
 AVERAGE    66

..........................................................


THE DODGE CITY KS CLIMATE NORMALS FOR TOMORROW
                         NORMAL    RECORD    YEAR
 MAXIMUM TEMPERATURE (F)   45        70      1981
                                             1909
 MINIMUM TEMPERATURE (F)   20       -11      1963


SUNRISE AND SUNSET
JANUARY 22 2015.......SUNRISE   751 AM CST   SUNSET   552 PM CST
JANUARY 23 2015.......SUNRISE   750 AM CST   SUNSET   553 PM CST


-  INDICATES NEGATIVE NUMBERS.
R  INDICATES RECORD WAS SET OR TIED.
MM INDICATES DATA IS MISSING.
T  INDICATES TRACE AMOUNT.




$$
