000
CDUS43 KDDC 201006
CLIDGC


CLIMATE REPORT
NATIONAL WEATHER SERVICE DODGE CITY KS
506 AM CDT SUN JUL 20 2014


...................................

...THE DODGE CITY KS CLIMATE SUMMARY FOR JULY 19 2014...

CLIMATE NORMAL PERIOD 1981 TO 2010
CLIMATE RECORD PERIOD 1875 TO 2014


WEATHER ITEM   OBSERVED TIME   RECORD YEAR NORMAL DEPARTURE LAST
                VALUE   (LST)  VALUE       VALUE  FROM      YEAR
                                                  NORMAL
..................................................................
TEMPERATURE (F)
 YESTERDAY
  MAXIMUM         84    535 PM 106    2006  93     -9       97
                                      1980
  MINIMUM         63    552 AM  57    1902  67     -4       70
  AVERAGE         74                        80     -6       84

PRECIPITATION (IN)
  YESTERDAY        0.00          1.70 1897   0.10  -0.10     0.00
  MONTH TO DATE    1.51                      1.87  -0.36     0.40
  SINCE JUN 1     10.60                      5.11   5.49     3.01
  SINCE JAN 1     14.12                     12.63   1.49     6.44

SNOWFALL (IN)
  YESTERDAY        0.0           0.0  2002   0.0    0.0      0.0
                                      2001
  MONTH TO DATE    0.0                       0.0    0.0      0.0
  SINCE JUN 1      0.0                       0.0    0.0      0.0
  SINCE JUL 1      0.0                       0.0    0.0      0.0
  SNOW DEPTH       0

DEGREE DAYS
 HEATING
  YESTERDAY        0                         0      0        0
  MONTH TO DATE   12                         0     12        0
  SINCE JUN 1     19                        13      6       12
  SINCE JUL 1     12                         0     12        0

 COOLING
  YESTERDAY        9                        15     -6       19
  MONTH TO DATE  179                       273    -94      278
  SINCE JUN 1    463                       551    -88      666
  SINCE JAN 1    635                       660    -25      828
..................................................................


WIND (MPH)
  HIGHEST WIND SPEED    24   HIGHEST WIND DIRECTION     S (180)
  HIGHEST GUST SPEED    30   HIGHEST GUST DIRECTION     S (180)
  AVERAGE WIND SPEED    16.1


SKY COVER
  POSSIBLE SUNSHINE  MM
  AVERAGE SKY COVER 0.5


WEATHER CONDITIONS
 THE FOLLOWING WEATHER WAS RECORDED YESTERDAY.
  FOG
  HAZE


RELATIVE HUMIDITY (PERCENT)
 HIGHEST    93           100 AM
 LOWEST     55           400 PM
 AVERAGE    74

..........................................................


THE DODGE CITY KS CLIMATE NORMALS FOR TODAY
                         NORMAL    RECORD    YEAR
 MAXIMUM TEMPERATURE (F)   93       108      2011
 MINIMUM TEMPERATURE (F)   67        54      1970


SUNRISE AND SUNSET
JULY 20 2014..........SUNRISE   634 AM CDT   SUNSET   858 PM CDT
JULY 21 2014..........SUNRISE   634 AM CDT   SUNSET   858 PM CDT


-  INDICATES NEGATIVE NUMBERS.
R  INDICATES RECORD WAS SET OR TIED.
MM INDICATES DATA IS MISSING.
T  INDICATES TRACE AMOUNT.




$$
