000
CDUS43 KDDC 211011
CLIDGC


CLIMATE REPORT
NATIONAL WEATHER SERVICE DODGE CITY KS
509 AM CDT SUN JUN 21 2015


...................................

...THE DODGE CITY KS CLIMATE SUMMARY FOR JUNE 20 2015...

CLIMATE NORMAL PERIOD 1981 TO 2010
CLIMATE RECORD PERIOD 1875 TO 2015


WEATHER ITEM   OBSERVED TIME   RECORD YEAR NORMAL DEPARTURE LAST
                VALUE   (LST)  VALUE       VALUE  FROM      YEAR
                                                  NORMAL
..................................................................
TEMPERATURE (F)
 YESTERDAY
  MAXIMUM         94    428 PM 106    1988  88      6       92
  MINIMUM         68    542 AM  49    1920  62      6       68
  AVERAGE         81                        75      6       80

PRECIPITATION (IN)
  YESTERDAY        0.00          1.70 1884   0.11  -0.11     0.00
  MONTH TO DATE    2.06                      2.22  -0.16     4.35
  SINCE JUN 1      2.06                      2.22  -0.16     4.35
  SINCE JAN 1     15.78                      9.74   6.04     7.87

SNOWFALL (IN)
  YESTERDAY        0.0           0.0  2002   0.0    0.0      0.0
                                      2001
  MONTH TO DATE    0.0                       0.0    0.0      0.0
  SINCE JUN 1      0.0                       0.0    0.0      0.0
  SINCE JUL 1     21.4                      21.1    0.3     31.1
  SNOW DEPTH       0

DEGREE DAYS
 HEATING
  YESTERDAY        0                         0      0        0
  MONTH TO DATE    0                        10    -10        7
  SINCE JUN 1      0                        10    -10        7
  SINCE JUL 1   4655                      4964   -309     5378

 COOLING
  YESTERDAY       16                        11      5       15
  MONTH TO DATE  209                       159     50      179
  SINCE JUN 1    209                       159     50      179
  SINCE JAN 1    270                       268      2      351
..................................................................


WIND (MPH)
  HIGHEST WIND SPEED    28   HIGHEST WIND DIRECTION     S (200)
  HIGHEST GUST SPEED    37   HIGHEST GUST DIRECTION     S (190)
  AVERAGE WIND SPEED    17.6


SKY COVER
  POSSIBLE SUNSHINE  MM
  AVERAGE SKY COVER 0.0


WEATHER CONDITIONS
 THE FOLLOWING WEATHER WAS RECORDED YESTERDAY.
  NO SIGNIFICANT WEATHER WAS OBSERVED.


RELATIVE HUMIDITY (PERCENT)
 HIGHEST    87           400 AM
 LOWEST     30           300 PM
 AVERAGE    59

..........................................................


THE DODGE CITY KS CLIMATE NORMALS FOR TODAY
                         NORMAL    RECORD    YEAR
 MAXIMUM TEMPERATURE (F)   89       105      1953
 MINIMUM TEMPERATURE (F)   63        50      1902


SUNRISE AND SUNSET
JUNE 21 2015..........SUNRISE   618 AM CDT   SUNSET   905 PM CDT
JUNE 22 2015..........SUNRISE   618 AM CDT   SUNSET   905 PM CDT


-  INDICATES NEGATIVE NUMBERS.
R  INDICATES RECORD WAS SET OR TIED.
MM INDICATES DATA IS MISSING.
T  INDICATES TRACE AMOUNT.




$$
