000
CDUS43 KDDC 130759
CLIDGC


CLIMATE REPORT
NATIONAL WEATHER SERVICE DODGE CITY KS
259 AM CDT THU APR 13 2017


...................................

...THE DODGE CITY KS CLIMATE SUMMARY FOR APRIL 12 2017...

CLIMATE NORMAL PERIOD 1981 TO 2010
CLIMATE RECORD PERIOD 1875 TO 2017


WEATHER ITEM   OBSERVED TIME   RECORD YEAR NORMAL DEPARTURE LAST
                VALUE   (LST)  VALUE       VALUE  FROM      YEAR
                                                  NORMAL
..................................................................
TEMPERATURE (F)
 YESTERDAY
  MAXIMUM         79    223 PM  90    2014  66     13       63
                                      1972
  MINIMUM         49    354 AM  14    1997  39     10       36
  AVERAGE         64                        53     11       50

PRECIPITATION (IN)
  YESTERDAY        0.00          2.86 1896   0.06  -0.06     0.00
  MONTH TO DATE    3.67                      0.67   3.00     0.49
  SINCE MAR 1      6.25                      2.26   3.99     0.53
  SINCE JAN 1      8.82                      3.52   5.30     1.12

SNOWFALL (IN)
  YESTERDAY        0.0           2.9  2004   0.1   -0.1      0.0
  MONTH TO DATE    0.0                       0.8   -0.8      0.0
  SINCE MAR 1      0.0                       5.7   -5.7      0.4
  SINCE JUL 1      5.0                      20.8  -15.8     10.4
  SNOW DEPTH       0

DEGREE DAYS
 HEATING
  YESTERDAY        1                        13    -12       15
  MONTH TO DATE  133                       173    -40      129
  SINCE MAR 1    617                       813   -196      635
  SINCE JUL 1   3851                      4660   -809     3997

 COOLING
  YESTERDAY        0                         0      0        0
  MONTH TO DATE    4                         0      4        4
  SINCE MAR 1     13                         1     12        6
  SINCE JAN 1     13                         1     12        8
..................................................................


WIND (MPH)
  HIGHEST WIND SPEED    30   HIGHEST WIND DIRECTION     S (170)
  HIGHEST GUST SPEED    38   HIGHEST GUST DIRECTION     S (170)
  AVERAGE WIND SPEED    17.6


SKY COVER
  POSSIBLE SUNSHINE  MM
  AVERAGE SKY COVER 0.1


WEATHER CONDITIONS
 THE FOLLOWING WEATHER WAS RECORDED YESTERDAY.
  NO SIGNIFICANT WEATHER WAS OBSERVED.


RELATIVE HUMIDITY (PERCENT)
 HIGHEST    78          1000 PM
 LOWEST     39           200 PM
 AVERAGE    59

..........................................................


THE DODGE CITY KS CLIMATE NORMALS FOR TODAY
                         NORMAL    RECORD    YEAR
 MAXIMUM TEMPERATURE (F)   67        92      2006
 MINIMUM TEMPERATURE (F)   39        13      1881


SUNRISE AND SUNSET
APRIL 13 2017.........SUNRISE   707 AM CDT   SUNSET   814 PM CDT
APRIL 14 2017.........SUNRISE   706 AM CDT   SUNSET   815 PM CDT


-  INDICATES NEGATIVE NUMBERS.
R  INDICATES RECORD WAS SET OR TIED.
MM INDICATES DATA IS MISSING.
T  INDICATES TRACE AMOUNT.




$$
