000
CDUS43 KDDC 081426
CLIDGC


CLIMATE REPORT
NATIONAL WEATHER SERVICE DODGE CITY KS
926 AM CDT MON AUG 8 2016


...................................

...THE DODGE CITY KS CLIMATE SUMMARY FOR AUGUST 8 2016...
VALID AS OF 0800 AM LOCAL TIME.

CLIMATE NORMAL PERIOD 1981 TO 2010
CLIMATE RECORD PERIOD 1875 TO 2016


WEATHER ITEM   OBSERVED TIME   RECORD YEAR NORMAL DEPARTURE LAST
                VALUE   (LST)  VALUE       VALUE  FROM      YEAR
                                                  NORMAL
..................................................................
TEMPERATURE (F)
 TODAY
  MAXIMUM         72    759 AM 106    1969  92    -20      104
  MINIMUM         69    651 AM  50    1989  67      2       66
  AVERAGE         71                        79     -8       85

PRECIPITATION (IN)
  TODAY            T             3.18 1974   0.10  -0.10     0.00
  MONTH TO DATE    1.06                      0.76   0.30     0.18
  SINCE JUN 1      9.07                      7.08   1.99     4.40
  SINCE JAN 1     20.19                     14.60   5.59    18.12

SNOWFALL (IN)
  TODAY            0.0           T    1974   0.0    0.0      0.0
                                      1951
  MONTH TO DATE    0.0                       0.0    0.0      0.0
  SINCE JUN 1      0.0                       0.0    0.0      0.0
  SINCE JUL 1      0.0                       0.0    0.0      0.0
  SNOW DEPTH       0

..................................................................


WIND (MPH)
  HIGHEST WIND SPEED    14   HIGHEST WIND DIRECTION     E (80)
  HIGHEST GUST SPEED    17   HIGHEST GUST DIRECTION     E (80)
  AVERAGE WIND SPEED     7.5



WEATHER CONDITIONS
 THE FOLLOWING WEATHER WAS RECORDED TODAY.
  FOG


RELATIVE HUMIDITY (PERCENT)
 HIGHEST   100           200 AM
 LOWEST     93          1200 AM

..........................................................


THE DODGE CITY KS CLIMATE NORMALS FOR TOMORROW
                         NORMAL    RECORD    YEAR
 MAXIMUM TEMPERATURE (F)   92       106      1937
 MINIMUM TEMPERATURE (F)   67        52      1888


SUNRISE AND SUNSET
AUGUST  8 2016........SUNRISE   650 AM CDT   SUNSET   840 PM CDT
AUGUST  9 2016........SUNRISE   651 AM CDT   SUNSET   839 PM CDT


-  INDICATES NEGATIVE NUMBERS.
R  INDICATES RECORD WAS SET OR TIED.
MM INDICATES DATA IS MISSING.
T  INDICATES TRACE AMOUNT.




$$
