000
CDUS43 KDDC 200715
CLIDGC


CLIMATE REPORT
NATIONAL WEATHER SERVICE DODGE CITY KS
214 AM CDT FRI OCT 20 2017


...................................

...THE DODGE CITY KS CLIMATE SUMMARY FOR OCTOBER 19 2017...

CLIMATE NORMAL PERIOD 1981 TO 2010
CLIMATE RECORD PERIOD 1875 TO 2017


WEATHER ITEM   OBSERVED TIME   RECORD YEAR NORMAL DEPARTURE LAST
                VALUE   (LST)  VALUE       VALUE  FROM      YEAR
                                                  NORMAL
..................................................................
TEMPERATURE (F)
 YESTERDAY
  MAXIMUM         81    331 PM  93    2003  69     12       74
  MINIMUM         43    422 AM  21    1917  42      1       42
  AVERAGE         62                        55      7       58

PRECIPITATION (IN)
  YESTERDAY        0.00          1.11 2005   0.07  -0.07     0.00
  MONTH TO DATE    0.37                      1.12  -0.75     0.09
  SINCE SEP 1      1.91                      2.79  -0.88     0.40
  SINCE JAN 1     25.56                     19.38   6.18    22.41

SNOWFALL (IN)
  YESTERDAY        0.0           0.1  1916   0.0    0.0      0.0
  MONTH TO DATE    0.0                       0.1   -0.1      0.0
  SINCE SEP 1      0.0                       0.1   -0.1      0.0
  SINCE JUL 1      0.0                       0.1   -0.1      0.0
  SNOW DEPTH       0

DEGREE DAYS
 HEATING
  YESTERDAY        3                        10     -7        7
  MONTH TO DATE   85                       142    -57       81
  SINCE SEP 1    115                       203    -88      107
  SINCE JUL 1    115                       207    -92      107

 COOLING
  YESTERDAY        0                         1     -1        0
  MONTH TO DATE   40                        27     13       55
  SINCE SEP 1    287                       214     73      297
  SINCE JAN 1   1519                      1460     59     1551
..................................................................


WIND (MPH)
  HIGHEST WIND SPEED    25   HIGHEST WIND DIRECTION     S (170)
  HIGHEST GUST SPEED    32   HIGHEST GUST DIRECTION    SE (150)
  AVERAGE WIND SPEED    10.4


SKY COVER
  POSSIBLE SUNSHINE  MM
  AVERAGE SKY COVER 0.0


WEATHER CONDITIONS
 THE FOLLOWING WEATHER WAS RECORDED YESTERDAY.
  FOG
  HAZE


RELATIVE HUMIDITY (PERCENT)
 HIGHEST    93           500 AM
 LOWEST     25           400 PM
 AVERAGE    59

..........................................................


THE DODGE CITY KS CLIMATE NORMALS FOR TODAY
                         NORMAL    RECORD    YEAR
 MAXIMUM TEMPERATURE (F)   68        92      1975
 MINIMUM TEMPERATURE (F)   42        19      1905


SUNRISE AND SUNSET
OCTOBER 20 2017.......SUNRISE   753 AM CDT   SUNSET   655 PM CDT
OCTOBER 21 2017.......SUNRISE   754 AM CDT   SUNSET   654 PM CDT


-  INDICATES NEGATIVE NUMBERS.
R  INDICATES RECORD WAS SET OR TIED.
MM INDICATES DATA IS MISSING.
T  INDICATES TRACE AMOUNT.




$$
