000
CDUS43 KDDC 300708
CLIDGC


CLIMATE REPORT
NATIONAL WEATHER SERVICE DODGE CITY KS
208 AM CDT SAT APR 30 2016


...................................

...THE DODGE CITY KS CLIMATE SUMMARY FOR APRIL 29 2016...

CLIMATE NORMAL PERIOD 1981 TO 2010
CLIMATE RECORD PERIOD 1875 TO 2016


WEATHER ITEM   OBSERVED TIME   RECORD YEAR NORMAL DEPARTURE LAST
                VALUE   (LST)  VALUE       VALUE  FROM      YEAR
                                                  NORMAL
..................................................................
TEMPERATURE (F)
 YESTERDAY
  MAXIMUM         50   1235 AM  91    1981  72    -22       74
                                      1887
  MINIMUM         39   1159 PM  25    1908  45     -6       39
                                      1907
  AVERAGE         45                        59    -14       57

PRECIPITATION (IN)
  YESTERDAY        2.27          2.29 1930   0.07   2.20     0.00
  MONTH TO DATE    8.08                      1.75   6.33     1.80
  SINCE MAR 1      8.12                      3.34   4.78     2.09
  SINCE JAN 1      8.71                      4.60   4.11     3.39

SNOWFALL (IN)
  YESTERDAY        0.0           0.9  1907   0.0    0.0      0.0
  MONTH TO DATE    0.0                       1.1   -1.1      0.0
  SINCE MAR 1      0.4                       6.0   -5.6       T
  SINCE JUL 1     10.4                      21.1  -10.7     21.4
  SNOW DEPTH       0

DEGREE DAYS
 HEATING
  YESTERDAY       20                         8     12        8
  MONTH TO DATE  288                       345    -57      253
  SINCE MAR 1    794                       985   -191      757
  SINCE JUL 1   4156                      4832   -676     4505

 COOLING
  YESTERDAY        0                         1     -1        0
  MONTH TO DATE    7                        14     -7       15
  SINCE MAR 1      9                        15     -6       15
  SINCE JAN 1     11                        15     -4       15
..................................................................


WIND (MPH)
  HIGHEST WIND SPEED    36   HIGHEST WIND DIRECTION    NE (60)
  HIGHEST GUST SPEED    42   HIGHEST GUST DIRECTION    NE (50)
  AVERAGE WIND SPEED    19.5


SKY COVER
  POSSIBLE SUNSHINE  MM
  AVERAGE SKY COVER 1.0


WEATHER CONDITIONS
 THE FOLLOWING WEATHER WAS RECORDED YESTERDAY.
  THUNDERSTORM
  HEAVY RAIN
  RAIN
  LIGHT RAIN
  FOG


RELATIVE HUMIDITY (PERCENT)
 HIGHEST   100           500 AM
 LOWEST     74          1200 AM
 AVERAGE    87

..........................................................


THE DODGE CITY KS CLIMATE NORMALS FOR TODAY
                         NORMAL    RECORD    YEAR
 MAXIMUM TEMPERATURE (F)   72        93      2008
 MINIMUM TEMPERATURE (F)   46        20      1907


SUNRISE AND SUNSET
APRIL 30 2016.........SUNRISE   645 AM CDT   SUNSET   830 PM CDT
MAY  1 2016...........SUNRISE   644 AM CDT   SUNSET   831 PM CDT


-  INDICATES NEGATIVE NUMBERS.
R  INDICATES RECORD WAS SET OR TIED.
MM INDICATES DATA IS MISSING.
T  INDICATES TRACE AMOUNT.




$$
