000
CDUS43 KDDC 291018
CLIDGC


CLIMATE REPORT
NATIONAL WEATHER SERVICE DODGE CITY KS
516 AM CDT MON SEP 29 2014


...................................

...THE DODGE CITY KS CLIMATE SUMMARY FOR SEPTEMBER 28 2014...

CLIMATE NORMAL PERIOD 1981 TO 2010
CLIMATE RECORD PERIOD 1875 TO 2014


WEATHER ITEM   OBSERVED TIME   RECORD YEAR NORMAL DEPARTURE LAST
                VALUE   (LST)  VALUE       VALUE  FROM      YEAR
                                                  NORMAL
..................................................................
TEMPERATURE (F)
 YESTERDAY
  MAXIMUM         84    154 PM  98    1953  77      7       70
                                      1911
  MINIMUM         57    647 AM  34    1945  51      6       47
  AVERAGE         71                        64      7       59

PRECIPITATION (IN)
  YESTERDAY        0.00          1.62 1901   0.05  -0.05     0.05
  MONTH TO DATE    1.66                      1.58   0.08     1.12
  SINCE SEP 1      1.66                      1.58   0.08     1.12
  SINCE JAN 1     19.89                     18.17   1.72    16.60

SNOWFALL (IN)
  YESTERDAY        0.0           T    1945   0.0    0.0      0.0
  MONTH TO DATE    0.0                       0.0    0.0      0.0
  SINCE SEP 1      0.0                       0.0    0.0      0.0
  SINCE JUL 1      0.0                       0.0    0.0      0.0
  SNOW DEPTH       0

DEGREE DAYS
 HEATING
  YESTERDAY        0                         4     -4        6
  MONTH TO DATE   49                        51     -2       12
  SINCE SEP 1     49                        51     -2       12
  SINCE JUL 1     62                        55      7       12

 COOLING
  YESTERDAY        6                         3      3        0
  MONTH TO DATE  181                       181      0      246
  SINCE SEP 1    181                       181      0      246
  SINCE JAN 1   1426                      1427     -1     1610
..................................................................


WIND (MPH)
  HIGHEST WIND SPEED    22   HIGHEST WIND DIRECTION     S (160)
  HIGHEST GUST SPEED    32   HIGHEST GUST DIRECTION     S (170)
  AVERAGE WIND SPEED    12.4


SKY COVER
  POSSIBLE SUNSHINE  MM
  AVERAGE SKY COVER 0.2


WEATHER CONDITIONS
 THE FOLLOWING WEATHER WAS RECORDED YESTERDAY.
  NO SIGNIFICANT WEATHER WAS OBSERVED.


RELATIVE HUMIDITY (PERCENT)
 HIGHEST    80           700 AM
 LOWEST     32           200 PM
 AVERAGE    56

..........................................................


THE DODGE CITY KS CLIMATE NORMALS FOR TODAY
                         NORMAL    RECORD    YEAR
 MAXIMUM TEMPERATURE (F)   77        99      1994
 MINIMUM TEMPERATURE (F)   50        30      1895


SUNRISE AND SUNSET
SEPTEMBER 29 2014.....SUNRISE   734 AM CDT   SUNSET   726 PM CDT
SEPTEMBER 30 2014.....SUNRISE   735 AM CDT   SUNSET   724 PM CDT


-  INDICATES NEGATIVE NUMBERS.
R  INDICATES RECORD WAS SET OR TIED.
MM INDICATES DATA IS MISSING.
T  INDICATES TRACE AMOUNT.




$$
