000
CDUS43 KDDC 220723
CLIDGC


CLIMATE REPORT
NATIONAL WEATHER SERVICE DODGE CITY KS
223 AM CDT SAT APR 22 2017


...................................

...THE DODGE CITY KS CLIMATE SUMMARY FOR APRIL 21 2017...

CLIMATE NORMAL PERIOD 1981 TO 2010
CLIMATE RECORD PERIOD 1875 TO 2017


WEATHER ITEM   OBSERVED TIME   RECORD YEAR NORMAL DEPARTURE LAST
                VALUE   (LST)  VALUE       VALUE  FROM      YEAR
                                                  NORMAL
..................................................................
TEMPERATURE (F)
 YESTERDAY
  MAXIMUM         55    426 AM  93    1980  69    -14       69
  MINIMUM         38   1159 PM  25    1966  42     -4       42
                                      1927
  AVERAGE         47                        56     -9       56

PRECIPITATION (IN)
  YESTERDAY        0.46          1.46 1928   0.07   0.39     0.00
  MONTH TO DATE    4.50                      1.20   3.30     5.81
  SINCE MAR 1      7.08                      2.79   4.29     5.85
  SINCE JAN 1      9.65                      4.05   5.60     6.44

SNOWFALL (IN)
  YESTERDAY       MM             T    1995   0.0   MM        0.0
  MONTH TO DATE    0.0                       1.0   -1.0      0.0
  SINCE MAR 1      0.0                       5.9   -5.9      0.4
  SINCE JUL 1      5.0                      21.0  -16.0     10.4
  SNOW DEPTH       0

DEGREE DAYS
 HEATING
  YESTERDAY       18                        10      8        9
  MONTH TO DATE  168                       275   -107      228
  SINCE MAR 1    652                       915   -263      734
  SINCE JUL 1   3886                      4762   -876     4096

 COOLING
  YESTERDAY        0                         1     -1        0
  MONTH TO DATE   31                         6     25        4
  SINCE MAR 1     40                         7     33        6
  SINCE JAN 1     40                         7     33        8
..................................................................


WIND (MPH)
  HIGHEST WIND SPEED    29   HIGHEST WIND DIRECTION     E (100)
  HIGHEST GUST SPEED    37   HIGHEST GUST DIRECTION     E (100)
  AVERAGE WIND SPEED    13.8


SKY COVER
  POSSIBLE SUNSHINE  MM
  AVERAGE SKY COVER 0.8


WEATHER CONDITIONS
 THE FOLLOWING WEATHER WAS RECORDED YESTERDAY.
  RAIN
  LIGHT RAIN
  FOG


RELATIVE HUMIDITY (PERCENT)
 HIGHEST    93           700 AM
 LOWEST     72           200 AM
 AVERAGE    83

..........................................................


THE DODGE CITY KS CLIMATE NORMALS FOR TODAY
                         NORMAL    RECORD    YEAR
 MAXIMUM TEMPERATURE (F)   70       100      1989
 MINIMUM TEMPERATURE (F)   43        26      1892


SUNRISE AND SUNSET
APRIL 22 2017.........SUNRISE   655 AM CDT   SUNSET   822 PM CDT
APRIL 23 2017.........SUNRISE   654 AM CDT   SUNSET   823 PM CDT


-  INDICATES NEGATIVE NUMBERS.
R  INDICATES RECORD WAS SET OR TIED.
MM INDICATES DATA IS MISSING.
T  INDICATES TRACE AMOUNT.




$$
