790
CDUS43 KDDC 292333
CLIDGC


CLIMATE REPORT
NATIONAL WEATHER SERVICE DODGE CITY KS
630 PM CDT THU SEP 29 2016


...................................

...THE DODGE CITY KS CLIMATE SUMMARY FOR SEPTEMBER 29 2016...
VALID TODAY AS OF 0500 PM LOCAL TIME.

CLIMATE NORMAL PERIOD 1981 TO 2010
CLIMATE RECORD PERIOD 1875 TO 2016


WEATHER ITEM   OBSERVED TIME   RECORD YEAR NORMAL DEPARTURE LAST
                VALUE   (LST)  VALUE       VALUE  FROM      YEAR
                                                  NORMAL
..................................................................
TEMPERATURE (F)
 TODAY
  MAXIMUM         75    329 PM  99    1994  77     -2       78
  MINIMUM         39    634 AM  30    1895  50    -11       56
  AVERAGE         57                        63     -6       67

PRECIPITATION (IN)
  TODAY            0.00          1.17 1904   0.05  -0.05     0.13
  MONTH TO DATE    0.31                      1.63  -1.32     1.01
  SINCE SEP 1      0.31                      1.63  -1.32     1.01
  SINCE JAN 1     22.32                     18.22   4.10    20.70

SNOWFALL (IN)
  TODAY            0.0           0.0  2002   0.0    0.0      0.0
                                      2001
  MONTH TO DATE    0.0                       0.0    0.0      0.0
  SINCE SEP 1      0.0                       0.0    0.0      0.0
  SINCE JUL 1      0.0                       0.0    0.0      0.0
  SNOW DEPTH       0

DEGREE DAYS
 HEATING
  TODAY            8                         5      3        0
  MONTH TO DATE   23                        56    -33        6
  SINCE SEP 1     23                        56    -33        6
  SINCE JUL 1     23                        60    -37        8

 COOLING
  TODAY            0                         3     -3        2
  MONTH TO DATE  242                       184     58      292
  SINCE SEP 1    242                       184     58      292
  SINCE JAN 1   1496                      1430     66     1490
..................................................................


WIND (MPH)
  HIGHEST WIND SPEED    12   HIGHEST WIND DIRECTION     E (80)
  HIGHEST GUST SPEED    16   HIGHEST GUST DIRECTION    SE (130)
  AVERAGE WIND SPEED     4.7


SKY COVER
  POSSIBLE SUNSHINE  MM
  AVERAGE SKY COVER 0.0


WEATHER CONDITIONS
 THE FOLLOWING WEATHER WAS RECORDED TODAY.
  NO SIGNIFICANT WEATHER WAS OBSERVED.


RELATIVE HUMIDITY (PERCENT)
 HIGHEST    92           600 AM
 LOWEST     27           200 PM
 AVERAGE    60

..........................................................


THE DODGE CITY KS CLIMATE NORMALS FOR TOMORROW
                         NORMAL    RECORD    YEAR
 MAXIMUM TEMPERATURE (F)   76        96      1994
 MINIMUM TEMPERATURE (F)   50        29      1985


SUNRISE AND SUNSET
SEPTEMBER 29 2016.....SUNRISE   734 AM CDT   SUNSET   725 PM CDT
SEPTEMBER 30 2016.....SUNRISE   735 AM CDT   SUNSET   724 PM CDT


-  INDICATES NEGATIVE NUMBERS.
R  INDICATES RECORD WAS SET OR TIED.
MM INDICATES DATA IS MISSING.
T  INDICATES TRACE AMOUNT.




$$
