000
CDUS43 KDDC 132345
CLIDGC


CLIMATE REPORT
NATIONAL WEATHER SERVICE DODGE CITY KS
545 PM CST FRI JAN 13 2017


...................................

...THE DODGE CITY KS CLIMATE SUMMARY FOR JANUARY 13 2017...
VALID TODAY AS OF 0500 PM LOCAL TIME.

CLIMATE NORMAL PERIOD 1981 TO 2010
CLIMATE RECORD PERIOD 1875 TO 2017


WEATHER ITEM   OBSERVED TIME   RECORD YEAR NORMAL DEPARTURE LAST
                VALUE   (LST)  VALUE       VALUE  FROM      YEAR
                                                  NORMAL
..................................................................
TEMPERATURE (F)
 TODAY
  MAXIMUM         27    331 PM  71    1923  44    -17       55
  MINIMUM         14    142 AM -19    1875  20     -6       21
  AVERAGE         21                        32    -11       38

PRECIPITATION (IN)
  TODAY            0.00          0.75 1941   0.01  -0.01     0.00
  MONTH TO DATE    0.15                      0.23  -0.08     0.25
  SINCE DEC 1      0.77                      1.07  -0.30     2.68
  SINCE JAN 1      0.15                      0.23  -0.08     0.25

SNOWFALL (IN)
  TODAY            0.0           1.2  1951   0.1   -0.1      0.0
  MONTH TO DATE    2.5                       1.8    0.7      0.1
  SINCE DEC 1      4.8                       5.9   -1.1      8.2
  SINCE JUL 1      4.8                       8.1   -3.3      9.3
  SNOW DEPTH       0

DEGREE DAYS
 HEATING
  TODAY           44                        33     11       27
  MONTH TO DATE  492                       429     63      426
  SINCE DEC 1   1569                      1429    140     1303
  SINCE JUL 1   2165                      2443   -278     2133

 COOLING
  TODAY            0                         0      0        0
  MONTH TO DATE    0                         0      0        0
  SINCE DEC 1      0                         0      0        0
  SINCE JAN 1      0                         0      0        0
..................................................................


WIND (MPH)
  HIGHEST WIND SPEED    13   HIGHEST WIND DIRECTION     N (10)
  HIGHEST GUST SPEED    15   HIGHEST GUST DIRECTION     N (10)
  AVERAGE WIND SPEED     8.1


SKY COVER
  POSSIBLE SUNSHINE  MM
  AVERAGE SKY COVER 0.7


WEATHER CONDITIONS
 THE FOLLOWING WEATHER WAS RECORDED TODAY.
  NO SIGNIFICANT WEATHER WAS OBSERVED.


RELATIVE HUMIDITY (PERCENT)
 HIGHEST    80           400 AM
 LOWEST     50           300 PM
 AVERAGE    65

..........................................................


THE DODGE CITY KS CLIMATE NORMALS FOR TOMORROW
                         NORMAL    RECORD    YEAR
 MAXIMUM TEMPERATURE (F)   44        76      1928
 MINIMUM TEMPERATURE (F)   20       -14      1888
                                             1875


SUNRISE AND SUNSET
JANUARY 13 2017.......SUNRISE   755 AM CST   SUNSET   543 PM CST
JANUARY 14 2017.......SUNRISE   754 AM CST   SUNSET   544 PM CST


-  INDICATES NEGATIVE NUMBERS.
R  INDICATES RECORD WAS SET OR TIED.
MM INDICATES DATA IS MISSING.
T  INDICATES TRACE AMOUNT.




$$
