000
CDUS43 KDDC 011021
CLIDGC


CLIMATE REPORT
NATIONAL WEATHER SERVICE DODGE CITY KS
516 AM CDT WED OCT 1 2014


...................................

...THE DODGE CITY KS CLIMATE SUMMARY FOR SEPTEMBER 30 2014...

CLIMATE NORMAL PERIOD 1981 TO 2010
CLIMATE RECORD PERIOD 1875 TO 2014


WEATHER ITEM   OBSERVED TIME   RECORD YEAR NORMAL DEPARTURE LAST
                VALUE   (LST)  VALUE       VALUE  FROM      YEAR
                                                  NORMAL
..................................................................
TEMPERATURE (F)
 YESTERDAY
  MAXIMUM         85    357 PM  96    1994  76      9       81
  MINIMUM         58   1156 PM  29    1985  50      8       49
  AVERAGE         72                        63      9       65

PRECIPITATION (IN)
  YESTERDAY        T             0.48 1915   0.04  -0.04     0.00
  MONTH TO DATE    1.66                      1.67  -0.01     1.12
  SINCE SEP 1      1.66                      1.67  -0.01     1.12
  SINCE JAN 1     19.89                     18.26   1.63    16.60

SNOWFALL (IN)
  YESTERDAY        0.0           0.0  2002   0.0    0.0      0.0
                                      2001
  MONTH TO DATE    0.0                       0.0    0.0      0.0
  SINCE SEP 1      0.0                       0.0    0.0      0.0
  SINCE JUL 1      0.0                       0.0    0.0      0.0
  SNOW DEPTH       0

DEGREE DAYS
 HEATING
  YESTERDAY        0                         5     -5        0
  MONTH TO DATE   49                        61    -12       16
  SINCE SEP 1     49                        61    -12       16
  SINCE JUL 1     62                        65     -3       16

 COOLING
  YESTERDAY        7                         3      4        0
  MONTH TO DATE  194                       187      7      246
  SINCE SEP 1    194                       187      7      246
  SINCE JAN 1   1439                      1433      6     1610
..................................................................


WIND (MPH)
  HIGHEST WIND SPEED    21   HIGHEST WIND DIRECTION    SW (220)
  HIGHEST GUST SPEED    26   HIGHEST GUST DIRECTION    SW (230)
  AVERAGE WIND SPEED    11.6


SKY COVER
  POSSIBLE SUNSHINE  MM
  AVERAGE SKY COVER 0.6


WEATHER CONDITIONS
 THE FOLLOWING WEATHER WAS RECORDED YESTERDAY.
  LIGHT RAIN


RELATIVE HUMIDITY (PERCENT)
 HIGHEST    73           800 AM
 LOWEST     25           500 PM
 AVERAGE    49

..........................................................


THE DODGE CITY KS CLIMATE NORMALS FOR TODAY
                         NORMAL    RECORD    YEAR
 MAXIMUM TEMPERATURE (F)   76        96      2006
                                             2000
 MINIMUM TEMPERATURE (F)   49        24      1876


SUNRISE AND SUNSET
OCTOBER  1 2014.......SUNRISE   735 AM CDT   SUNSET   723 PM CDT
OCTOBER  2 2014.......SUNRISE   736 AM CDT   SUNSET   721 PM CDT


-  INDICATES NEGATIVE NUMBERS.
R  INDICATES RECORD WAS SET OR TIED.
MM INDICATES DATA IS MISSING.
T  INDICATES TRACE AMOUNT.




$$
