000
CDUS43 KDDC 270713
CLIDGC


CLIMATE REPORT
NATIONAL WEATHER SERVICE DODGE CITY KS
212 AM CDT THU APR 27 2017


...................................

...THE DODGE CITY KS CLIMATE SUMMARY FOR APRIL 26 2017...

CLIMATE NORMAL PERIOD 1981 TO 2010
CLIMATE RECORD PERIOD 1875 TO 2017


WEATHER ITEM   OBSERVED TIME   RECORD YEAR NORMAL DEPARTURE LAST
                VALUE   (LST)  VALUE       VALUE  FROM      YEAR
                                                  NORMAL
..................................................................
TEMPERATURE (F)
 YESTERDAY
  MAXIMUM         59    448 PM  94    1989  71    -12       77
                                      1956
  MINIMUM         38   1155 PM  27    2006  44     -6       49
  AVERAGE         49                        58     -9       63

PRECIPITATION (IN)
  YESTERDAY        T             1.69 1925   0.07  -0.07      T
  MONTH TO DATE    4.51                      1.54   2.97     5.81
  SINCE MAR 1      7.09                      3.13   3.96     5.85
  SINCE JAN 1      9.66                      4.39   5.27     6.44

SNOWFALL (IN)
  YESTERDAY        0.0           0.2  1973   0.0    0.0      0.0
  MONTH TO DATE    0.0                       1.1   -1.1      0.0
  SINCE MAR 1      0.0                       6.0   -6.0      0.4
  SINCE JUL 1      5.0                      21.1  -16.1     10.4
  SNOW DEPTH       0

DEGREE DAYS
 HEATING
  YESTERDAY       16                         9      7        2
  MONTH TO DATE  227                       321    -94      241
  SINCE MAR 1    711                       961   -250      747
  SINCE JUL 1   3945                      4808   -863     4109

 COOLING
  YESTERDAY        0                         1     -1        0
  MONTH TO DATE   32                        11     21        7
  SINCE MAR 1     41                        12     29        9
  SINCE JAN 1     41                        12     29       11
..................................................................


WIND (MPH)
  HIGHEST WIND SPEED    30   HIGHEST WIND DIRECTION     N (350)
  HIGHEST GUST SPEED    38   HIGHEST GUST DIRECTION     N (350)
  AVERAGE WIND SPEED    16.1


SKY COVER
  POSSIBLE SUNSHINE  MM
  AVERAGE SKY COVER 0.4


WEATHER CONDITIONS
 THE FOLLOWING WEATHER WAS RECORDED YESTERDAY.
  LIGHT RAIN


RELATIVE HUMIDITY (PERCENT)
 HIGHEST    92           200 AM
 LOWEST     36           600 PM
 AVERAGE    64

..........................................................


THE DODGE CITY KS CLIMATE NORMALS FOR TODAY
                         NORMAL    RECORD    YEAR
 MAXIMUM TEMPERATURE (F)   71        92      1981
 MINIMUM TEMPERATURE (F)   45        28      1994


SUNRISE AND SUNSET
APRIL 27 2017.........SUNRISE   649 AM CDT   SUNSET   827 PM CDT
APRIL 28 2017.........SUNRISE   647 AM CDT   SUNSET   828 PM CDT


-  INDICATES NEGATIVE NUMBERS.
R  INDICATES RECORD WAS SET OR TIED.
MM INDICATES DATA IS MISSING.
T  INDICATES TRACE AMOUNT.




$$
