000
CDUS43 KDDC 182327
CLIDGC


CLIMATE REPORT
NATIONAL WEATHER SERVICE DODGE CITY KS
627 PM CDT TUE JUL 18 2017


...................................

...THE DODGE CITY KS CLIMATE SUMMARY FOR JULY 18 2017...
VALID TODAY AS OF 0500 PM LOCAL TIME.

CLIMATE NORMAL PERIOD 1981 TO 2010
CLIMATE RECORD PERIOD 1875 TO 2017


WEATHER ITEM   OBSERVED TIME   RECORD YEAR NORMAL DEPARTURE LAST
                VALUE   (LST)  VALUE       VALUE  FROM      YEAR
                                                  NORMAL
..................................................................
TEMPERATURE (F)
 TODAY
  MAXIMUM        101    407 PM 109    1936  93      8       96
  MINIMUM         72    606 AM  57    2009  67      5       69
  AVERAGE         87                        80      7       83

PRECIPITATION (IN)
  TODAY            0.00          1.50 1911   0.10  -0.10     0.00
  MONTH TO DATE    1.73                      1.77  -0.04     4.82
  SINCE JUN 1      4.85                      5.01  -0.16     7.53
  SINCE JAN 1     22.28                     12.53   9.75    18.65

SNOWFALL (IN)
  TODAY            0.0           0.0  2002   0.0    0.0      0.0
                                      2001
  MONTH TO DATE    0.0                       0.0    0.0      0.0
  SINCE JUN 1      0.0                       0.0    0.0      0.0
  SINCE JUL 1      0.0                       0.0    0.0      0.0
  SNOW DEPTH       0

DEGREE DAYS
 HEATING
  TODAY            0                         0      0        0
  MONTH TO DATE    0                         0      0        0
  SINCE JUN 1      0                        13    -13        1
  SINCE JUL 1      0                         0      0        0

 COOLING
  TODAY           22                        15      7       18
  MONTH TO DATE  273                       258     15      256
  SINCE JUN 1    594                       536     58      607
  SINCE JAN 1    696                       645     51      665
..................................................................


WIND (MPH)
  HIGHEST WIND SPEED    28   HIGHEST WIND DIRECTION     S (190)
  HIGHEST GUST SPEED    34   HIGHEST GUST DIRECTION     S (190)
  AVERAGE WIND SPEED    18.8


SKY COVER
  POSSIBLE SUNSHINE  MM
  AVERAGE SKY COVER 0.0


WEATHER CONDITIONS
 THE FOLLOWING WEATHER WAS RECORDED TODAY.
  NO SIGNIFICANT WEATHER WAS OBSERVED.


RELATIVE HUMIDITY (PERCENT)
 HIGHEST    79           600 AM
 LOWEST     27           300 PM
 AVERAGE    53

..........................................................


THE DODGE CITY KS CLIMATE NORMALS FOR TOMORROW
                         NORMAL    RECORD    YEAR
 MAXIMUM TEMPERATURE (F)   93       106      2006
                                             1980
 MINIMUM TEMPERATURE (F)   67        57      1902


SUNRISE AND SUNSET
JULY 18 2017..........SUNRISE   632 AM CDT   SUNSET   859 PM CDT
JULY 19 2017..........SUNRISE   633 AM CDT   SUNSET   859 PM CDT


-  INDICATES NEGATIVE NUMBERS.
R  INDICATES RECORD WAS SET OR TIED.
MM INDICATES DATA IS MISSING.
T  INDICATES TRACE AMOUNT.




$$
