000
CDUS43 KDDC 232329
CLIDGC


CLIMATE REPORT
NATIONAL WEATHER SERVICE DODGE CITY KS
628 PM CDT WED APR 23 2014


...................................

...THE DODGE CITY KS CLIMATE SUMMARY FOR APRIL 23 2014...
VALID TODAY AS OF 0500 PM LOCAL TIME.

CLIMATE NORMAL PERIOD 1981 TO 2010
CLIMATE RECORD PERIOD 1875 TO 2014


WEATHER ITEM   OBSERVED TIME   RECORD YEAR NORMAL DEPARTURE LAST
                VALUE   (LST)  VALUE       VALUE  FROM      YEAR
                                                  NORMAL
..................................................................
TEMPERATURE (F)
 TODAY
  MAXIMUM         83    152 PM  97    1989  70     13       32
  MINIMUM         57    500 AM  24    2013  43     14       24
                                      1887
  AVERAGE         70                        56     14       28

PRECIPITATION (IN)
  TODAY            0.00          2.48 1905   0.07  -0.07     0.07
  MONTH TO DATE    0.46                      1.33  -0.87     0.37
  SINCE MAR 1      0.73                      2.92  -2.19     0.63
  SINCE JAN 1      1.57                      4.18  -2.61     2.01

SNOWFALL (IN)
  TODAY            0.0           T    1914   0.1   -0.1      0.2
  MONTH TO DATE    2.2                       1.1    1.1      0.2
  SINCE MAR 1      6.6                       6.0    0.6      2.3
  SINCE JUL 1     31.1                      21.1   10.0     25.7
  SNOW DEPTH       0

DEGREE DAYS
 HEATING
  TODAY            0                         9     -9       37
  MONTH TO DATE  283                       294    -11      438
  SINCE MAR 1   1035                       934    101     1136
  SINCE JUL 1   5192                      4781    411     4847

 COOLING
  TODAY            5                         1      4        0
  MONTH TO DATE   15                         8      7        3
  SINCE MAR 1     15                         9      6        3
  SINCE JAN 1     15                         9      6        3
..................................................................


WIND (MPH)
  HIGHEST WIND SPEED    39   HIGHEST WIND DIRECTION     S (180)
  HIGHEST GUST SPEED    48   HIGHEST GUST DIRECTION     S (200)
  AVERAGE WIND SPEED    24.8


SKY COVER
  POSSIBLE SUNSHINE  MM
  AVERAGE SKY COVER 0.0


WEATHER CONDITIONS
 THE FOLLOWING WEATHER WAS RECORDED TODAY.
  NO SIGNIFICANT WEATHER WAS OBSERVED.


RELATIVE HUMIDITY (PERCENT)
 HIGHEST    67           500 AM
 LOWEST     28           200 PM
 AVERAGE    48

..........................................................


THE DODGE CITY KS CLIMATE NORMALS FOR TOMORROW
                         NORMAL    RECORD    YEAR
 MAXIMUM TEMPERATURE (F)   70        98      1989
 MINIMUM TEMPERATURE (F)   43        23      2013


SUNRISE AND SUNSET
APRIL 23 2014.........SUNRISE   654 AM CDT   SUNSET   823 PM CDT
APRIL 24 2014.........SUNRISE   653 AM CDT   SUNSET   824 PM CDT


-  INDICATES NEGATIVE NUMBERS.
R  INDICATES RECORD WAS SET OR TIED.
MM INDICATES DATA IS MISSING.
T  INDICATES TRACE AMOUNT.




$$
