840
CDUS43 KDDC 250706
CLIDGC


CLIMATE REPORT
NATIONAL WEATHER SERVICE DODGE CITY KS
206 AM CDT THU MAY 25 2017


...................................

...THE DODGE CITY KS CLIMATE SUMMARY FOR MAY 24 2017...

CLIMATE NORMAL PERIOD 1981 TO 2010
CLIMATE RECORD PERIOD 1875 TO 2017


WEATHER ITEM   OBSERVED TIME   RECORD YEAR NORMAL DEPARTURE LAST
                VALUE   (LST)  VALUE       VALUE  FROM      YEAR
                                                  NORMAL
..................................................................
TEMPERATURE (F)
 YESTERDAY
  MAXIMUM         73    514 PM 102    1967  79     -6       83
  MINIMUM         40    552 AM  39    2001  54    -14       63
  AVERAGE         57                        67    -10       73

PRECIPITATION (IN)
  YESTERDAY        0.00          1.80 1936   0.10  -0.10     1.13
  MONTH TO DATE    4.52                      2.10   2.42     1.45
  SINCE MAR 1     14.76                      5.51   9.25     9.57
  SINCE JAN 1     17.33                      6.77  10.56    10.16

SNOWFALL (IN)
  YESTERDAY        0.0           T    2002   0.0    0.0      0.0
  MONTH TO DATE    0.0                       0.0    0.0      0.0
  SINCE MAR 1      2.5                       6.0   -3.5      0.4
  SINCE JUL 1      7.5                      21.1  -13.6     10.4
  SNOW DEPTH       0

DEGREE DAYS
 HEATING
  YESTERDAY        8                         2      6        0
  MONTH TO DATE  142                       103     39      160
  SINCE MAR 1    936                      1095   -159      975
  SINCE JUL 1   4170                      4942   -772     4337

 COOLING
  YESTERDAY        0                         4     -4        8
  MONTH TO DATE   41                        57    -16       27
  SINCE MAR 1     82                        76      6       36
  SINCE JAN 1     82                        76      6       38
..................................................................


WIND (MPH)
  HIGHEST WIND SPEED    20   HIGHEST WIND DIRECTION     S (160)
  HIGHEST GUST SPEED    25   HIGHEST GUST DIRECTION    SE (140)
  AVERAGE WIND SPEED     9.2


SKY COVER
  POSSIBLE SUNSHINE  MM
  AVERAGE SKY COVER 0.0


WEATHER CONDITIONS
 THE FOLLOWING WEATHER WAS RECORDED YESTERDAY.
  NO SIGNIFICANT WEATHER WAS OBSERVED.


RELATIVE HUMIDITY (PERCENT)
 HIGHEST    86           400 AM
 LOWEST     33           300 PM
 AVERAGE    60

..........................................................


THE DODGE CITY KS CLIMATE NORMALS FOR TODAY
                         NORMAL    RECORD    YEAR
 MAXIMUM TEMPERATURE (F)   80       101      2012
 MINIMUM TEMPERATURE (F)   55        37      2001


SUNRISE AND SUNSET
MAY 25 2017...........SUNRISE   623 AM CDT   SUNSET   851 PM CDT
MAY 26 2017...........SUNRISE   622 AM CDT   SUNSET   852 PM CDT


-  INDICATES NEGATIVE NUMBERS.
R  INDICATES RECORD WAS SET OR TIED.
MM INDICATES DATA IS MISSING.
T  INDICATES TRACE AMOUNT.




$$
