000
CDUS43 KDDC 220705
CLIDGC


CLIMATE REPORT
NATIONAL WEATHER SERVICE DODGE CITY KS
105 AM CST WED NOV 22 2017


...................................

...THE DODGE CITY KS CLIMATE SUMMARY FOR NOVEMBER 21 2017...

CLIMATE NORMAL PERIOD 1981 TO 2010
CLIMATE RECORD PERIOD 1875 TO 2017


WEATHER ITEM   OBSERVED TIME   RECORD YEAR NORMAL DEPARTURE LAST
                VALUE   (LST)  VALUE       VALUE  FROM      YEAR
                                                  NORMAL
..................................................................
TEMPERATURE (F)
 YESTERDAY
  MAXIMUM         53    243 PM  78    1955  53      0       63
  MINIMUM         22   1012 PM   2    1906  28     -6       31
  AVERAGE         38                        40     -2       47

PRECIPITATION (IN)
  YESTERDAY        0.00          0.44 1947   0.02  -0.02     0.00
  MONTH TO DATE    0.01                      0.57  -0.56     0.36
  SINCE SEP 1      1.92                      3.98  -2.06     0.76
  SINCE JAN 1     25.57                     20.57   5.00    22.77

SNOWFALL (IN)
  YESTERDAY        0.0           4.4  1947   0.1   -0.1      0.0
  MONTH TO DATE    0.0                       0.9   -0.9      0.0
  SINCE SEP 1      0.0                       1.3   -1.3      0.0
  SINCE JUL 1      0.0                       1.3   -1.3      0.0
  SNOW DEPTH       0

DEGREE DAYS
 HEATING
  YESTERDAY       27                        25      2       18
  MONTH TO DATE  426                       415     11      271
  SINCE SEP 1    717                       767    -50      419
  SINCE JUL 1    717                       771    -54      419

 COOLING
  YESTERDAY        0                         0      0        0
  MONTH TO DATE    0                         0      0        0
  SINCE SEP 1    288                       216     72      326
  SINCE JAN 1   1520                      1462     58     1580
..................................................................


WIND (MPH)
  HIGHEST WIND SPEED    33   HIGHEST WIND DIRECTION     N (20)
  HIGHEST GUST SPEED    43   HIGHEST GUST DIRECTION     N (20)
  AVERAGE WIND SPEED    13.3


SKY COVER
  POSSIBLE SUNSHINE  MM
  AVERAGE SKY COVER 0.0


WEATHER CONDITIONS
 THE FOLLOWING WEATHER WAS RECORDED YESTERDAY.
  HAZE


RELATIVE HUMIDITY (PERCENT)
 HIGHEST    63           800 PM
 LOWEST     31           100 AM
 AVERAGE    47

..........................................................


THE DODGE CITY KS CLIMATE NORMALS FOR TODAY
                         NORMAL    RECORD    YEAR
 MAXIMUM TEMPERATURE (F)   52        80      1924
 MINIMUM TEMPERATURE (F)   27        -3      1880


SUNRISE AND SUNSET
NOVEMBER 22 2017......SUNRISE   728 AM CST   SUNSET   524 PM CST
NOVEMBER 23 2017......SUNRISE   729 AM CST   SUNSET   524 PM CST


-  INDICATES NEGATIVE NUMBERS.
R  INDICATES RECORD WAS SET OR TIED.
MM INDICATES DATA IS MISSING.
T  INDICATES TRACE AMOUNT.




$$
