000
CDUS43 KDDC 222328
CLIDGC


CLIMATE REPORT
NATIONAL WEATHER SERVICE DODGE CITY KS
527 PM CST MON DEC 22 2014


...................................

...THE DODGE CITY KS CLIMATE SUMMARY FOR DECEMBER 22 2014...
VALID TODAY AS OF 0500 PM LOCAL TIME.

CLIMATE NORMAL PERIOD 1981 TO 2010
CLIMATE RECORD PERIOD 1875 TO 2014


WEATHER ITEM   OBSERVED TIME   RECORD YEAR NORMAL DEPARTURE LAST
                VALUE   (LST)  VALUE       VALUE  FROM      YEAR
                                                  NORMAL
..................................................................
TEMPERATURE (F)
 TODAY
  MAXIMUM         53    241 PM  73    1915  43     10       34
  MINIMUM         40    831 AM -21    1989  20     20       10
  AVERAGE         47                        32     15       22

PRECIPITATION (IN)
  TODAY            T             0.53 1877   0.03  -0.03     0.00
  MONTH TO DATE    0.92                      0.60   0.32     0.48
  SINCE DEC 1      0.92                      0.60   0.32     0.48
  SINCE JAN 1     23.10                     21.36   1.74    20.72

SNOWFALL (IN)
  TODAY            0.0           3.3  1981   0.1   -0.1      0.0
  MONTH TO DATE    1.2                       2.9   -1.7      5.5
  SINCE DEC 1      1.2                       2.9   -1.7      5.5
  SINCE JUL 1      3.4                       5.1   -1.7     10.5
  SNOW DEPTH       0

DEGREE DAYS
 HEATING
  TODAY           18                        33    -15       43
  MONTH TO DATE  566                       698   -132      779
  SINCE DEC 1    566                       698   -132      779
  SINCE JUL 1   1564                      1712   -148     1807

 COOLING
  TODAY            0                         0      0        0
  MONTH TO DATE    0                         0      0        0
  SINCE DEC 1      0                         0      0        0
  SINCE JAN 1   1475                      1463     12     1641
..................................................................


WIND (MPH)
  HIGHEST WIND SPEED    26   HIGHEST WIND DIRECTION    NW (320)
  HIGHEST GUST SPEED    34   HIGHEST GUST DIRECTION    NW (320)
  AVERAGE WIND SPEED    17.1


SKY COVER
  POSSIBLE SUNSHINE  MM
  AVERAGE SKY COVER 0.6


WEATHER CONDITIONS
 THE FOLLOWING WEATHER WAS RECORDED TODAY.
  FOG


RELATIVE HUMIDITY (PERCENT)
 HIGHEST    93           300 AM
 LOWEST     26           400 PM
 AVERAGE    60

..........................................................


THE DODGE CITY KS CLIMATE NORMALS FOR TOMORROW
                         NORMAL    RECORD    YEAR
 MAXIMUM TEMPERATURE (F)   43        74      1955
 MINIMUM TEMPERATURE (F)   20       -14      1989


SUNRISE AND SUNSET
DECEMBER 22 2014......SUNRISE   752 AM CST   SUNSET   525 PM CST
DECEMBER 23 2014......SUNRISE   752 AM CST   SUNSET   526 PM CST


-  INDICATES NEGATIVE NUMBERS.
R  INDICATES RECORD WAS SET OR TIED.
MM INDICATES DATA IS MISSING.
T  INDICATES TRACE AMOUNT.




$$
