000
CDUS43 KDDC 100731
CLIDGC


CLIMATE REPORT
NATIONAL WEATHER SERVICE DODGE CITY KS
131 AM CST SAT DEC 10 2016


...................................

...THE DODGE CITY KS CLIMATE SUMMARY FOR DECEMBER 9 2016...

CLIMATE NORMAL PERIOD 1981 TO 2010
CLIMATE RECORD PERIOD 1875 TO 2016


WEATHER ITEM   OBSERVED TIME   RECORD YEAR NORMAL DEPARTURE LAST
                VALUE   (LST)  VALUE       VALUE  FROM      YEAR
                                                  NORMAL
..................................................................
TEMPERATURE (F)
 YESTERDAY
  MAXIMUM         35    411 PM  75    1939  45    -10       69
  MINIMUM         18    204 AM -10    1919  22     -4       41
  AVERAGE         27                        33     -6       55

PRECIPITATION (IN)
  YESTERDAY        0.00          0.57 1943   0.03  -0.03     0.00
  MONTH TO DATE    0.34                      0.23   0.11     0.00
  SINCE DEC 1      0.34                      0.23   0.11     0.00
  SINCE JAN 1     23.12                     20.99   2.13    25.89

SNOWFALL (IN)
  YESTERDAY        0.0           5.4  1943   0.2   -0.2      0.0
  MONTH TO DATE    0.2                       1.2   -1.0      0.0
  SINCE DEC 1      0.2                       1.2   -1.0      0.0
  SINCE JUL 1      0.2                       3.4   -3.2      1.1
  SNOW DEPTH       0

DEGREE DAYS
 HEATING
  YESTERDAY       38                        32      6       10
  MONTH TO DATE  306                       273     33      198
  SINCE DEC 1    306                       273     33      198
  SINCE JUL 1    902                      1287   -385     1028

 COOLING
  YESTERDAY        0                         0      0        0
  MONTH TO DATE    0                         0      0        0
  SINCE DEC 1      0                         0      0        0
  SINCE JAN 1   1580                      1463    117     1512
..................................................................


WIND (MPH)
  HIGHEST WIND SPEED    25   HIGHEST WIND DIRECTION     S (170)
  HIGHEST GUST SPEED    30   HIGHEST GUST DIRECTION     S (170)
  AVERAGE WIND SPEED    14.3


SKY COVER
  POSSIBLE SUNSHINE  MM
  AVERAGE SKY COVER 0.6


WEATHER CONDITIONS
 THE FOLLOWING WEATHER WAS RECORDED YESTERDAY.
  NO SIGNIFICANT WEATHER WAS OBSERVED.


RELATIVE HUMIDITY (PERCENT)
 HIGHEST    73          1100 PM
 LOWEST     47           100 PM
 AVERAGE    60

..........................................................


THE DODGE CITY KS CLIMATE NORMALS FOR TODAY
                         NORMAL    RECORD    YEAR
 MAXIMUM TEMPERATURE (F)   45        75      1996
 MINIMUM TEMPERATURE (F)   22        -6      1919


SUNRISE AND SUNSET
DECEMBER 10 2016......SUNRISE   745 AM CST   SUNSET   521 PM CST
DECEMBER 11 2016......SUNRISE   745 AM CST   SUNSET   521 PM CST


-  INDICATES NEGATIVE NUMBERS.
R  INDICATES RECORD WAS SET OR TIED.
MM INDICATES DATA IS MISSING.
T  INDICATES TRACE AMOUNT.




$$
