000
CDUS43 KDDC 291006
CLIDGC


CLIMATE REPORT
NATIONAL WEATHER SERVICE DODGE CITY KS
506 AM CDT TUE JUL 29 2014


...................................

...THE DODGE CITY KS CLIMATE SUMMARY FOR JULY 28 2014...

CLIMATE NORMAL PERIOD 1981 TO 2010
CLIMATE RECORD PERIOD 1875 TO 2014


WEATHER ITEM   OBSERVED TIME   RECORD YEAR NORMAL DEPARTURE LAST
                VALUE   (LST)  VALUE       VALUE  FROM      YEAR
                                                  NORMAL
..................................................................
TEMPERATURE (F)
 YESTERDAY
  MAXIMUM         85    341 PM 106    1986  93     -8       83
  MINIMUM         64   1223 AM  53    2005  67     -3       62
  AVERAGE         75                        80     -5       73

PRECIPITATION (IN)
  YESTERDAY        0.00          3.28 1964   0.10  -0.10      T
  MONTH TO DATE    1.64                      2.78  -1.14     2.29
  SINCE JUN 1     10.73                      6.02   4.71     4.90
  SINCE JAN 1     14.25                     13.54   0.71     8.33

SNOWFALL (IN)
  YESTERDAY        0.0           T    2000   0.0    0.0      0.0
  MONTH TO DATE    0.0                       0.0    0.0      0.0
  SINCE JUN 1      0.0                       0.0    0.0      0.0
  SINCE JUL 1      0.0                       0.0    0.0      0.0
  SNOW DEPTH       0

DEGREE DAYS
 HEATING
  YESTERDAY        0                         0      0        0
  MONTH TO DATE   12                         0     12        0
  SINCE JUN 1     19                        13      6       12
  SINCE JUL 1     12                         0     12        0

 COOLING
  YESTERDAY       10                        15     -5        8
  MONTH TO DATE  331                       408    -77      407
  SINCE JUN 1    615                       686    -71      795
  SINCE JAN 1    787                       795     -8      957
..................................................................


WIND (MPH)
  HIGHEST WIND SPEED    17   HIGHEST WIND DIRECTION     S (180)
  HIGHEST GUST SPEED    23   HIGHEST GUST DIRECTION     S (200)
  AVERAGE WIND SPEED     7.8


SKY COVER
  POSSIBLE SUNSHINE  MM
  AVERAGE SKY COVER 0.2


WEATHER CONDITIONS
 THE FOLLOWING WEATHER WAS RECORDED YESTERDAY.
  NO SIGNIFICANT WEATHER WAS OBSERVED.


RELATIVE HUMIDITY (PERCENT)
 HIGHEST    73           600 AM
 LOWEST     37           200 PM
 AVERAGE    55

..........................................................


THE DODGE CITY KS CLIMATE NORMALS FOR TODAY
                         NORMAL    RECORD    YEAR
 MAXIMUM TEMPERATURE (F)   93       109      1986
 MINIMUM TEMPERATURE (F)   67        55      2005


SUNRISE AND SUNSET
JULY 29 2014..........SUNRISE   641 AM CDT   SUNSET   851 PM CDT
JULY 30 2014..........SUNRISE   642 AM CDT   SUNSET   850 PM CDT


-  INDICATES NEGATIVE NUMBERS.
R  INDICATES RECORD WAS SET OR TIED.
MM INDICATES DATA IS MISSING.
T  INDICATES TRACE AMOUNT.




$$
