128
CDUS43 KDDC 290706
CLIDGC


CLIMATE REPORT
NATIONAL WEATHER SERVICE DODGE CITY KS
206 AM CDT FRI JUL 29 2016


...................................

...THE DODGE CITY KS CLIMATE SUMMARY FOR JULY 28 2016...

CLIMATE NORMAL PERIOD 1981 TO 2010
CLIMATE RECORD PERIOD 1875 TO 2016


WEATHER ITEM   OBSERVED TIME   RECORD YEAR NORMAL DEPARTURE LAST
                VALUE   (LST)  VALUE       VALUE  FROM      YEAR
                                                  NORMAL
..................................................................
TEMPERATURE (F)
 YESTERDAY
  MAXIMUM         91    347 PM 106    1986  93     -2       90
  MINIMUM         64    640 AM  53    2005  67     -3       72
  AVERAGE         78                        80     -2       81

PRECIPITATION (IN)
  YESTERDAY        0.02          3.28 1964   0.10  -0.08     0.00
  MONTH TO DATE    5.28                      2.78   2.50     1.50
  SINCE JUN 1      7.99                      6.02   1.97     3.58
  SINCE JAN 1     19.11                     13.54   5.57    17.30

SNOWFALL (IN)
  YESTERDAY        0.0           T    2000   0.0    0.0      0.0
  MONTH TO DATE    0.0                       0.0    0.0      0.0
  SINCE JUN 1      0.0                       0.0    0.0      0.0
  SINCE JUL 1      0.0                       0.0    0.0      0.0
  SNOW DEPTH       0

DEGREE DAYS
 HEATING
  YESTERDAY        0                         0      0        0
  MONTH TO DATE    0                         0      0        1
  SINCE JUN 1      1                        13    -12        1
  SINCE JUL 1      0                         0      0        1

 COOLING
  YESTERDAY       13                        15     -2       16
  MONTH TO DATE  429                       408     21      416
  SINCE JUN 1    780                       686     94      769
  SINCE JAN 1    838                       795     43      830
..................................................................


WIND (MPH)
  HIGHEST WIND SPEED    29   HIGHEST WIND DIRECTION     E (80)
  HIGHEST GUST SPEED    39   HIGHEST GUST DIRECTION     E (90)
  AVERAGE WIND SPEED     8.7


SKY COVER
  POSSIBLE SUNSHINE  MM
  AVERAGE SKY COVER 0.0


WEATHER CONDITIONS
 THE FOLLOWING WEATHER WAS RECORDED YESTERDAY.
  THUNDERSTORM
  RAIN


RELATIVE HUMIDITY (PERCENT)
 HIGHEST    90          1200 AM
 LOWEST     34           600 PM
 AVERAGE    62

..........................................................


THE DODGE CITY KS CLIMATE NORMALS FOR TODAY
                         NORMAL    RECORD    YEAR
 MAXIMUM TEMPERATURE (F)   93       109      1986
 MINIMUM TEMPERATURE (F)   67        55      2005


SUNRISE AND SUNSET
JULY 29 2016..........SUNRISE   641 AM CDT   SUNSET   851 PM CDT
JULY 30 2016..........SUNRISE   642 AM CDT   SUNSET   850 PM CDT


-  INDICATES NEGATIVE NUMBERS.
R  INDICATES RECORD WAS SET OR TIED.
MM INDICATES DATA IS MISSING.
T  INDICATES TRACE AMOUNT.




$$
