000
CDUS43 KDDC 011006
CLIDGC


CLIMATE REPORT
NATIONAL WEATHER SERVICE DODGE CITY KS
506 AM CDT MON JUN 1 2015


...................................

...THE DODGE CITY KS CLIMATE SUMMARY FOR MAY 31 2015...

CLIMATE NORMAL PERIOD 1981 TO 2010
CLIMATE RECORD PERIOD 1875 TO 2015


WEATHER ITEM   OBSERVED TIME   RECORD YEAR NORMAL DEPARTURE LAST
                VALUE   (LST)  VALUE       VALUE  FROM      YEAR
                                                  NORMAL
..................................................................
TEMPERATURE (F)
 YESTERDAY
  MAXIMUM         77    440 PM 100    2002  81     -4       89
                                      1953
  MINIMUM         46    514 AM  44    1903  57    -11       64
  AVERAGE         62                        69     -7       77

PRECIPITATION (IN)
  YESTERDAY        0.00          1.66 1904   0.11  -0.11     0.03
  MONTH TO DATE   10.33                      2.85   7.48     1.67
  SINCE MAR 1     12.42                      6.26   6.16     2.68
  SINCE JAN 1     13.72                      7.52   6.20     3.52

SNOWFALL (IN)
  YESTERDAY        0.0           0.0  2002   0.0    0.0      0.0
                                      2001
  MONTH TO DATE    0.0                       0.0    0.0      0.0
  SINCE MAR 1      T                         6.0   -6.0      6.6
  SINCE JUL 1     21.4                      21.1    0.3     31.1
  SNOW DEPTH       0

DEGREE DAYS
 HEATING
  YESTERDAY        3                         1      2        0
  MONTH TO DATE  146                       115     31      116
  SINCE MAR 1    907                      1107   -200     1214
  SINCE JUL 1   4655                      4954   -299     5371

 COOLING
  YESTERDAY        0                         5     -5       12
  MONTH TO DATE   46                        90    -44      149
  SINCE MAR 1     61                       109    -48      172
  SINCE JAN 1     61                       109    -48      172
..................................................................


WIND (MPH)
  HIGHEST WIND SPEED    20   HIGHEST WIND DIRECTION    SE (150)
  HIGHEST GUST SPEED    26   HIGHEST GUST DIRECTION    SE (140)
  AVERAGE WIND SPEED    10.7


SKY COVER
  POSSIBLE SUNSHINE  MM
  AVERAGE SKY COVER 0.1


WEATHER CONDITIONS
 THE FOLLOWING WEATHER WAS RECORDED YESTERDAY.
  FOG


RELATIVE HUMIDITY (PERCENT)
 HIGHEST    89           700 AM
 LOWEST     46           200 PM
 AVERAGE    68

..........................................................


THE DODGE CITY KS CLIMATE NORMALS FOR TODAY
                         NORMAL    RECORD    YEAR
 MAXIMUM TEMPERATURE (F)   82       101      2002
 MINIMUM TEMPERATURE (F)   57        40      1879


SUNRISE AND SUNSET
JUNE  1 2015..........SUNRISE   620 AM CDT   SUNSET   856 PM CDT
JUNE  2 2015..........SUNRISE   619 AM CDT   SUNSET   857 PM CDT


-  INDICATES NEGATIVE NUMBERS.
R  INDICATES RECORD WAS SET OR TIED.
MM INDICATES DATA IS MISSING.
T  INDICATES TRACE AMOUNT.




$$
