000
CDUS43 KDDC 281007
CLIDGC


CLIMATE REPORT
NATIONAL WEATHER SERVICE DODGE CITY KS
506 AM CDT SAT MAR 28 2015


...................................

...THE DODGE CITY KS CLIMATE SUMMARY FOR MARCH 27 2015...

CLIMATE NORMAL PERIOD 1981 TO 2010
CLIMATE RECORD PERIOD 1875 TO 2015


WEATHER ITEM   OBSERVED TIME   RECORD YEAR NORMAL DEPARTURE LAST
                VALUE   (LST)  VALUE       VALUE  FROM      YEAR
                                                  NORMAL
..................................................................
TEMPERATURE (F)
 YESTERDAY
  MAXIMUM         62    603 PM  89    1879  61      1       61
  MINIMUM         34    911 AM   6    1931  34      0       31
  AVERAGE         48                        48      0       46

PRECIPITATION (IN)
  YESTERDAY        0.00          0.91 1980   0.06  -0.06     0.00
  MONTH TO DATE    0.29                      1.34  -1.05     0.26
  SINCE MAR 1      0.29                      1.34  -1.05     0.26
  SINCE JAN 1      1.59                      2.60  -1.01     1.10

SNOWFALL (IN)
  YESTERDAY        0.0          12.0  2009   0.1   -0.1      0.0
  MONTH TO DATE    T                         4.3   -4.3      4.4
  SINCE MAR 1      T                         4.3   -4.3      4.4
  SINCE JUL 1     21.4                      19.4    2.0     28.9
  SNOW DEPTH       0

DEGREE DAYS
 HEATING
  YESTERDAY       17                        17      0       19
  MONTH TO DATE  483                       573    -90      701
  SINCE MAR 1    483                       573    -90      701
  SINCE JUL 1   4231                      4420   -189     4858

 COOLING
  YESTERDAY        0                         0      0        0
  MONTH TO DATE    0                         0      0        0
  SINCE MAR 1      0                         0      0        0
  SINCE JAN 1      0                         0      0        0
..................................................................


WIND (MPH)
  HIGHEST WIND SPEED    21   HIGHEST WIND DIRECTION    NE (30)
  HIGHEST GUST SPEED    28   HIGHEST GUST DIRECTION    SW (230)
  AVERAGE WIND SPEED    11.2


SKY COVER
  POSSIBLE SUNSHINE  MM
  AVERAGE SKY COVER 0.5


WEATHER CONDITIONS
 THE FOLLOWING WEATHER WAS RECORDED YESTERDAY.
  NO SIGNIFICANT WEATHER WAS OBSERVED.


RELATIVE HUMIDITY (PERCENT)
 HIGHEST    89           900 AM
 LOWEST     32           600 PM
 AVERAGE    61

..........................................................


THE DODGE CITY KS CLIMATE NORMALS FOR TODAY
                         NORMAL    RECORD    YEAR
 MAXIMUM TEMPERATURE (F)   62        91      1963
 MINIMUM TEMPERATURE (F)   34         2      1899


SUNRISE AND SUNSET
MARCH 28 2015.........SUNRISE   732 AM CDT   SUNSET   759 PM CDT
MARCH 29 2015.........SUNRISE   730 AM CDT   SUNSET   800 PM CDT


-  INDICATES NEGATIVE NUMBERS.
R  INDICATES RECORD WAS SET OR TIED.
MM INDICATES DATA IS MISSING.
T  INDICATES TRACE AMOUNT.




$$
