000
CDUS43 KDDC 281006
CLIDGC


CLIMATE REPORT
NATIONAL WEATHER SERVICE DODGE CITY KS
405 AM CST SUN DEC 28 2014


...................................

...THE DODGE CITY KS CLIMATE SUMMARY FOR DECEMBER 27 2014...

CLIMATE NORMAL PERIOD 1981 TO 2010
CLIMATE RECORD PERIOD 1875 TO 2014


WEATHER ITEM   OBSERVED TIME   RECORD YEAR NORMAL DEPARTURE LAST
                VALUE   (LST)  VALUE       VALUE  FROM      YEAR
                                                  NORMAL
..................................................................
TEMPERATURE (F)
 YESTERDAY
  MAXIMUM         34    410 PM  71    1980  43     -9       57
  MINIMUM         16    820 AM  -9    1876  20     -4       25
  AVERAGE         25                        32     -7       41

PRECIPITATION (IN)
  YESTERDAY        0.00          0.80 1982   0.03  -0.03     0.00
  MONTH TO DATE    0.95                      0.74   0.21     0.48
  SINCE DEC 1      0.95                      0.74   0.21     0.48
  SINCE JAN 1     23.13                     21.50   1.63    20.72

SNOWFALL (IN)
  YESTERDAY        0.0           6.0  1966   0.2   -0.2      0.0
  MONTH TO DATE    1.5                       3.6   -2.1      5.5
  SINCE DEC 1      1.5                       3.6   -2.1      5.5
  SINCE JUL 1      3.7                       5.8   -2.1     10.5
  SNOW DEPTH       T

DEGREE DAYS
 HEATING
  YESTERDAY       40                        33      7       24
  MONTH TO DATE  736                       863   -127      950
  SINCE DEC 1    736                       863   -127      950
  SINCE JUL 1   1734                      1877   -143     1978

 COOLING
  YESTERDAY        0                         0      0        0
  MONTH TO DATE    0                         0      0        0
  SINCE DEC 1      0                         0      0        0
  SINCE JAN 1   1475                      1463     12     1641
..................................................................


WIND (MPH)
  HIGHEST WIND SPEED    17   HIGHEST WIND DIRECTION    NW (310)
  HIGHEST GUST SPEED    21   HIGHEST GUST DIRECTION    NW (310)
  AVERAGE WIND SPEED     9.3


SKY COVER
  POSSIBLE SUNSHINE  MM
  AVERAGE SKY COVER 0.0


WEATHER CONDITIONS
 THE FOLLOWING WEATHER WAS RECORDED YESTERDAY.
  NO SIGNIFICANT WEATHER WAS OBSERVED.


RELATIVE HUMIDITY (PERCENT)
 HIGHEST    88           600 AM
 LOWEST     47           200 PM
 AVERAGE    68

..........................................................


THE DODGE CITY KS CLIMATE NORMALS FOR TODAY
                         NORMAL    RECORD    YEAR
 MAXIMUM TEMPERATURE (F)   43        70      1999
                                             1879
 MINIMUM TEMPERATURE (F)   20       -11      1894


SUNRISE AND SUNSET
DECEMBER 28 2014......SUNRISE   754 AM CST   SUNSET   529 PM CST
DECEMBER 29 2014......SUNRISE   755 AM CST   SUNSET   529 PM CST


-  INDICATES NEGATIVE NUMBERS.
R  INDICATES RECORD WAS SET OR TIED.
MM INDICATES DATA IS MISSING.
T  INDICATES TRACE AMOUNT.




$$
