000
CDUS43 KDDC 311007
CLIDGC


CLIMATE REPORT
NATIONAL WEATHER SERVICE DODGE CITY KS
506 AM CDT SUN AUG 31 2014


...................................

...THE DODGE CITY KS CLIMATE SUMMARY FOR AUGUST 30 2014...

CLIMATE NORMAL PERIOD 1981 TO 2010
CLIMATE RECORD PERIOD 1875 TO 2014


WEATHER ITEM   OBSERVED TIME   RECORD YEAR NORMAL DEPARTURE LAST
                VALUE   (LST)  VALUE       VALUE  FROM      YEAR
                                                  NORMAL
..................................................................
TEMPERATURE (F)
 YESTERDAY
  MAXIMUM         92    310 PM 104    1982  89      3       99
  MINIMUM         61    540 AM  43    1915  63     -2       66
  AVERAGE         77                        76      1       83

PRECIPITATION (IN)
  YESTERDAY        0.00          1.45 1906   0.08  -0.08     0.00
  MONTH TO DATE    2.43                      2.66  -0.23     6.92
  SINCE JUN 1     14.53                      8.98   5.55    12.05
  SINCE JAN 1     18.05                     16.50   1.55    15.48

SNOWFALL (IN)
  YESTERDAY        0.0           0.0  2002   0.0    0.0      0.0
                                      2001
  MONTH TO DATE    0.0                       0.0    0.0      0.0
  SINCE JUN 1      0.0                       0.0    0.0      0.0
  SINCE JUL 1      0.0                       0.0    0.0      0.0
  SNOW DEPTH       0

DEGREE DAYS
 HEATING
  YESTERDAY        0                         0      0        0
  MONTH TO DATE    0                         0      0        0
  SINCE JUN 1     20                        14      6       12
  SINCE JUL 1     13                         1     12        0

 COOLING
  YESTERDAY       12                        11      1       18
  MONTH TO DATE  427                       398     29      350
  SINCE JUN 1   1055                      1128    -73     1181
  SINCE JAN 1   1227                      1237    -10     1343
..................................................................


WIND (MPH)
  HIGHEST WIND SPEED    24   HIGHEST WIND DIRECTION    SE (150)
  HIGHEST GUST SPEED    34   HIGHEST GUST DIRECTION     S (160)
  AVERAGE WIND SPEED    10.0


SKY COVER
  POSSIBLE SUNSHINE  MM
  AVERAGE SKY COVER 0.0


WEATHER CONDITIONS
 THE FOLLOWING WEATHER WAS RECORDED YESTERDAY.
  NO SIGNIFICANT WEATHER WAS OBSERVED.


RELATIVE HUMIDITY (PERCENT)
 HIGHEST    78           200 AM
 LOWEST     21           300 PM
 AVERAGE    50

..........................................................


THE DODGE CITY KS CLIMATE NORMALS FOR TODAY
                         NORMAL    RECORD    YEAR
 MAXIMUM TEMPERATURE (F)   88       107      2011
 MINIMUM TEMPERATURE (F)   62        46      1915


SUNRISE AND SUNSET
AUGUST 31 2014........SUNRISE   709 AM CDT   SUNSET   810 PM CDT
SEPTEMBER  1 2014.....SUNRISE   710 AM CDT   SUNSET   809 PM CDT


-  INDICATES NEGATIVE NUMBERS.
R  INDICATES RECORD WAS SET OR TIED.
MM INDICATES DATA IS MISSING.
T  INDICATES TRACE AMOUNT.




$$
