000
CDUS43 KDDC 252336
CLIDGC


CLIMATE REPORT
NATIONAL WEATHER SERVICE DODGE CITY KS
534 PM CST SAT FEB 25 2017


...................................

...THE DODGE CITY KS CLIMATE SUMMARY FOR FEBRUARY 25 2017...
VALID TODAY AS OF 0500 PM LOCAL TIME.

CLIMATE NORMAL PERIOD 1981 TO 2010
CLIMATE RECORD PERIOD 1875 TO 2017


WEATHER ITEM   OBSERVED TIME   RECORD YEAR NORMAL DEPARTURE LAST
                VALUE   (LST)  VALUE       VALUE  FROM      YEAR
                                                  NORMAL
..................................................................
TEMPERATURE (F)
 TODAY
  MAXIMUM         48    447 PM  80    1989  51     -3       45
  MINIMUM          9    429 AM  -4    1960  26    -17       19
  AVERAGE         29                        39    -10       32

PRECIPITATION (IN)
  TODAY            0.00          1.50 1912   0.02  -0.02     0.00
  MONTH TO DATE    0.01                      0.60  -0.59     0.31
  SINCE DEC 1      3.19                      2.02   1.17     3.02
  SINCE JAN 1      2.57                      1.18   1.39     0.59

SNOWFALL (IN)
  TODAY            0.0          15.0  1912   0.1   -0.1      0.0
  MONTH TO DATE    0.0                       3.5   -3.5      0.1
  SINCE DEC 1      5.0                      12.5   -7.5      8.9
  SINCE JUL 1      5.0                      14.7   -9.7     10.0
  SNOW DEPTH       0

DEGREE DAYS
 HEATING
  TODAY           36                        26     10       33
  MONTH TO DATE  523                       737   -214      623
  SINCE DEC 1   2573                      2755   -182     2470
  SINCE JUL 1   3169                      3769   -600     3300

 COOLING
  TODAY            0                         0      0        0
  MONTH TO DATE    0                         0      0        2
  SINCE DEC 1      0                         0      0        2
  SINCE JAN 1      0                         0      0        2
..................................................................


WIND (MPH)
  HIGHEST WIND SPEED    23   HIGHEST WIND DIRECTION     S (200)
  HIGHEST GUST SPEED    28   HIGHEST GUST DIRECTION    SW (210)
  AVERAGE WIND SPEED    10.4


SKY COVER
  POSSIBLE SUNSHINE  MM
  AVERAGE SKY COVER 0.3


WEATHER CONDITIONS
 THE FOLLOWING WEATHER WAS RECORDED TODAY.
  NO SIGNIFICANT WEATHER WAS OBSERVED.


RELATIVE HUMIDITY (PERCENT)
 HIGHEST    84           100 AM
 LOWEST     25           300 PM
 AVERAGE    55

..........................................................


THE DODGE CITY KS CLIMATE NORMALS FOR TOMORROW
                         NORMAL    RECORD    YEAR
 MAXIMUM TEMPERATURE (F)   52        76      1981
 MINIMUM TEMPERATURE (F)   26        -3      1890


SUNRISE AND SUNSET
FEBRUARY 25 2017......SUNRISE   716 AM CST   SUNSET   630 PM CST
FEBRUARY 26 2017......SUNRISE   715 AM CST   SUNSET   631 PM CST


-  INDICATES NEGATIVE NUMBERS.
R  INDICATES RECORD WAS SET OR TIED.
MM INDICATES DATA IS MISSING.
T  INDICATES TRACE AMOUNT.




$$
