000
CDUS43 KDDC 272330
CLIDGC


CLIMATE REPORT
NATIONAL WEATHER SERVICE DODGE CITY KS
630 PM CDT THU APR 27 2017


...................................

...THE DODGE CITY KS CLIMATE SUMMARY FOR APRIL 27 2017...
VALID TODAY AS OF 0500 PM LOCAL TIME.

CLIMATE NORMAL PERIOD 1981 TO 2010
CLIMATE RECORD PERIOD 1875 TO 2017


WEATHER ITEM   OBSERVED TIME   RECORD YEAR NORMAL DEPARTURE LAST
                VALUE   (LST)  VALUE       VALUE  FROM      YEAR
                                                  NORMAL
..................................................................
TEMPERATURE (F)
 TODAY
  MAXIMUM         65   1224 PM  92    1981  71     -6       63
  MINIMUM         36    341 AM  28    1994  45     -9       41
  AVERAGE         51                        58     -7       52

PRECIPITATION (IN)
  TODAY            T             1.52 1888   0.07  -0.07      T
  MONTH TO DATE    4.51                      1.61   2.90     5.81
  SINCE MAR 1      7.09                      3.20   3.89     5.85
  SINCE JAN 1      9.66                      4.46   5.20     6.44

SNOWFALL (IN)
  TODAY           MM             0.3  1920   0.0   MM        0.0
  MONTH TO DATE    0.0                       1.1   -1.1      0.0
  SINCE MAR 1      0.0                       6.0   -6.0      0.4
  SINCE JUL 1      5.0                      21.1  -16.1     10.4
  SNOW DEPTH       0

DEGREE DAYS
 HEATING
  TODAY           14                         8      6       13
  MONTH TO DATE  241                       329    -88      254
  SINCE MAR 1    725                       969   -244      760
  SINCE JUL 1   3959                      4816   -857     4122

 COOLING
  TODAY            0                         1     -1        0
  MONTH TO DATE   32                        12     20        7
  SINCE MAR 1     41                        13     28        9
  SINCE JAN 1     41                        13     28       11
..................................................................


WIND (MPH)
  HIGHEST WIND SPEED    31   HIGHEST WIND DIRECTION    SE (140)
  HIGHEST GUST SPEED    38   HIGHEST GUST DIRECTION    SE (140)
  AVERAGE WIND SPEED    14.5


SKY COVER
  POSSIBLE SUNSHINE  MM
  AVERAGE SKY COVER 0.5


WEATHER CONDITIONS
 THE FOLLOWING WEATHER WAS RECORDED TODAY.
  NO SIGNIFICANT WEATHER WAS OBSERVED.


RELATIVE HUMIDITY (PERCENT)
 HIGHEST    85           400 AM
 LOWEST     39           100 PM
 AVERAGE    62

..........................................................


THE DODGE CITY KS CLIMATE NORMALS FOR TOMORROW
                         NORMAL    RECORD    YEAR
 MAXIMUM TEMPERATURE (F)   72        95      1910
 MINIMUM TEMPERATURE (F)   45        30      1965


SUNRISE AND SUNSET
APRIL 27 2017.........SUNRISE   649 AM CDT   SUNSET   827 PM CDT
APRIL 28 2017.........SUNRISE   647 AM CDT   SUNSET   828 PM CDT


-  INDICATES NEGATIVE NUMBERS.
R  INDICATES RECORD WAS SET OR TIED.
MM INDICATES DATA IS MISSING.
T  INDICATES TRACE AMOUNT.




$$
