000
CDUS43 KDDC 210711
CLIDGC


CLIMATE REPORT
NATIONAL WEATHER SERVICE DODGE CITY KS
211 AM CDT TUE MAR 21 2017


...................................

...THE DODGE CITY KS CLIMATE SUMMARY FOR MARCH 20 2017...

CLIMATE NORMAL PERIOD 1981 TO 2010
CLIMATE RECORD PERIOD 1875 TO 2017


WEATHER ITEM   OBSERVED TIME   RECORD YEAR NORMAL DEPARTURE LAST
                VALUE   (LST)  VALUE       VALUE  FROM      YEAR
                                                  NORMAL
..................................................................
TEMPERATURE (F)
 YESTERDAY
  MAXIMUM         82    236 PM  91    1907  59     23       51
  MINIMUM         47    656 AM  -1    1876  32     15       12
  AVERAGE         65                        46     19       32

PRECIPITATION (IN)
  YESTERDAY        0.00          0.66 1902   0.06  -0.06     0.00
  MONTH TO DATE    T                         0.93  -0.93     0.04
  SINCE MAR 1      T                         0.93  -0.93     0.04
  SINCE JAN 1      2.57                      2.19   0.38     0.63

SNOWFALL (IN)
  YESTERDAY        0.0           6.4  2006   0.1   -0.1      0.0
  MONTH TO DATE    0.0                       3.2   -3.2      0.4
  SINCE MAR 1      0.0                       3.2   -3.2      0.4
  SINCE JUL 1      5.0                      18.3  -13.3     10.4
  SNOW DEPTH       0

DEGREE DAYS
 HEATING
  YESTERDAY        0                        19    -19       33
  MONTH TO DATE  321                       445   -124      343
  SINCE MAR 1    321                       445   -124      343
  SINCE JUL 1   3555                      4292   -737     3705

 COOLING
  YESTERDAY        0                         0      0        0
  MONTH TO DATE    9                         0      9        0
  SINCE MAR 1      9                         0      9        0
  SINCE JAN 1      9                         0      9        2
..................................................................


WIND (MPH)
  HIGHEST WIND SPEED    20   HIGHEST WIND DIRECTION     N (20)
  HIGHEST GUST SPEED    25   HIGHEST GUST DIRECTION     N (10)
  AVERAGE WIND SPEED    11.5


SKY COVER
  POSSIBLE SUNSHINE  MM
  AVERAGE SKY COVER 0.0


WEATHER CONDITIONS
 THE FOLLOWING WEATHER WAS RECORDED YESTERDAY.
  NO SIGNIFICANT WEATHER WAS OBSERVED.


RELATIVE HUMIDITY (PERCENT)
 HIGHEST    66          1100 PM
 LOWEST     20           300 PM
 AVERAGE    43

..........................................................


THE DODGE CITY KS CLIMATE NORMALS FOR TODAY
                         NORMAL    RECORD    YEAR
 MAXIMUM TEMPERATURE (F)   60        94      1907
 MINIMUM TEMPERATURE (F)   32         6      1913


SUNRISE AND SUNSET
MARCH 21 2017.........SUNRISE   741 AM CDT   SUNSET   753 PM CDT
MARCH 22 2017.........SUNRISE   740 AM CDT   SUNSET   754 PM CDT


-  INDICATES NEGATIVE NUMBERS.
R  INDICATES RECORD WAS SET OR TIED.
MM INDICATES DATA IS MISSING.
T  INDICATES TRACE AMOUNT.




$$
