000
CDUS43 KDDC 021006
CLIDGC


CLIMATE REPORT
NATIONAL WEATHER SERVICE DODGE CITY KS
406 AM CST MON MAR 2 2015


...................................

...THE DODGE CITY KS CLIMATE SUMMARY FOR MARCH 1 2015...

CLIMATE NORMAL PERIOD 1981 TO 2010
CLIMATE RECORD PERIOD 1875 TO 2015


WEATHER ITEM   OBSERVED TIME   RECORD YEAR NORMAL DEPARTURE LAST
                VALUE   (LST)  VALUE       VALUE  FROM      YEAR
                                                  NORMAL
..................................................................
TEMPERATURE (F)
 YESTERDAY
  MAXIMUM         31    402 PM  79    1967  53    -22       24
  MINIMUM         19    436 AM  -9    1903  27     -8        4
  AVERAGE         25                        40    -15       14

PRECIPITATION (IN)
  YESTERDAY        0.00          0.95 1953   0.03  -0.03      T
  MONTH TO DATE    0.00                      0.03  -0.03      T
  SINCE MAR 1      0.00                      0.03  -0.03      T
  SINCE JAN 1      1.30                      1.29   0.01     0.84

SNOWFALL (IN)
  YESTERDAY        0.0           4.7  1948   0.1   -0.1      0.6
  MONTH TO DATE    0.0                       0.1   -0.1      0.6
  SINCE MAR 1      0.0                       0.1   -0.1      0.6
  SINCE JUL 1     21.4                      15.2    6.2     25.1
  SNOW DEPTH       2

DEGREE DAYS
 HEATING
  YESTERDAY       40                        25     15       51
  MONTH TO DATE   40                        25     15       51
  SINCE MAR 1     40                        25     15       51
  SINCE JUL 1   3788                      3872    -84     4208

 COOLING
  YESTERDAY        0                         0      0        0
  MONTH TO DATE    0                         0      0        0
  SINCE MAR 1      0                         0      0        0
  SINCE JAN 1      0                         0      0        0
..................................................................


WIND (MPH)
  HIGHEST WIND SPEED    13   HIGHEST WIND DIRECTION    NW (330)
  HIGHEST GUST SPEED    14   HIGHEST GUST DIRECTION     N (340)
  AVERAGE WIND SPEED     4.6


SKY COVER
  POSSIBLE SUNSHINE  MM
  AVERAGE SKY COVER 0.9


WEATHER CONDITIONS
 THE FOLLOWING WEATHER WAS RECORDED YESTERDAY.
  FOG
  HAZE


RELATIVE HUMIDITY (PERCENT)
 HIGHEST    92           900 AM
 LOWEST     63           200 PM
 AVERAGE    78

..........................................................


THE DODGE CITY KS CLIMATE NORMALS FOR TODAY
                         NORMAL    RECORD    YEAR
 MAXIMUM TEMPERATURE (F)   53        86      1904
 MINIMUM TEMPERATURE (F)   27       -10      1922


SUNRISE AND SUNSET
MARCH  2 2015.........SUNRISE   710 AM CST   SUNSET   634 PM CST
MARCH  3 2015.........SUNRISE   709 AM CST   SUNSET   635 PM CST


-  INDICATES NEGATIVE NUMBERS.
R  INDICATES RECORD WAS SET OR TIED.
MM INDICATES DATA IS MISSING.
T  INDICATES TRACE AMOUNT.




$$
