000
CDUS43 KDDC 250706
CLIDGC


CLIMATE REPORT
NATIONAL WEATHER SERVICE DODGE CITY KS
206 AM CDT WED MAY 25 2016


...................................

...THE DODGE CITY KS CLIMATE SUMMARY FOR MAY 24 2016...

CLIMATE NORMAL PERIOD 1981 TO 2010
CLIMATE RECORD PERIOD 1875 TO 2016


WEATHER ITEM   OBSERVED TIME   RECORD YEAR NORMAL DEPARTURE LAST
                VALUE   (LST)  VALUE       VALUE  FROM      YEAR
                                                  NORMAL
..................................................................
TEMPERATURE (F)
 YESTERDAY
  MAXIMUM         83    419 PM 102    1967  79      4       66
  MINIMUM         63   1032 PM  39    2001  54      9       53
  AVERAGE         73                        67      6       60

PRECIPITATION (IN)
  YESTERDAY        1.13          1.80 1936   0.10   1.03     0.91
  MONTH TO DATE    1.45                      2.10  -0.65     7.59
  SINCE MAR 1      9.57                      5.51   4.06     9.68
  SINCE JAN 1     10.16                      6.77   3.39    10.98

SNOWFALL (IN)
  YESTERDAY        0.0           T    2002   0.0    0.0      0.0
  MONTH TO DATE    0.0                       0.0    0.0      0.0
  SINCE MAR 1      0.4                       6.0   -5.6       T
  SINCE JUL 1     10.4                      21.1  -10.7     21.4
  SNOW DEPTH       0

DEGREE DAYS
 HEATING
  YESTERDAY        0                         2     -2        5
  MONTH TO DATE  160                       103     57      138
  SINCE MAR 1    975                      1095   -120      899
  SINCE JUL 1   4337                      4942   -605     4647

 COOLING
  YESTERDAY        8                         4      4        0
  MONTH TO DATE   27                        57    -30       36
  SINCE MAR 1     36                        76    -40       51
  SINCE JAN 1     38                        76    -38       51
..................................................................


WIND (MPH)
  HIGHEST WIND SPEED    45   HIGHEST WIND DIRECTION     S (170)
  HIGHEST GUST SPEED    55   HIGHEST GUST DIRECTION     S (160)
  AVERAGE WIND SPEED    16.0


SKY COVER
  POSSIBLE SUNSHINE  MM
  AVERAGE SKY COVER 0.7


WEATHER CONDITIONS
 THE FOLLOWING WEATHER WAS RECORDED YESTERDAY.
  THUNDERSTORM
  HEAVY RAIN
  RAIN
  LIGHT RAIN
  FOG
  HAZE


RELATIVE HUMIDITY (PERCENT)
 HIGHEST   100           200 AM
 LOWEST     63           300 PM
 AVERAGE    82

..........................................................


THE DODGE CITY KS CLIMATE NORMALS FOR TODAY
                         NORMAL    RECORD    YEAR
 MAXIMUM TEMPERATURE (F)   80       101      2012
 MINIMUM TEMPERATURE (F)   55        37      2001


SUNRISE AND SUNSET
MAY 25 2016...........SUNRISE   623 AM CDT   SUNSET   851 PM CDT
MAY 26 2016...........SUNRISE   622 AM CDT   SUNSET   852 PM CDT


-  INDICATES NEGATIVE NUMBERS.
R  INDICATES RECORD WAS SET OR TIED.
MM INDICATES DATA IS MISSING.
T  INDICATES TRACE AMOUNT.




$$
