000
CDUS43 KDDC 240705
CLIDGC


CLIMATE REPORT
NATIONAL WEATHER SERVICE DODGE CITY KS
205 AM CDT WED MAY 24 2017


...................................

...THE DODGE CITY KS CLIMATE SUMMARY FOR MAY 23 2017...

CLIMATE NORMAL PERIOD 1981 TO 2010
CLIMATE RECORD PERIOD 1875 TO 2017


WEATHER ITEM   OBSERVED TIME   RECORD YEAR NORMAL DEPARTURE LAST
                VALUE   (LST)  VALUE       VALUE  FROM      YEAR
                                                  NORMAL
..................................................................
TEMPERATURE (F)
 YESTERDAY
  MAXIMUM         66   1248 PM 100    2012  79    -13       81
  MINIMUM         42   1159 PM  33    1893  54    -12       58
  AVERAGE         54                        66    -12       70

PRECIPITATION (IN)
  YESTERDAY        T             1.91 1936   0.09  -0.09     0.00
  MONTH TO DATE    4.52                      2.00   2.52     0.32
  SINCE MAR 1     14.76                      5.41   9.35     8.44
  SINCE JAN 1     17.33                      6.67  10.66     9.03

SNOWFALL (IN)
  YESTERDAY        0.0           0.0  2002   0.0    0.0      0.0
  MONTH TO DATE    0.0                       0.0    0.0      0.0
  SINCE MAR 1      2.5                       6.0   -3.5      0.4
  SINCE JUL 1      7.5                      21.1  -13.6     10.4
  SNOW DEPTH       0

DEGREE DAYS
 HEATING
  YESTERDAY       11                         2      9        0
  MONTH TO DATE  134                       101     33      160
  SINCE MAR 1    928                      1093   -165      975
  SINCE JUL 1   4162                      4940   -778     4337

 COOLING
  YESTERDAY        0                         4     -4        5
  MONTH TO DATE   41                        53    -12       19
  SINCE MAR 1     82                        72     10       28
  SINCE JAN 1     82                        72     10       30
..................................................................


WIND (MPH)
  HIGHEST WIND SPEED    26   HIGHEST WIND DIRECTION     N (360)
  HIGHEST GUST SPEED    38   HIGHEST GUST DIRECTION    NW (320)
  AVERAGE WIND SPEED    13.3


SKY COVER
  POSSIBLE SUNSHINE  MM
  AVERAGE SKY COVER 0.5


WEATHER CONDITIONS
 THE FOLLOWING WEATHER WAS RECORDED YESTERDAY.
  LIGHT RAIN


RELATIVE HUMIDITY (PERCENT)
 HIGHEST    93           500 AM
 LOWEST     39           300 PM
 AVERAGE    66

..........................................................


THE DODGE CITY KS CLIMATE NORMALS FOR TODAY
                         NORMAL    RECORD    YEAR
 MAXIMUM TEMPERATURE (F)   79       102      1967
 MINIMUM TEMPERATURE (F)   54        39      2001


SUNRISE AND SUNSET
MAY 24 2017...........SUNRISE   623 AM CDT   SUNSET   851 PM CDT
MAY 25 2017...........SUNRISE   623 AM CDT   SUNSET   851 PM CDT


-  INDICATES NEGATIVE NUMBERS.
R  INDICATES RECORD WAS SET OR TIED.
MM INDICATES DATA IS MISSING.
T  INDICATES TRACE AMOUNT.




$$
