000
CDUS43 KDDC 302329
CLIDGC


CLIMATE REPORT
NATIONAL WEATHER SERVICE DODGE CITY KS
628 PM CDT SUN AUG 30 2015


...................................

...THE DODGE CITY KS CLIMATE SUMMARY FOR AUGUST 30 2015...
VALID TODAY AS OF 0500 PM LOCAL TIME.

CLIMATE NORMAL PERIOD 1981 TO 2010
CLIMATE RECORD PERIOD 1875 TO 2015


WEATHER ITEM   OBSERVED TIME   RECORD YEAR NORMAL DEPARTURE LAST
                VALUE   (LST)  VALUE       VALUE  FROM      YEAR
                                                  NORMAL
..................................................................
TEMPERATURE (F)
 TODAY
  MAXIMUM         90    249 PM 104    1982  89      1       92
  MINIMUM         52    526 AM  43    1915  63    -11       61
  AVERAGE         71                        76     -5       77

PRECIPITATION (IN)
  TODAY            0.00          1.45 1906   0.08  -0.08     0.00
  MONTH TO DATE    1.75                      2.66  -0.91     2.43
  SINCE JUN 1      5.97                      8.98  -3.01    14.53
  SINCE JAN 1     19.69                     16.50   3.19    18.05

SNOWFALL (IN)
  TODAY            0.0           0.0  2002   0.0    0.0      0.0
                                      2001
  MONTH TO DATE    0.0                       0.0    0.0      0.0
  SINCE JUN 1      0.0                       0.0    0.0      0.0
  SINCE JUL 1      0.0                       0.0    0.0      0.0
  SNOW DEPTH       0

DEGREE DAYS
 HEATING
  TODAY            0                         0      0        0
  MONTH TO DATE    1                         0      1        0
  SINCE JUN 1      2                        14    -12       20
  SINCE JUL 1      2                         1      1       13

 COOLING
  TODAY            6                        11     -5       12
  MONTH TO DATE  325                       398    -73      427
  SINCE JUN 1   1124                      1128     -4     1055
  SINCE JAN 1   1185                      1237    -52     1227
..................................................................


WIND (MPH)
  HIGHEST WIND SPEED    13   HIGHEST WIND DIRECTION     S (170)
  HIGHEST GUST SPEED    17   HIGHEST GUST DIRECTION    SE (140)
  AVERAGE WIND SPEED     6.4


SKY COVER
  POSSIBLE SUNSHINE  MM
  AVERAGE SKY COVER 0.3


WEATHER CONDITIONS
 THE FOLLOWING WEATHER WAS RECORDED TODAY.
  FOG
  FOG W/VISIBILITY <= 1/4 MILE
  HAZE


RELATIVE HUMIDITY (PERCENT)
 HIGHEST   100           400 AM
 LOWEST     21           400 PM
 AVERAGE    61

..........................................................


THE DODGE CITY KS CLIMATE NORMALS FOR TOMORROW
                         NORMAL    RECORD    YEAR
 MAXIMUM TEMPERATURE (F)   88       107      2011
 MINIMUM TEMPERATURE (F)   62        46      1915


SUNRISE AND SUNSET
AUGUST 30 2015........SUNRISE   708 AM CDT   SUNSET   812 PM CDT
AUGUST 31 2015........SUNRISE   709 AM CDT   SUNSET   811 PM CDT


-  INDICATES NEGATIVE NUMBERS.
R  INDICATES RECORD WAS SET OR TIED.
MM INDICATES DATA IS MISSING.
T  INDICATES TRACE AMOUNT.




$$
