000
CDUS43 KDDC 242340
CLIDGC


CLIMATE REPORT
NATIONAL WEATHER SERVICE DODGE CITY KS
539 PM CST WED DEC 24 2014


...................................

...THE DODGE CITY KS CLIMATE SUMMARY FOR DECEMBER 24 2014...
VALID TODAY AS OF 0500 PM LOCAL TIME.

CLIMATE NORMAL PERIOD 1981 TO 2010
CLIMATE RECORD PERIOD 1875 TO 2014


WEATHER ITEM   OBSERVED TIME   RECORD YEAR NORMAL DEPARTURE LAST
                VALUE   (LST)  VALUE       VALUE  FROM      YEAR
                                                  NORMAL
..................................................................
TEMPERATURE (F)
 TODAY
  MAXIMUM         44    418 PM  86    1955  43      1       37
  MINIMUM         22    751 AM -11    1879  20      2       15
  AVERAGE         33                        32      1       26

PRECIPITATION (IN)
  TODAY            0.00          0.51 1945   0.03  -0.03      T
  MONTH TO DATE    0.95                      0.66   0.29     0.48
  SINCE DEC 1      0.95                      0.66   0.29     0.48
  SINCE JAN 1     23.13                     21.42   1.71    20.72

SNOWFALL (IN)
  TODAY            0.0           3.6  1973   0.1   -0.1       T
  MONTH TO DATE    1.5                       3.1   -1.6      5.5
  SINCE DEC 1      1.5                       3.1   -1.6      5.5
  SINCE JUL 1      3.7                       5.3   -1.6     10.5
  SNOW DEPTH       0

DEGREE DAYS
 HEATING
  TODAY           32                        33     -1       39
  MONTH TO DATE  634                       764   -130      869
  SINCE DEC 1    634                       764   -130      869
  SINCE JUL 1   1632                      1778   -146     1897

 COOLING
  TODAY            0                         0      0        0
  MONTH TO DATE    0                         0      0        0
  SINCE DEC 1      0                         0      0        0
  SINCE JAN 1   1475                      1463     12     1641
..................................................................


WIND (MPH)
  HIGHEST WIND SPEED    20   HIGHEST WIND DIRECTION    NW (320)
  HIGHEST GUST SPEED    29   HIGHEST GUST DIRECTION    NW (320)
  AVERAGE WIND SPEED    14.1


SKY COVER
  POSSIBLE SUNSHINE  MM
  AVERAGE SKY COVER 0.2


WEATHER CONDITIONS
 THE FOLLOWING WEATHER WAS RECORDED TODAY.
  NO SIGNIFICANT WEATHER WAS OBSERVED.


RELATIVE HUMIDITY (PERCENT)
 HIGHEST    81           700 AM
 LOWEST     31           400 PM
 AVERAGE    56

..........................................................


THE DODGE CITY KS CLIMATE NORMALS FOR TOMORROW
                         NORMAL    RECORD    YEAR
 MAXIMUM TEMPERATURE (F)   43        74      1950
 MINIMUM TEMPERATURE (F)   20       -13      1879


SUNRISE AND SUNSET
DECEMBER 24 2014......SUNRISE   753 AM CST   SUNSET   526 PM CST
DECEMBER 25 2014......SUNRISE   753 AM CST   SUNSET   527 PM CST


-  INDICATES NEGATIVE NUMBERS.
R  INDICATES RECORD WAS SET OR TIED.
MM INDICATES DATA IS MISSING.
T  INDICATES TRACE AMOUNT.




$$
