000
CDUS43 KDDC 160707
CLIDGC


CLIMATE REPORT
NATIONAL WEATHER SERVICE DODGE CITY KS
107 AM CST THU NOV 16 2017


...................................

...THE DODGE CITY KS CLIMATE SUMMARY FOR NOVEMBER 15 2017...

CLIMATE NORMAL PERIOD 1981 TO 2010
CLIMATE RECORD PERIOD 1875 TO 2017


WEATHER ITEM   OBSERVED TIME   RECORD YEAR NORMAL DEPARTURE LAST
                VALUE   (LST)  VALUE       VALUE  FROM      YEAR
                                                  NORMAL
..................................................................
TEMPERATURE (F)
 YESTERDAY
  MAXIMUM         59    342 PM  83    1894  56      3       82
  MINIMUM         36   1153 PM  10    1955  30      6       41
  AVERAGE         48                        43      5       62

PRECIPITATION (IN)
  YESTERDAY        0.00          1.21 1996   0.02  -0.02     0.00
  MONTH TO DATE    T                         0.45  -0.45     0.36
  SINCE SEP 1      1.91                      3.86  -1.95     0.76
  SINCE JAN 1     25.56                     20.45   5.11    22.77

SNOWFALL (IN)
  YESTERDAY        0.0           2.5  1962   0.1   -0.1      0.0
  MONTH TO DATE    0.0                       0.5   -0.5      0.0
  SINCE SEP 1      0.0                       0.9   -0.9      0.0
  SINCE JUL 1      0.0                       0.9   -0.9      0.0
  SNOW DEPTH       0

DEGREE DAYS
 HEATING
  YESTERDAY       17                        22     -5        3
  MONTH TO DATE  320                       274     46      160
  SINCE SEP 1    611                       626    -15      308
  SINCE JUL 1    611                       630    -19      308

 COOLING
  YESTERDAY        0                         0      0        0
  MONTH TO DATE    0                         0      0        0
  SINCE SEP 1    288                       216     72      326
  SINCE JAN 1   1520                      1462     58     1580
..................................................................


WIND (MPH)
  HIGHEST WIND SPEED    24   HIGHEST WIND DIRECTION     N (10)
  HIGHEST GUST SPEED    34   HIGHEST GUST DIRECTION     N (360)
  AVERAGE WIND SPEED    10.7


SKY COVER
  POSSIBLE SUNSHINE  MM
  AVERAGE SKY COVER 0.0


WEATHER CONDITIONS
 THE FOLLOWING WEATHER WAS RECORDED YESTERDAY.
  FOG
  HAZE


RELATIVE HUMIDITY (PERCENT)
 HIGHEST    93          1200 AM
 LOWEST     28           300 PM
 AVERAGE    61

..........................................................


THE DODGE CITY KS CLIMATE NORMALS FOR TODAY
                         NORMAL    RECORD    YEAR
 MAXIMUM TEMPERATURE (F)   56        87      2016
 MINIMUM TEMPERATURE (F)   30         2      1955


SUNRISE AND SUNSET
NOVEMBER 16 2017......SUNRISE   721 AM CST   SUNSET   528 PM CST
NOVEMBER 17 2017......SUNRISE   722 AM CST   SUNSET   527 PM CST


-  INDICATES NEGATIVE NUMBERS.
R  INDICATES RECORD WAS SET OR TIED.
MM INDICATES DATA IS MISSING.
T  INDICATES TRACE AMOUNT.




$$
