000
CDUS43 KDDC 281007
CLIDGC


CLIMATE REPORT
NATIONAL WEATHER SERVICE DODGE CITY KS
506 AM CDT TUE OCT 28 2014


...................................

...THE DODGE CITY KS CLIMATE SUMMARY FOR OCTOBER 27 2014...

CLIMATE NORMAL PERIOD 1981 TO 2010
CLIMATE RECORD PERIOD 1875 TO 2014


WEATHER ITEM   OBSERVED TIME   RECORD YEAR NORMAL DEPARTURE LAST
                VALUE   (LST)  VALUE       VALUE  FROM      YEAR
                                                  NORMAL
..................................................................
TEMPERATURE (F)
 YESTERDAY
  MAXIMUM         68    428 PM  88    1922  66      2       75
  MINIMUM         46   1157 PM  10    1878  39      7       33
  AVERAGE         57                        52      5       54

PRECIPITATION (IN)
  YESTERDAY        0.00          0.47 2002   0.04  -0.04     0.00
  MONTH TO DATE    2.14                      1.56   0.58     1.06
  SINCE SEP 1      3.80                      3.23   0.57     2.18
  SINCE JAN 1     22.03                     19.82   2.21    17.66

SNOWFALL (IN)
  YESTERDAY        0.0           2.9  1911   0.0    0.0      0.0
  MONTH TO DATE    0.0                       0.3   -0.3      2.7
  SINCE SEP 1      0.0                       0.3   -0.3      2.7
  SINCE JUL 1      0.0                       0.3   -0.3      2.7
  SNOW DEPTH       0

DEGREE DAYS
 HEATING
  YESTERDAY        8                        13     -5       11
  MONTH TO DATE  132                       235   -103      273
  SINCE SEP 1    181                       296   -115      289
  SINCE JUL 1    194                       300   -106      289

 COOLING
  YESTERDAY        0                         0      0        0
  MONTH TO DATE   36                        27      9       31
  SINCE SEP 1    230                       214     16      277
  SINCE JAN 1   1475                      1460     15     1641
..................................................................


WIND (MPH)
  HIGHEST WIND SPEED    31   HIGHEST WIND DIRECTION     N (360)
  HIGHEST GUST SPEED    40   HIGHEST GUST DIRECTION     N (10)
  AVERAGE WIND SPEED    15.7


SKY COVER
  POSSIBLE SUNSHINE  MM
  AVERAGE SKY COVER 0.2


WEATHER CONDITIONS
 THE FOLLOWING WEATHER WAS RECORDED YESTERDAY.
  NO SIGNIFICANT WEATHER WAS OBSERVED.


RELATIVE HUMIDITY (PERCENT)
 HIGHEST    62           100 AM
 LOWEST     28           500 PM
 AVERAGE    45

..........................................................


THE DODGE CITY KS CLIMATE NORMALS FOR TODAY
                         NORMAL    RECORD    YEAR
 MAXIMUM TEMPERATURE (F)   65        85      1922
 MINIMUM TEMPERATURE (F)   39        15      1925


SUNRISE AND SUNSET
OCTOBER 28 2014.......SUNRISE   801 AM CDT   SUNSET   646 PM CDT
OCTOBER 29 2014.......SUNRISE   802 AM CDT   SUNSET   645 PM CDT


-  INDICATES NEGATIVE NUMBERS.
R  INDICATES RECORD WAS SET OR TIED.
MM INDICATES DATA IS MISSING.
T  INDICATES TRACE AMOUNT.




$$
