000
CDUS43 KDDC 172326
CLIDGC


CLIMATE REPORT
NATIONAL WEATHER SERVICE DODGE CITY KS
526 PM CST FRI FEB 17 2017


...................................

...THE DODGE CITY KS CLIMATE SUMMARY FOR FEBRUARY 17 2017...
VALID TODAY AS OF 0500 PM LOCAL TIME.

CLIMATE NORMAL PERIOD 1981 TO 2010
CLIMATE RECORD PERIOD 1875 TO 2017


WEATHER ITEM   OBSERVED TIME   RECORD YEAR NORMAL DEPARTURE LAST
                VALUE   (LST)  VALUE       VALUE  FROM      YEAR
                                                  NORMAL
..................................................................
TEMPERATURE (F)
 TODAY
  MAXIMUM         74    325 PM  85    1970  49     25       68
  MINIMUM         31    652 AM  -8    1903  24      7       32
  AVERAGE         53                        36     17       50

PRECIPITATION (IN)
  TODAY            0.00          1.08 1911   0.02  -0.02     0.00
  MONTH TO DATE    0.01                      0.39  -0.38     0.31
  SINCE DEC 1      3.19                      1.81   1.38     3.02
  SINCE JAN 1      2.57                      0.97   1.60     0.59

SNOWFALL (IN)
  TODAY            0.0           4.6  1942   0.2   -0.2      0.0
  MONTH TO DATE    0.0                       2.6   -2.6      0.1
  SINCE DEC 1      5.0                      11.6   -6.6      8.9
  SINCE JUL 1      5.0                      13.8   -8.8     10.0
  SNOW DEPTH       0

DEGREE DAYS
 HEATING
  TODAY           12                        29    -17       15
  MONTH TO DATE  387                       518   -131      473
  SINCE DEC 1   2437                      2536    -99     2320
  SINCE JUL 1   3033                      3550   -517     3150

 COOLING
  TODAY            0                         0      0        0
  MONTH TO DATE    0                         0      0        0
  SINCE DEC 1      0                         0      0        0
  SINCE JAN 1      0                         0      0        0
..................................................................


WIND (MPH)
  HIGHEST WIND SPEED    20   HIGHEST WIND DIRECTION     S (200)
  HIGHEST GUST SPEED    23   HIGHEST GUST DIRECTION     S (200)
  AVERAGE WIND SPEED    10.8


SKY COVER
  POSSIBLE SUNSHINE  MM
  AVERAGE SKY COVER 0.0


WEATHER CONDITIONS
 THE FOLLOWING WEATHER WAS RECORDED TODAY.
  NO SIGNIFICANT WEATHER WAS OBSERVED.


RELATIVE HUMIDITY (PERCENT)
 HIGHEST    85           600 AM
 LOWEST     16           300 PM
 AVERAGE    51

..........................................................


THE DODGE CITY KS CLIMATE NORMALS FOR TOMORROW
                         NORMAL    RECORD    YEAR
 MAXIMUM TEMPERATURE (F)   49        88      2016
 MINIMUM TEMPERATURE (F)   24        -8      1889


SUNRISE AND SUNSET
FEBRUARY 17 2017......SUNRISE   727 AM CST   SUNSET   621 PM CST
FEBRUARY 18 2017......SUNRISE   725 AM CST   SUNSET   622 PM CST


-  INDICATES NEGATIVE NUMBERS.
R  INDICATES RECORD WAS SET OR TIED.
MM INDICATES DATA IS MISSING.
T  INDICATES TRACE AMOUNT.




$$
