000
CDUS43 KDDC 140705
CLIDGC


CLIMATE REPORT
NATIONAL WEATHER SERVICE DODGE CITY KS
105 AM CST WED FEB 14 2018


...................................

...THE DODGE CITY KS CLIMATE SUMMARY FOR FEBRUARY 13 2018...

CLIMATE NORMAL PERIOD 1981 TO 2010
CLIMATE RECORD PERIOD 1875 TO 2018


WEATHER ITEM   OBSERVED TIME   RECORD YEAR NORMAL DEPARTURE LAST
                VALUE   (LST)  VALUE       VALUE  FROM      YEAR
                                                  NORMAL
..................................................................
TEMPERATURE (F)
 YESTERDAY
  MAXIMUM         63    355 PM  79    1954  48     15       44
  MINIMUM         21    305 AM -20    1905  23     -2       29
  AVERAGE         42                        35      7       37

PRECIPITATION (IN)
  YESTERDAY        0.00          1.13 1883   0.02  -0.02      T
  MONTH TO DATE    0.05                      0.30  -0.25      T
  SINCE DEC 1      0.14                      1.72  -1.58     3.18
  SINCE JAN 1      0.14                      0.88  -0.74     2.56

SNOWFALL (IN)
  YESTERDAY        0.0           3.8  1908   0.1   -0.1      0.0
  MONTH TO DATE    0.2                       2.0   -1.8      0.0
  SINCE DEC 1      1.4                      11.0   -9.6      5.0
  SINCE JUL 1      1.4                      13.2  -11.8      5.0
  SNOW DEPTH       0

DEGREE DAYS
 HEATING
  YESTERDAY       23                        30     -7       28
  MONTH TO DATE  463                       402     61      314
  SINCE DEC 1   2408                      2420    -12     2364
  SINCE JUL 1   3262                      3434   -172     2960

 COOLING
  YESTERDAY        0                         0      0        0
  MONTH TO DATE    0                         0      0        0
  SINCE DEC 1      0                         0      0        0
  SINCE JAN 1      0                         0      0        0
..................................................................


WIND (MPH)
  HIGHEST WIND SPEED    29   HIGHEST WIND DIRECTION     S (200)
  HIGHEST GUST SPEED    37   HIGHEST GUST DIRECTION     S (200)
  AVERAGE WIND SPEED    15.9


SKY COVER
  POSSIBLE SUNSHINE  MM
  AVERAGE SKY COVER 0.0


WEATHER CONDITIONS
 THE FOLLOWING WEATHER WAS RECORDED YESTERDAY.
  HAZE


RELATIVE HUMIDITY (PERCENT)
 HIGHEST    74           600 AM
 LOWEST     25           400 PM
 AVERAGE    50

..........................................................


THE DODGE CITY KS CLIMATE NORMALS FOR TODAY
                         NORMAL    RECORD    YEAR
 MAXIMUM TEMPERATURE (F)   48        85      1954
 MINIMUM TEMPERATURE (F)   23        -5      1936
                                             1884


SUNRISE AND SUNSET
FEBRUARY 14 2018......SUNRISE   731 AM CST   SUNSET   618 PM CST
FEBRUARY 15 2018......SUNRISE   729 AM CST   SUNSET   619 PM CST


-  INDICATES NEGATIVE NUMBERS.
R  INDICATES RECORD WAS SET OR TIED.
MM INDICATES DATA IS MISSING.
T  INDICATES TRACE AMOUNT.




$$
