000
CDUS43 KDDC 230706
CLIDGC


CLIMATE REPORT
NATIONAL WEATHER SERVICE DODGE CITY KS
205 AM CDT SUN APR 23 2017


...................................

...THE DODGE CITY KS CLIMATE SUMMARY FOR APRIL 22 2017...

CLIMATE NORMAL PERIOD 1981 TO 2010
CLIMATE RECORD PERIOD 1875 TO 2017


WEATHER ITEM   OBSERVED TIME   RECORD YEAR NORMAL DEPARTURE LAST
                VALUE   (LST)  VALUE       VALUE  FROM      YEAR
                                                  NORMAL
..................................................................
TEMPERATURE (F)
 YESTERDAY
  MAXIMUM         60    504 PM 100    1989  70    -10       74
  MINIMUM         37    244 AM  26    1892  43     -6       42
  AVERAGE         49                        56     -7       58

PRECIPITATION (IN)
  YESTERDAY        0.00          1.58 1933   0.06  -0.06     0.00
  MONTH TO DATE    4.50                      1.26   3.24     5.81
  SINCE MAR 1      7.08                      2.85   4.23     5.85
  SINCE JAN 1      9.65                      4.11   5.54     6.44

SNOWFALL (IN)
  YESTERDAY        0.0           0.3  1907   0.0    0.0      0.0
  MONTH TO DATE    0.0                       1.0   -1.0      0.0
  SINCE MAR 1      0.0                       5.9   -5.9      0.4
  SINCE JUL 1      5.0                      21.0  -16.0     10.4
  SNOW DEPTH       0

DEGREE DAYS
 HEATING
  YESTERDAY       16                        10      6        7
  MONTH TO DATE  184                       285   -101      235
  SINCE MAR 1    668                       925   -257      741
  SINCE JUL 1   3902                      4772   -870     4103

 COOLING
  YESTERDAY        0                         1     -1        0
  MONTH TO DATE   31                         7     24        4
  SINCE MAR 1     40                         8     32        6
  SINCE JAN 1     40                         8     32        8
..................................................................


WIND (MPH)
  HIGHEST WIND SPEED    22   HIGHEST WIND DIRECTION     N (20)
  HIGHEST GUST SPEED    29   HIGHEST GUST DIRECTION    NE (30)
  AVERAGE WIND SPEED    10.6


SKY COVER
  POSSIBLE SUNSHINE  MM
  AVERAGE SKY COVER 0.4


WEATHER CONDITIONS
 THE FOLLOWING WEATHER WAS RECORDED YESTERDAY.
  NO SIGNIFICANT WEATHER WAS OBSERVED.


RELATIVE HUMIDITY (PERCENT)
 HIGHEST   100          1200 AM
 LOWEST     39           600 PM
 AVERAGE    70

..........................................................


THE DODGE CITY KS CLIMATE NORMALS FOR TODAY
                         NORMAL    RECORD    YEAR
 MAXIMUM TEMPERATURE (F)   70        97      1989
 MINIMUM TEMPERATURE (F)   43        24      2013
                                             1887


SUNRISE AND SUNSET
APRIL 23 2017.........SUNRISE   654 AM CDT   SUNSET   823 PM CDT
APRIL 24 2017.........SUNRISE   652 AM CDT   SUNSET   824 PM CDT


-  INDICATES NEGATIVE NUMBERS.
R  INDICATES RECORD WAS SET OR TIED.
MM INDICATES DATA IS MISSING.
T  INDICATES TRACE AMOUNT.




$$
