000
CDUS43 KDDC 240708
CLIDGC


CLIMATE REPORT
NATIONAL WEATHER SERVICE DODGE CITY KS
207 AM CDT SUN JUL 24 2016


...................................

...THE DODGE CITY KS CLIMATE SUMMARY FOR JULY 23 2016...

CLIMATE NORMAL PERIOD 1981 TO 2010
CLIMATE RECORD PERIOD 1875 TO 2016


WEATHER ITEM   OBSERVED TIME   RECORD YEAR NORMAL DEPARTURE LAST
                VALUE   (LST)  VALUE       VALUE  FROM      YEAR
                                                  NORMAL
..................................................................
TEMPERATURE (F)
 YESTERDAY
  MAXIMUM        101    358 PM 109    1936  93      8       98
  MINIMUM         72    623 AM  55    1904  67      5       70
  AVERAGE         87                        80      7       84

PRECIPITATION (IN)
  YESTERDAY        0.00          2.77 1979   0.11  -0.11     0.00
  MONTH TO DATE    4.82                      2.28   2.54     0.97
  SINCE JUN 1      7.53                      5.52   2.01     3.05
  SINCE JAN 1     18.65                     13.04   5.61    16.77

SNOWFALL (IN)
  YESTERDAY        0.0           0.0  2002   0.0    0.0      0.0
                                      2001
  MONTH TO DATE    0.0                       0.0    0.0      0.0
  SINCE JUN 1      0.0                       0.0    0.0      0.0
  SINCE JUL 1      0.0                       0.0    0.0      0.0
  SNOW DEPTH       0

DEGREE DAYS
 HEATING
  YESTERDAY        0                         0      0        0
  MONTH TO DATE    0                         0      0        1
  SINCE JUN 1      1                        13    -12        1
  SINCE JUL 1      0                         0      0        1

 COOLING
  YESTERDAY       22                        15      7       19
  MONTH TO DATE  355                       333     22      327
  SINCE JUN 1    706                       611     95      680
  SINCE JAN 1    764                       720     44      741
..................................................................


WIND (MPH)
  HIGHEST WIND SPEED    24   HIGHEST WIND DIRECTION     S (180)
  HIGHEST GUST SPEED    32   HIGHEST GUST DIRECTION     S (170)
  AVERAGE WIND SPEED    14.0


SKY COVER
  POSSIBLE SUNSHINE  MM
  AVERAGE SKY COVER 0.0


WEATHER CONDITIONS
 THE FOLLOWING WEATHER WAS RECORDED YESTERDAY.
  NO SIGNIFICANT WEATHER WAS OBSERVED.


RELATIVE HUMIDITY (PERCENT)
 HIGHEST    68           400 AM
 LOWEST     23           300 PM
 AVERAGE    46

..........................................................


THE DODGE CITY KS CLIMATE NORMALS FOR TODAY
                         NORMAL    RECORD    YEAR
 MAXIMUM TEMPERATURE (F)   93       106      1940
                                             1936
 MINIMUM TEMPERATURE (F)   67        55      1911


SUNRISE AND SUNSET
JULY 24 2016..........SUNRISE   637 AM CDT   SUNSET   855 PM CDT
JULY 25 2016..........SUNRISE   638 AM CDT   SUNSET   854 PM CDT


-  INDICATES NEGATIVE NUMBERS.
R  INDICATES RECORD WAS SET OR TIED.
MM INDICATES DATA IS MISSING.
T  INDICATES TRACE AMOUNT.




$$
