000
CDUS43 KDDC 251009
CLIDGC


CLIMATE REPORT
NATIONAL WEATHER SERVICE DODGE CITY KS
408 AM CST WED FEB 25 2015


...................................

...THE DODGE CITY KS CLIMATE SUMMARY FOR FEBRUARY 24 2015...

CLIMATE NORMAL PERIOD 1981 TO 2010
CLIMATE RECORD PERIOD 1875 TO 2015


WEATHER ITEM   OBSERVED TIME   RECORD YEAR NORMAL DEPARTURE LAST
                VALUE   (LST)  VALUE       VALUE  FROM      YEAR
                                                  NORMAL
..................................................................
TEMPERATURE (F)
 YESTERDAY
  MAXIMUM         41    448 PM  79    1976  51    -10       44
                                      1918
  MINIMUM          6    704 AM  -6    1913  26    -20       14
  AVERAGE         24                        38    -14       29

PRECIPITATION (IN)
  YESTERDAY        0.00          0.89 1903   0.03  -0.03     0.00
  MONTH TO DATE    0.45                      0.58  -0.13     0.60
  SINCE DEC 1      2.11                      2.00   0.11     1.32
  SINCE JAN 1      1.11                      1.16  -0.05     0.84

SNOWFALL (IN)
  YESTERDAY        0.0           8.8  1903   0.1   -0.1      0.0
  MONTH TO DATE    8.4                       3.4    5.0     10.0
  SINCE DEC 1     16.7                      12.4    4.3     19.5
  SINCE JUL 1     18.9                      14.6    4.3     24.5
  SNOW DEPTH       6

DEGREE DAYS
 HEATING
  YESTERDAY       41                        27     14       36
  MONTH TO DATE  690                       711    -21      884
  SINCE DEC 1   2577                      2729   -152     2991
  SINCE JUL 1   3575                      3743   -168     4019

 COOLING
  YESTERDAY        0                         0      0        0
  MONTH TO DATE    0                         0      0        0
  SINCE DEC 1      0                         0      0        0
  SINCE JAN 1      0                         0      0        0
..................................................................


WIND (MPH)
  HIGHEST WIND SPEED    18   HIGHEST WIND DIRECTION    NW (310)
  HIGHEST GUST SPEED    21   HIGHEST GUST DIRECTION    NW (320)
  AVERAGE WIND SPEED    11.9


SKY COVER
  POSSIBLE SUNSHINE  MM
  AVERAGE SKY COVER 0.0


WEATHER CONDITIONS
 THE FOLLOWING WEATHER WAS RECORDED YESTERDAY.
  NO SIGNIFICANT WEATHER WAS OBSERVED.


RELATIVE HUMIDITY (PERCENT)
 HIGHEST    85           900 PM
 LOWEST     59           300 PM
 AVERAGE    72

..........................................................


THE DODGE CITY KS CLIMATE NORMALS FOR TODAY
                         NORMAL    RECORD    YEAR
 MAXIMUM TEMPERATURE (F)   51        80      1989
 MINIMUM TEMPERATURE (F)   26        -4      1960


SUNRISE AND SUNSET
FEBRUARY 25 2015......SUNRISE   717 AM CST   SUNSET   629 PM CST
FEBRUARY 26 2015......SUNRISE   716 AM CST   SUNSET   630 PM CST


-  INDICATES NEGATIVE NUMBERS.
R  INDICATES RECORD WAS SET OR TIED.
MM INDICATES DATA IS MISSING.
T  INDICATES TRACE AMOUNT.




$$
