000
CDUS43 KDDC 272336
CLIDGC


CLIMATE REPORT
NATIONAL WEATHER SERVICE DODGE CITY KS
635 PM CDT FRI MAY 27 2016


...................................

...THE DODGE CITY KS CLIMATE SUMMARY FOR MAY 27 2016...
VALID TODAY AS OF 0500 PM LOCAL TIME.

CLIMATE NORMAL PERIOD 1981 TO 2010
CLIMATE RECORD PERIOD 1875 TO 2016


WEATHER ITEM   OBSERVED TIME   RECORD YEAR NORMAL DEPARTURE LAST
                VALUE   (LST)  VALUE       VALUE  FROM      YEAR
                                                  NORMAL
..................................................................
TEMPERATURE (F)
 TODAY
  MAXIMUM         75    332 PM 100    2013  80     -5       81
  MINIMUM         55    854 AM  30    1907  55      0       57
  AVERAGE         65                        68     -3       69

PRECIPITATION (IN)
  TODAY            0.01          1.54 1944   0.10  -0.09     1.17
  MONTH TO DATE    1.60                      2.40  -0.80    10.12
  SINCE MAR 1      9.72                      5.81   3.91    12.21
  SINCE JAN 1     10.31                      7.07   3.24    13.51

SNOWFALL (IN)
  TODAY            0.0           0.0  2002   0.0    0.0      0.0
                                      2001
  MONTH TO DATE    0.0                       0.0    0.0      0.0
  SINCE MAR 1      0.4                       6.0   -5.6       T
  SINCE JUL 1     10.4                      21.1  -10.7     21.4
  SNOW DEPTH       0

DEGREE DAYS
 HEATING
  TODAY            0                         2     -2        0
  MONTH TO DATE  160                       109     51      138
  SINCE MAR 1    975                      1101   -126      899
  SINCE JUL 1   4337                      4948   -611     4647

 COOLING
  TODAY            0                         4     -4        4
  MONTH TO DATE   41                        69    -28       40
  SINCE MAR 1     50                        88    -38       55
  SINCE JAN 1     52                        88    -36       55
..................................................................


WIND (MPH)
  HIGHEST WIND SPEED    20   HIGHEST WIND DIRECTION     S (160)
  HIGHEST GUST SPEED    25   HIGHEST GUST DIRECTION     S (170)
  AVERAGE WIND SPEED    10.7


SKY COVER
  POSSIBLE SUNSHINE  MM
  AVERAGE SKY COVER 0.8


WEATHER CONDITIONS
 THE FOLLOWING WEATHER WAS RECORDED TODAY.
  THUNDERSTORM
  LIGHT RAIN
  FOG


RELATIVE HUMIDITY (PERCENT)
 HIGHEST   100           800 AM
 LOWEST     38           300 PM
 AVERAGE    69

..........................................................


THE DODGE CITY KS CLIMATE NORMALS FOR TOMORROW
                         NORMAL    RECORD    YEAR
 MAXIMUM TEMPERATURE (F)   80        98      1934
                                             1895
 MINIMUM TEMPERATURE (F)   56        37      1947


SUNRISE AND SUNSET
MAY 27 2016...........SUNRISE   622 AM CDT   SUNSET   853 PM CDT
MAY 28 2016...........SUNRISE   621 AM CDT   SUNSET   854 PM CDT


-  INDICATES NEGATIVE NUMBERS.
R  INDICATES RECORD WAS SET OR TIED.
MM INDICATES DATA IS MISSING.
T  INDICATES TRACE AMOUNT.




$$
