000
CDUS43 KDDC 251011
CLIDGC


CLIMATE REPORT
NATIONAL WEATHER SERVICE DODGE CITY KS
510 AM CDT SAT OCT 25 2014


...................................

...THE DODGE CITY KS CLIMATE SUMMARY FOR OCTOBER 24 2014...

CLIMATE NORMAL PERIOD 1981 TO 2010
CLIMATE RECORD PERIOD 1875 TO 2014


WEATHER ITEM   OBSERVED TIME   RECORD YEAR NORMAL DEPARTURE LAST
                VALUE   (LST)  VALUE       VALUE  FROM      YEAR
                                                  NORMAL
..................................................................
TEMPERATURE (F)
 YESTERDAY
  MAXIMUM         86    321 PM  89    1940  67     19       54
                                      1902
  MINIMUM         53    659 AM  23    1887  40     13       32
  AVERAGE         70                        54     16       43

PRECIPITATION (IN)
  YESTERDAY        0.00          0.75 1905   0.06  -0.06     0.00
  MONTH TO DATE    2.14                      1.42   0.72     1.06
  SINCE SEP 1      3.80                      3.09   0.71     2.18
  SINCE JAN 1     22.03                     19.68   2.35    17.66

SNOWFALL (IN)
  YESTERDAY        0.0           1.0  1898   0.0    0.0      0.0
  MONTH TO DATE    0.0                       0.2   -0.2      2.7
  SINCE SEP 1      0.0                       0.2   -0.2      2.7
  SINCE JUL 1      0.0                       0.2   -0.2      2.7
  SNOW DEPTH       0

DEGREE DAYS
 HEATING
  YESTERDAY        0                        12    -12       22
  MONTH TO DATE  124                       197    -73      229
  SINCE SEP 1    173                       258    -85      245
  SINCE JUL 1    186                       262    -76      245

 COOLING
  YESTERDAY        5                         0      5        0
  MONTH TO DATE   22                        27     -5       31
  SINCE SEP 1    216                       214      2      277
  SINCE JAN 1   1461                      1460      1     1641
..................................................................


WIND (MPH)
  HIGHEST WIND SPEED    15   HIGHEST WIND DIRECTION     W (250)
  HIGHEST GUST SPEED    20   HIGHEST GUST DIRECTION     W (260)
  AVERAGE WIND SPEED     9.3


SKY COVER
  POSSIBLE SUNSHINE  MM
  AVERAGE SKY COVER 0.0


WEATHER CONDITIONS
 THE FOLLOWING WEATHER WAS RECORDED YESTERDAY.
  FOG
  HAZE


RELATIVE HUMIDITY (PERCENT)
 HIGHEST    93           500 AM
 LOWEST     25           300 PM
 AVERAGE    59

..........................................................


THE DODGE CITY KS CLIMATE NORMALS FOR TODAY
                         NORMAL    RECORD    YEAR
 MAXIMUM TEMPERATURE (F)   66        88      1922
 MINIMUM TEMPERATURE (F)   40        21      1957


SUNRISE AND SUNSET
OCTOBER 25 2014.......SUNRISE   758 AM CDT   SUNSET   649 PM CDT
OCTOBER 26 2014.......SUNRISE   759 AM CDT   SUNSET   648 PM CDT


-  INDICATES NEGATIVE NUMBERS.
R  INDICATES RECORD WAS SET OR TIED.
MM INDICATES DATA IS MISSING.
T  INDICATES TRACE AMOUNT.




$$
