861
CDUS43 KDDC 171009
CLIDGC


CLIMATE REPORT
NATIONAL WEATHER SERVICE DODGE CITY KS
508 AM CDT SUN MAY 17 2015


...................................

...THE DODGE CITY KS CLIMATE SUMMARY FOR MAY 16 2015...

CLIMATE NORMAL PERIOD 1981 TO 2010
CLIMATE RECORD PERIOD 1875 TO 2015


WEATHER ITEM   OBSERVED TIME   RECORD YEAR NORMAL DEPARTURE LAST
                VALUE   (LST)  VALUE       VALUE  FROM      YEAR
                                                  NORMAL
..................................................................
TEMPERATURE (F)
 YESTERDAY
  MAXIMUM         68    304 PM 105    1996  77     -9       79
  MINIMUM         51    833 PM  32    1923  52     -1       43
  AVERAGE         60                        64     -4       61

PRECIPITATION (IN)
  YESTERDAY        1.28          2.42 1883   0.09   1.19      T
  MONTH TO DATE    3.62                      1.32   2.30     1.45
  SINCE MAR 1      5.71                      4.73   0.98     2.46
  SINCE JAN 1      7.01                      5.99   1.02     3.30

SNOWFALL (IN)
  YESTERDAY        0.0           T    1997   0.0    0.0      0.0
  MONTH TO DATE    0.0                       0.0    0.0      0.0
  SINCE MAR 1      T                         6.0   -6.0      6.6
  SINCE JUL 1     21.4                      21.1    0.3     31.1
  SNOW DEPTH       0

DEGREE DAYS
 HEATING
  YESTERDAY        5                         3      2        4
  MONTH TO DATE   63                        81    -18      105
  SINCE MAR 1    824                      1073   -249     1203
  SINCE JUL 1   4572                      4920   -348     5360

 COOLING
  YESTERDAY        0                         3     -3        0
  MONTH TO DATE   36                        30      6       40
  SINCE MAR 1     51                        49      2       63
  SINCE JAN 1     51                        49      2       63
..................................................................


WIND (MPH)
  HIGHEST WIND SPEED    35   HIGHEST WIND DIRECTION     W (260)
  HIGHEST GUST SPEED    47   HIGHEST GUST DIRECTION     W (280)
  AVERAGE WIND SPEED    15.7


SKY COVER
  POSSIBLE SUNSHINE  MM
  AVERAGE SKY COVER 0.5


WEATHER CONDITIONS
 THE FOLLOWING WEATHER WAS RECORDED YESTERDAY.
  THUNDERSTORM
  HEAVY RAIN
  RAIN
  LIGHT RAIN
  FOG


RELATIVE HUMIDITY (PERCENT)
 HIGHEST    93          1100 AM
 LOWEST     73           200 PM
 AVERAGE    83

..........................................................


THE DODGE CITY KS CLIMATE NORMALS FOR TODAY
                         NORMAL    RECORD    YEAR
 MAXIMUM TEMPERATURE (F)   77       103      1996
 MINIMUM TEMPERATURE (F)   52        35      1895


SUNRISE AND SUNSET
MAY 17 2015...........SUNRISE   629 AM CDT   SUNSET   844 PM CDT
MAY 18 2015...........SUNRISE   628 AM CDT   SUNSET   845 PM CDT


-  INDICATES NEGATIVE NUMBERS.
R  INDICATES RECORD WAS SET OR TIED.
MM INDICATES DATA IS MISSING.
T  INDICATES TRACE AMOUNT.




$$
