000
CDUS43 KDDC 260706
CLIDGC


CLIMATE REPORT
NATIONAL WEATHER SERVICE DODGE CITY KS
206 AM CDT SUN MAR 26 2017


...................................

...THE DODGE CITY KS CLIMATE SUMMARY FOR MARCH 25 2017...

CLIMATE NORMAL PERIOD 1981 TO 2010
CLIMATE RECORD PERIOD 1875 TO 2017


WEATHER ITEM   OBSERVED TIME   RECORD YEAR NORMAL DEPARTURE LAST
                VALUE   (LST)  VALUE       VALUE  FROM      YEAR
                                                  NORMAL
..................................................................
TEMPERATURE (F)
 YESTERDAY
  MAXIMUM         65    346 PM  90    1910  61      4       70
  MINIMUM         38   1047 PM   3    1955  33      5       29
  AVERAGE         52                        47      5       50

PRECIPITATION (IN)
  YESTERDAY        0.00          1.08 1959   0.06  -0.06     0.00
  MONTH TO DATE    0.07                      1.22  -1.15     0.04
  SINCE MAR 1      0.07                      1.22  -1.15     0.04
  SINCE JAN 1      2.64                      2.48   0.16     0.63

SNOWFALL (IN)
  YESTERDAY        0.0           2.6  1916   0.1   -0.1      0.0
  MONTH TO DATE    0.0                       4.0   -4.0      0.4
  SINCE MAR 1      0.0                       4.0   -4.0      0.4
  SINCE JUL 1      5.0                      19.1  -14.1     10.4
  SNOW DEPTH       0

DEGREE DAYS
 HEATING
  YESTERDAY       13                        18     -5       15
  MONTH TO DATE  367                       538   -171      411
  SINCE MAR 1    367                       538   -171      411
  SINCE JUL 1   3601                      4385   -784     3773

 COOLING
  YESTERDAY        0                         0      0        0
  MONTH TO DATE    9                         0      9        2
  SINCE MAR 1      9                         0      9        2
  SINCE JAN 1      9                         0      9        4
..................................................................


WIND (MPH)
  HIGHEST WIND SPEED    25   HIGHEST WIND DIRECTION     N (350)
  HIGHEST GUST SPEED    31   HIGHEST GUST DIRECTION    NW (320)
  AVERAGE WIND SPEED    12.9


SKY COVER
  POSSIBLE SUNSHINE  MM
  AVERAGE SKY COVER 0.5


WEATHER CONDITIONS
 THE FOLLOWING WEATHER WAS RECORDED YESTERDAY.
  FOG


RELATIVE HUMIDITY (PERCENT)
 HIGHEST    93          1200 AM
 LOWEST     37           300 PM
 AVERAGE    65

..........................................................


THE DODGE CITY KS CLIMATE NORMALS FOR TODAY
                         NORMAL    RECORD    YEAR
 MAXIMUM TEMPERATURE (F)   61        88      1989
 MINIMUM TEMPERATURE (F)   34         3      1955


SUNRISE AND SUNSET
MARCH 26 2017.........SUNRISE   734 AM CDT   SUNSET   758 PM CDT
MARCH 27 2017.........SUNRISE   732 AM CDT   SUNSET   758 PM CDT


-  INDICATES NEGATIVE NUMBERS.
R  INDICATES RECORD WAS SET OR TIED.
MM INDICATES DATA IS MISSING.
T  INDICATES TRACE AMOUNT.




$$
