000
CDUS43 KDDC 162326
CLIDGC


CLIMATE REPORT
NATIONAL WEATHER SERVICE DODGE CITY KS
625 PM CDT SUN JUL 16 2017


...................................

...THE DODGE CITY KS CLIMATE SUMMARY FOR JULY 16 2017...
VALID TODAY AS OF 0500 PM LOCAL TIME.

CLIMATE NORMAL PERIOD 1981 TO 2010
CLIMATE RECORD PERIOD 1875 TO 2017


WEATHER ITEM   OBSERVED TIME   RECORD YEAR NORMAL DEPARTURE LAST
                VALUE   (LST)  VALUE       VALUE  FROM      YEAR
                                                  NORMAL
..................................................................
TEMPERATURE (F)
 TODAY
  MAXIMUM         93    417 PM 108    2011  93      0       86
  MINIMUM         67    558 AM  51    1906  67      0       58
  AVERAGE         80                        80      0       72

PRECIPITATION (IN)
  TODAY            0.00          3.50 1972   0.10  -0.10     0.00
  MONTH TO DATE    1.73                      1.57   0.16     4.82
  SINCE JUN 1      4.85                      4.81   0.04     7.53
  SINCE JAN 1     22.28                     12.33   9.95    18.65

SNOWFALL (IN)
  TODAY            0.0           T    1994   0.0    0.0      0.0
  MONTH TO DATE    0.0                       0.0    0.0      0.0
  SINCE JUN 1      0.0                       0.0    0.0      0.0
  SINCE JUL 1      0.0                       0.0    0.0      0.0
  SNOW DEPTH       0

DEGREE DAYS
 HEATING
  TODAY            0                         0      0        0
  MONTH TO DATE    0                         0      0        0
  SINCE JUN 1      0                        13    -13        1
  SINCE JUL 1      0                         0      0        0

 COOLING
  TODAY           15                        15      0        7
  MONTH TO DATE  233                       228      5      219
  SINCE JUN 1    554                       506     48      570
  SINCE JAN 1    656                       615     41      628
..................................................................


WIND (MPH)
  HIGHEST WIND SPEED    16   HIGHEST WIND DIRECTION    NE (50)
  HIGHEST GUST SPEED    21   HIGHEST GUST DIRECTION    NE (40)
  AVERAGE WIND SPEED     7.4


SKY COVER
  POSSIBLE SUNSHINE  MM
  AVERAGE SKY COVER 0.2


WEATHER CONDITIONS
 THE FOLLOWING WEATHER WAS RECORDED TODAY.
  FOG


RELATIVE HUMIDITY (PERCENT)
 HIGHEST    93          1200 AM
 LOWEST     34           400 PM
 AVERAGE    64

..........................................................


THE DODGE CITY KS CLIMATE NORMALS FOR TOMORROW
                         NORMAL    RECORD    YEAR
 MAXIMUM TEMPERATURE (F)   93       107      1980
 MINIMUM TEMPERATURE (F)   67        52      1900


SUNRISE AND SUNSET
JULY 16 2017..........SUNRISE   631 AM CDT   SUNSET   901 PM CDT
JULY 17 2017..........SUNRISE   632 AM CDT   SUNSET   900 PM CDT


-  INDICATES NEGATIVE NUMBERS.
R  INDICATES RECORD WAS SET OR TIED.
MM INDICATES DATA IS MISSING.
T  INDICATES TRACE AMOUNT.




$$
