000
CDUS43 KDDC 022347
CLIDGC


CLIMATE REPORT
NATIONAL WEATHER SERVICE DODGE CITY KS
639 PM CDT TUE SEP 2 2014


...................................

...THE DODGE CITY KS CLIMATE SUMMARY FOR SEPTEMBER 2 2014...
VALID TODAY AS OF 0500 PM LOCAL TIME.

CLIMATE NORMAL PERIOD 1981 TO 2010
CLIMATE RECORD PERIOD 1875 TO 2014


WEATHER ITEM   OBSERVED TIME   RECORD YEAR NORMAL DEPARTURE LAST
                VALUE   (LST)  VALUE       VALUE  FROM      YEAR
                                                  NORMAL
..................................................................
TEMPERATURE (F)
 TODAY
  MAXIMUM         86    421 PM 103    2011  88     -2       88
                                      1995
  MINIMUM         64    331 AM  46    1952  62      2       56
                                      1882
  AVERAGE         75                        75      0       72

PRECIPITATION (IN)
  TODAY            0.04          2.02 1906   0.07  -0.03     0.00
  MONTH TO DATE    0.04                      0.15  -0.11     0.08
  SINCE SEP 1      0.04                      0.15  -0.11     0.08
  SINCE JAN 1     18.27                     16.74   1.53    15.56

SNOWFALL (IN)
  TODAY            0.0           T    2001   0.0    0.0      0.0
  MONTH TO DATE    0.0                       0.0    0.0      0.0
  SINCE SEP 1      0.0                       0.0    0.0      0.0
  SINCE JUL 1      0.0                       0.0    0.0      0.0
  SNOW DEPTH       0

DEGREE DAYS
 HEATING
  TODAY            0                         0      0        0
  MONTH TO DATE    0                         0      0        0
  SINCE SEP 1      0                         0      0        0
  SINCE JUL 1     13                         4      9        0

 COOLING
  TODAY           10                        10      0        7
  MONTH TO DATE   16                        20     -4       18
  SINCE SEP 1     16                        20     -4       18
  SINCE JAN 1   1261                      1266     -5     1382
..................................................................


WIND (MPH)
  HIGHEST WIND SPEED    17   HIGHEST WIND DIRECTION    NE (40)
  HIGHEST GUST SPEED    21   HIGHEST GUST DIRECTION    SE (140)
  AVERAGE WIND SPEED    10.1


SKY COVER
  POSSIBLE SUNSHINE  MM
  AVERAGE SKY COVER 0.6


WEATHER CONDITIONS
 THE FOLLOWING WEATHER WAS RECORDED TODAY.
  RAIN
  FOG
  FOG W/VISIBILITY <= 1/4 MILE


RELATIVE HUMIDITY (PERCENT)
 HIGHEST    93          1200 AM
 LOWEST     44           400 PM
 AVERAGE    69

..........................................................


THE DODGE CITY KS CLIMATE NORMALS FOR TOMORROW
                         NORMAL    RECORD    YEAR
 MAXIMUM TEMPERATURE (F)   87       106      1947
 MINIMUM TEMPERATURE (F)   61        39      1891


SUNRISE AND SUNSET
SEPTEMBER  2 2014.....SUNRISE   711 AM CDT   SUNSET   808 PM CDT
SEPTEMBER  3 2014.....SUNRISE   712 AM CDT   SUNSET   806 PM CDT


-  INDICATES NEGATIVE NUMBERS.
R  INDICATES RECORD WAS SET OR TIED.
MM INDICATES DATA IS MISSING.
T  INDICATES TRACE AMOUNT.




$$
