128
CDUS43 KDDC 191435
CLIDGC


CLIMATE REPORT
NATIONAL WEATHER SERVICE DODGE CITY KS
834 AM CST MON FEB 19 2018


...................................

...THE DODGE CITY KS CLIMATE SUMMARY FOR FEBRUARY 19 2018...
VALID AS OF 0800 AM LOCAL TIME.

CLIMATE NORMAL PERIOD 1981 TO 2010
CLIMATE RECORD PERIOD 1875 TO 2018


WEATHER ITEM   OBSERVED TIME   RECORD YEAR NORMAL DEPARTURE LAST
                VALUE   (LST)  VALUE       VALUE  FROM      YEAR
                                                  NORMAL
..................................................................
TEMPERATURE (F)
 TODAY
  MAXIMUM         64   1201 AM  78    1930  49     15       73
  MINIMUM         23    759 AM  -5    1889  24     -1       42
  AVERAGE         44                        37      7       58

PRECIPITATION (IN)
  TODAY            0.00          0.53 1954   0.02  -0.02     0.00
  MONTH TO DATE    0.05                      0.44  -0.39     0.01
  SINCE DEC 1      0.14                      1.86  -1.72     3.19
  SINCE JAN 1      0.14                      1.02  -0.88     2.57

SNOWFALL (IN)
  TODAY            0.0           2.7  1969   0.1   -0.1      0.0
  MONTH TO DATE    0.2                       2.8   -2.6      0.0
  SINCE DEC 1      1.4                      11.8  -10.4      5.0
  SINCE JUL 1      1.4                      14.0  -12.6      5.0
  SNOW DEPTH       0

..................................................................


WIND (MPH)
  HIGHEST WIND SPEED    28   HIGHEST WIND DIRECTION     N (360)
  HIGHEST GUST SPEED    36   HIGHEST GUST DIRECTION     N (360)
  AVERAGE WIND SPEED    18.2



WEATHER CONDITIONS
 THE FOLLOWING WEATHER WAS RECORDED TODAY.
  HAZE


RELATIVE HUMIDITY (PERCENT)
 HIGHEST    78           400 AM
 LOWEST     37          1200 AM

..........................................................


THE DODGE CITY KS CLIMATE NORMALS FOR TOMORROW
                         NORMAL    RECORD    YEAR
 MAXIMUM TEMPERATURE (F)   50        84      1981
 MINIMUM TEMPERATURE (F)   25        -2      1918


SUNRISE AND SUNSET
FEBRUARY 19 2018......SUNRISE   725 AM CST   SUNSET   623 PM CST
FEBRUARY 20 2018......SUNRISE   723 AM CST   SUNSET   624 PM CST


-  INDICATES NEGATIVE NUMBERS.
R  INDICATES RECORD WAS SET OR TIED.
MM INDICATES DATA IS MISSING.
T  INDICATES TRACE AMOUNT.




$$
