000
CDUS43 KDDC 241008
CLIDGC


CLIMATE REPORT
NATIONAL WEATHER SERVICE DODGE CITY KS
408 AM CST WED DEC 24 2014


...................................

...THE DODGE CITY KS CLIMATE SUMMARY FOR DECEMBER 23 2014...

CLIMATE NORMAL PERIOD 1981 TO 2010
CLIMATE RECORD PERIOD 1875 TO 2014


WEATHER ITEM   OBSERVED TIME   RECORD YEAR NORMAL DEPARTURE LAST
                VALUE   (LST)  VALUE       VALUE  FROM      YEAR
                                                  NORMAL
..................................................................
TEMPERATURE (F)
 YESTERDAY
  MAXIMUM         36    528 AM  74    1955  43     -7       19
  MINIMUM         30   1103 PM -14    1989  20     10        8
  AVERAGE         33                        32      1       14

PRECIPITATION (IN)
  YESTERDAY        0.03          1.30 1918   0.03   0.00      T
  MONTH TO DATE    0.95                      0.63   0.32     0.48
  SINCE DEC 1      0.95                      0.63   0.32     0.48
  SINCE JAN 1     23.13                     21.39   1.74    20.72

SNOWFALL (IN)
  YESTERDAY        0.3          11.4  1918   0.1    0.2       T
  MONTH TO DATE    1.5                       3.0   -1.5      5.5
  SINCE DEC 1      1.5                       3.0   -1.5      5.5
  SINCE JUL 1      3.7                       5.2   -1.5     10.5
  SNOW DEPTH       T

DEGREE DAYS
 HEATING
  YESTERDAY       32                        33     -1       51
  MONTH TO DATE  602                       731   -129      830
  SINCE DEC 1    602                       731   -129      830
  SINCE JUL 1   1600                      1745   -145     1858

 COOLING
  YESTERDAY        0                         0      0        0
  MONTH TO DATE    0                         0      0        0
  SINCE DEC 1      0                         0      0        0
  SINCE JAN 1   1475                      1463     12     1641
..................................................................


WIND (MPH)
  HIGHEST WIND SPEED    33   HIGHEST WIND DIRECTION     N (350)
  HIGHEST GUST SPEED    44   HIGHEST GUST DIRECTION     N (350)
  AVERAGE WIND SPEED    21.7


SKY COVER
  POSSIBLE SUNSHINE  MM
  AVERAGE SKY COVER 0.8


WEATHER CONDITIONS
 THE FOLLOWING WEATHER WAS RECORDED YESTERDAY.
  LIGHT SNOW
  FOG
  HAZE


RELATIVE HUMIDITY (PERCENT)
 HIGHEST    85           300 PM
 LOWEST     56           300 AM
 AVERAGE    71

..........................................................


THE DODGE CITY KS CLIMATE NORMALS FOR TODAY
                         NORMAL    RECORD    YEAR
 MAXIMUM TEMPERATURE (F)   43        86      1955
 MINIMUM TEMPERATURE (F)   20       -11      1879


SUNRISE AND SUNSET
DECEMBER 24 2014......SUNRISE   753 AM CST   SUNSET   526 PM CST
DECEMBER 25 2014......SUNRISE   753 AM CST   SUNSET   527 PM CST


-  INDICATES NEGATIVE NUMBERS.
R  INDICATES RECORD WAS SET OR TIED.
MM INDICATES DATA IS MISSING.
T  INDICATES TRACE AMOUNT.




$$
