000
CDUS43 KDDC 050708
CLIDGC


CLIMATE REPORT
NATIONAL WEATHER SERVICE DODGE CITY KS
108 AM CST TUE DEC 5 2017


...................................

...THE DODGE CITY KS CLIMATE SUMMARY FOR DECEMBER 4 2017...

CLIMATE NORMAL PERIOD 1981 TO 2010
CLIMATE RECORD PERIOD 1875 TO 2017


WEATHER ITEM   OBSERVED TIME   RECORD YEAR NORMAL DEPARTURE LAST
                VALUE   (LST)  VALUE       VALUE  FROM      YEAR
                                                  NORMAL
..................................................................
TEMPERATURE (F)
 YESTERDAY
  MAXIMUM         61    112 AM  74    1965  47     14       51
  MINIMUM         25   1136 PM   1    1909  23      2       26
  AVERAGE         43                        35      8       39

PRECIPITATION (IN)
  YESTERDAY        0.00          0.69 1977   0.02  -0.02     0.00
  MONTH TO DATE    0.00                      0.10  -0.10     0.34
  SINCE DEC 1      0.00                      0.10  -0.10     0.34
  SINCE JAN 1     25.57                     20.86   4.71    23.12

SNOWFALL (IN)
  YESTERDAY        0.0           5.5  1904   0.1   -0.1      0.0
  MONTH TO DATE    0.0                       0.5   -0.5      0.1
  SINCE DEC 1      0.0                       0.5   -0.5      0.1
  SINCE JUL 1      0.0                       2.7   -2.7      0.1
  SNOW DEPTH       0

DEGREE DAYS
 HEATING
  YESTERDAY       22                        30     -8       26
  MONTH TO DATE   66                       118    -52      116
  SINCE DEC 1     66                       118    -52      116
  SINCE JUL 1    920                      1132   -212      712

 COOLING
  YESTERDAY        0                         0      0        0
  MONTH TO DATE    0                         0      0        0
  SINCE DEC 1      0                         0      0        0
  SINCE JAN 1   1520                      1463     57     1580
..................................................................


WIND (MPH)
  HIGHEST WIND SPEED    39   HIGHEST WIND DIRECTION    NW (320)
  HIGHEST GUST SPEED    54   HIGHEST GUST DIRECTION    NW (320)
  AVERAGE WIND SPEED    18.1


SKY COVER
  POSSIBLE SUNSHINE  MM
  AVERAGE SKY COVER 0.0


WEATHER CONDITIONS
 THE FOLLOWING WEATHER WAS RECORDED YESTERDAY.
  NO SIGNIFICANT WEATHER WAS OBSERVED.


RELATIVE HUMIDITY (PERCENT)
 HIGHEST    61           800 PM
 LOWEST     22           100 PM
 AVERAGE    42

..........................................................


THE DODGE CITY KS CLIMATE NORMALS FOR TODAY
                         NORMAL    RECORD    YEAR
 MAXIMUM TEMPERATURE (F)   46        74      1918
 MINIMUM TEMPERATURE (F)   23        -4      1909


SUNRISE AND SUNSET
DECEMBER  5 2017......SUNRISE   740 AM CST   SUNSET   521 PM CST
DECEMBER  6 2017......SUNRISE   741 AM CST   SUNSET   521 PM CST


-  INDICATES NEGATIVE NUMBERS.
R  INDICATES RECORD WAS SET OR TIED.
MM INDICATES DATA IS MISSING.
T  INDICATES TRACE AMOUNT.




$$
