000
CDUS43 KDDC 250706
CLIDGC


CLIMATE REPORT
NATIONAL WEATHER SERVICE DODGE CITY KS
206 AM CDT THU AUG 25 2016


...................................

...THE DODGE CITY KS CLIMATE SUMMARY FOR AUGUST 24 2016...

CLIMATE NORMAL PERIOD 1981 TO 2010
CLIMATE RECORD PERIOD 1875 TO 2016


WEATHER ITEM   OBSERVED TIME   RECORD YEAR NORMAL DEPARTURE LAST
                VALUE   (LST)  VALUE       VALUE  FROM      YEAR
                                                  NORMAL
..................................................................
TEMPERATURE (F)
 YESTERDAY
  MAXIMUM         87    522 PM 106    2011  90     -3       82
  MINIMUM         62   1159 PM  44    1928  64     -2       49
  AVERAGE         75                        77     -2       66

PRECIPITATION (IN)
  YESTERDAY        0.23          2.76 1972   0.08   0.15     0.00
  MONTH TO DATE    1.29                      2.17  -0.88     1.64
  SINCE JUN 1      9.30                      8.49   0.81     5.86
  SINCE JAN 1     20.42                     16.01   4.41    19.58

SNOWFALL (IN)
  YESTERDAY        0.0           0.0  2002   0.0    0.0      0.0
                                      2001
  MONTH TO DATE    0.0                       0.0    0.0      0.0
  SINCE JUN 1      0.0                       0.0    0.0      0.0
  SINCE JUL 1      0.0                       0.0    0.0      0.0
  SNOW DEPTH       0

DEGREE DAYS
 HEATING
  YESTERDAY        0                         0      0        0
  MONTH TO DATE    0                         0      0        1
  SINCE JUN 1      1                        14    -13        2
  SINCE JUL 1      0                         1     -1        2

 COOLING
  YESTERDAY       10                        12     -2        1
  MONTH TO DATE  316                       329    -13      259
  SINCE JUN 1   1143                      1059     84     1058
  SINCE JAN 1   1201                      1168     33     1119
..................................................................


WIND (MPH)
  HIGHEST WIND SPEED    22   HIGHEST WIND DIRECTION    SW (220)
  HIGHEST GUST SPEED    27   HIGHEST GUST DIRECTION    SW (230)
  AVERAGE WIND SPEED    10.1


SKY COVER
  POSSIBLE SUNSHINE  MM
  AVERAGE SKY COVER 0.3


WEATHER CONDITIONS
 THE FOLLOWING WEATHER WAS RECORDED YESTERDAY.
  THUNDERSTORM
  HEAVY RAIN
  LIGHT RAIN
  FOG


RELATIVE HUMIDITY (PERCENT)
 HIGHEST    93          1000 PM
 LOWEST     35           500 PM
 AVERAGE    64

..........................................................


THE DODGE CITY KS CLIMATE NORMALS FOR TODAY
                         NORMAL    RECORD    YEAR
 MAXIMUM TEMPERATURE (F)   90       106      1973
                                             1936
 MINIMUM TEMPERATURE (F)   64        49      1928


SUNRISE AND SUNSET
AUGUST 25 2016........SUNRISE   704 AM CDT   SUNSET   818 PM CDT
AUGUST 26 2016........SUNRISE   705 AM CDT   SUNSET   817 PM CDT


-  INDICATES NEGATIVE NUMBERS.
R  INDICATES RECORD WAS SET OR TIED.
MM INDICATES DATA IS MISSING.
T  INDICATES TRACE AMOUNT.




$$
