000
CDUS43 KDDC 241011
CLIDGC


CLIMATE REPORT
NATIONAL WEATHER SERVICE DODGE CITY KS
410 AM CST TUE FEB 24 2015


...................................

...THE DODGE CITY KS CLIMATE SUMMARY FOR FEBRUARY 23 2015...

CLIMATE NORMAL PERIOD 1981 TO 2010
CLIMATE RECORD PERIOD 1875 TO 2015


WEATHER ITEM   OBSERVED TIME   RECORD YEAR NORMAL DEPARTURE LAST
                VALUE   (LST)  VALUE       VALUE  FROM      YEAR
                                                  NORMAL
..................................................................
TEMPERATURE (F)
 YESTERDAY
  MAXIMUM         18    244 PM  84    1918  51    -33       32
  MINIMUM         10    839 AM  -4    1889  25    -15       17
  AVERAGE         14                        38    -24       25

PRECIPITATION (IN)
  YESTERDAY        0.06          0.86 2003   0.03   0.03     0.00
  MONTH TO DATE    0.45                      0.55  -0.10     0.60
  SINCE DEC 1      2.11                      1.97   0.14     1.32
  SINCE JAN 1      1.11                      1.13  -0.02     0.84

SNOWFALL (IN)
  YESTERDAY        1.2          11.5  2003   0.1    1.1      0.0
  MONTH TO DATE    8.4                       3.3    5.1     10.0
  SINCE DEC 1     16.7                      12.3    4.4     19.5
  SINCE JUL 1     18.9                      14.5    4.4     24.5
  SNOW DEPTH       5

DEGREE DAYS
 HEATING
  YESTERDAY       51                        27     24       40
  MONTH TO DATE  649                       684    -35      848
  SINCE DEC 1   2536                      2702   -166     2955
  SINCE JUL 1   3534                      3716   -182     3983

 COOLING
  YESTERDAY        0                         0      0        0
  MONTH TO DATE    0                         0      0        0
  SINCE DEC 1      0                         0      0        0
  SINCE JAN 1      0                         0      0        0
..................................................................


WIND (MPH)
  HIGHEST WIND SPEED    16   HIGHEST WIND DIRECTION    NE (40)
  HIGHEST GUST SPEED    18   HIGHEST GUST DIRECTION    NE (40)
  AVERAGE WIND SPEED     5.7


SKY COVER
  POSSIBLE SUNSHINE  MM
  AVERAGE SKY COVER 0.9


WEATHER CONDITIONS
 THE FOLLOWING WEATHER WAS RECORDED YESTERDAY.
  LIGHT SNOW
  FOG
  HAZE


RELATIVE HUMIDITY (PERCENT)
 HIGHEST    84           100 AM
 LOWEST     51           600 PM
 AVERAGE    68

..........................................................


THE DODGE CITY KS CLIMATE NORMALS FOR TODAY
                         NORMAL    RECORD    YEAR
 MAXIMUM TEMPERATURE (F)   51        79      1976
                                             1918
 MINIMUM TEMPERATURE (F)   26        -6      1913


SUNRISE AND SUNSET
FEBRUARY 24 2015......SUNRISE   718 AM CST   SUNSET   628 PM CST
FEBRUARY 25 2015......SUNRISE   717 AM CST   SUNSET   629 PM CST


-  INDICATES NEGATIVE NUMBERS.
R  INDICATES RECORD WAS SET OR TIED.
MM INDICATES DATA IS MISSING.
T  INDICATES TRACE AMOUNT.




$$
