000
CDUS43 KDDC 141020
CLIDGC


CLIMATE REPORT
NATIONAL WEATHER SERVICE DODGE CITY KS
519 AM CDT MON APR 14 2014


...................................

...THE DODGE CITY KS CLIMATE SUMMARY FOR APRIL 13 2014...

CLIMATE NORMAL PERIOD 1981 TO 2010
CLIMATE RECORD PERIOD 1875 TO 2014


WEATHER ITEM   OBSERVED TIME   RECORD YEAR NORMAL DEPARTURE LAST
                VALUE   (LST)  VALUE       VALUE  FROM      YEAR
                                                  NORMAL
..................................................................
TEMPERATURE (F)
 YESTERDAY
  MAXIMUM         79   1224 AM  92    2006  67     12       77
  MINIMUM         29   1159 PM  13    1881  39    -10       25
  AVERAGE         54                        53      1       51

PRECIPITATION (IN)
  YESTERDAY        0.11          1.65 1894   0.06   0.05     0.00
  MONTH TO DATE    0.20                      0.73  -0.53     0.20
  SINCE MAR 1      0.47                      2.32  -1.85     0.46
  SINCE JAN 1      1.31                      3.58  -2.27     1.84

SNOWFALL (IN)
  YESTERDAY        0.8          10.5  2007   0.0    0.8      0.0
  MONTH TO DATE    0.8                       0.8    0.0       T
  SINCE MAR 1      5.2                       5.7   -0.5      2.1
  SINCE JUL 1     29.7                      20.8    8.9     25.5
  SNOW DEPTH       0

DEGREE DAYS
 HEATING
  YESTERDAY       11                        13     -2       14
  MONTH TO DATE  184                       186     -2      233
  SINCE MAR 1    936                       826    110      931
  SINCE JUL 1   5093                      4673    420     4642

 COOLING
  YESTERDAY        0                         0      0        0
  MONTH TO DATE    8                         0      8        3
  SINCE MAR 1      8                         1      7        3
  SINCE JAN 1      8                         1      7        3
..................................................................


WIND (MPH)
  HIGHEST WIND SPEED    39   HIGHEST WIND DIRECTION     N (360)
  HIGHEST GUST SPEED    49   HIGHEST GUST DIRECTION     N (360)
  AVERAGE WIND SPEED    24.9


SKY COVER
  POSSIBLE SUNSHINE  MM
  AVERAGE SKY COVER 0.8


WEATHER CONDITIONS
 THE FOLLOWING WEATHER WAS RECORDED YESTERDAY.
  LIGHT RAIN
  SNOW
  LIGHT SNOW
  FOG
  HAZE


RELATIVE HUMIDITY (PERCENT)
 HIGHEST    78           700 PM
 LOWEST     32          1200 AM
 AVERAGE    55

..........................................................


THE DODGE CITY KS CLIMATE NORMALS FOR TODAY
                         NORMAL    RECORD    YEAR
 MAXIMUM TEMPERATURE (F)   67        91      2003
                                             2002
 MINIMUM TEMPERATURE (F)   40        20      1928


SUNRISE AND SUNSET
APRIL 14 2014.........SUNRISE   706 AM CDT   SUNSET   815 PM CDT
APRIL 15 2014.........SUNRISE   705 AM CDT   SUNSET   816 PM CDT


-  INDICATES NEGATIVE NUMBERS.
R  INDICATES RECORD WAS SET OR TIED.
MM INDICATES DATA IS MISSING.
T  INDICATES TRACE AMOUNT.




$$
