000
CDUS43 KDDC 241010
CLIDGC


CLIMATE REPORT
NATIONAL WEATHER SERVICE DODGE CITY KS
508 AM CDT FRI OCT 24 2014


...................................

...THE DODGE CITY KS CLIMATE SUMMARY FOR OCTOBER 23 2014...

CLIMATE NORMAL PERIOD 1981 TO 2010
CLIMATE RECORD PERIOD 1875 TO 2014


WEATHER ITEM   OBSERVED TIME   RECORD YEAR NORMAL DEPARTURE LAST
                VALUE   (LST)  VALUE       VALUE  FROM      YEAR
                                                  NORMAL
..................................................................
TEMPERATURE (F)
 YESTERDAY
  MAXIMUM         76    309 PM  89    2003  67      9       72
  MINIMUM         55    458 AM  13    1917  41     14       37
  AVERAGE         66                        54     12       55

PRECIPITATION (IN)
  YESTERDAY        0.00          0.84 2000   0.05  -0.05     0.00
  MONTH TO DATE    2.14                      1.36   0.78     1.06
  SINCE SEP 1      3.80                      3.03   0.77     2.18
  SINCE JAN 1     22.03                     19.62   2.41    17.66

SNOWFALL (IN)
  YESTERDAY        0.0           T    2008   0.0    0.0      0.0
                                      2002
                                      1942
  MONTH TO DATE    0.0                       0.2   -0.2      2.7
  SINCE SEP 1      0.0                       0.2   -0.2      2.7
  SINCE JUL 1      0.0                       0.2   -0.2      2.7
  SNOW DEPTH       0

DEGREE DAYS
 HEATING
  YESTERDAY        0                        11    -11       10
  MONTH TO DATE  124                       185    -61      207
  SINCE SEP 1    173                       246    -73      223
  SINCE JUL 1    186                       250    -64      223

 COOLING
  YESTERDAY        1                         0      1        0
  MONTH TO DATE   17                        27    -10       31
  SINCE SEP 1    211                       214     -3      277
  SINCE JAN 1   1456                      1460     -4     1641
..................................................................


WIND (MPH)
  HIGHEST WIND SPEED    15   HIGHEST WIND DIRECTION     S (200)
  HIGHEST GUST SPEED    17   HIGHEST GUST DIRECTION     S (190)
  AVERAGE WIND SPEED     6.8


SKY COVER
  POSSIBLE SUNSHINE  MM
  AVERAGE SKY COVER 0.5


WEATHER CONDITIONS
 THE FOLLOWING WEATHER WAS RECORDED YESTERDAY.
  FOG
  HAZE


RELATIVE HUMIDITY (PERCENT)
 HIGHEST    93           300 AM
 LOWEST     50           300 PM
 AVERAGE    72

..........................................................


THE DODGE CITY KS CLIMATE NORMALS FOR TODAY
                         NORMAL    RECORD    YEAR
 MAXIMUM TEMPERATURE (F)   67        89      1940
                                             1902
 MINIMUM TEMPERATURE (F)   40        23      1887


SUNRISE AND SUNSET
OCTOBER 24 2014.......SUNRISE   757 AM CDT   SUNSET   651 PM CDT
OCTOBER 25 2014.......SUNRISE   758 AM CDT   SUNSET   649 PM CDT


-  INDICATES NEGATIVE NUMBERS.
R  INDICATES RECORD WAS SET OR TIED.
MM INDICATES DATA IS MISSING.
T  INDICATES TRACE AMOUNT.




$$
