000
CDUS43 KDDC 242337
CLIDGC


CLIMATE REPORT
NATIONAL WEATHER SERVICE DODGE CITY KS
635 PM CDT THU JUL 24 2014


...................................

...THE DODGE CITY KS CLIMATE SUMMARY FOR JULY 24 2014...
VALID TODAY AS OF 0500 PM LOCAL TIME.

CLIMATE NORMAL PERIOD 1981 TO 2010
CLIMATE RECORD PERIOD 1875 TO 2014


WEATHER ITEM   OBSERVED TIME   RECORD YEAR NORMAL DEPARTURE LAST
                VALUE   (LST)  VALUE       VALUE  FROM      YEAR
                                                  NORMAL
..................................................................
TEMPERATURE (F)
 TODAY
  MAXIMUM         95    429 PM 106    1940  93      2       92
                                      1936
  MINIMUM         68    554 AM  55    1911  67      1       64
  AVERAGE         82                        80      2       78

PRECIPITATION (IN)
  TODAY            0.00          4.17 1944   0.10  -0.10     0.00
  MONTH TO DATE    1.53                      2.38  -0.85     1.33
  SINCE JUN 1     10.62                      5.62   5.00     3.94
  SINCE JAN 1     14.14                     13.14   1.00     7.37

SNOWFALL (IN)
  TODAY            0.0           0.0  2001   0.0    0.0      0.0
  MONTH TO DATE    0.0                       0.0    0.0      0.0
  SINCE JUN 1      0.0                       0.0    0.0      0.0
  SINCE JUL 1      0.0                       0.0    0.0      0.0
  SNOW DEPTH       0

DEGREE DAYS
 HEATING
  TODAY            0                         0      0        0
  MONTH TO DATE   12                         0     12        0
  SINCE JUN 1     19                        13      6       12
  SINCE JUL 1     12                         0     12        0

 COOLING
  TODAY           17                        15      2       13
  MONTH TO DATE  262                       348    -86      367
  SINCE JUN 1    546                       626    -80      755
  SINCE JAN 1    718                       735    -17      917
..................................................................


WIND (MPH)
  HIGHEST WIND SPEED    26   HIGHEST WIND DIRECTION    SE (150)
  HIGHEST GUST SPEED    33   HIGHEST GUST DIRECTION    SE (150)
  AVERAGE WIND SPEED    13.7


SKY COVER
  POSSIBLE SUNSHINE  MM
  AVERAGE SKY COVER 0.0


WEATHER CONDITIONS
 THE FOLLOWING WEATHER WAS RECORDED TODAY.
  FOG
  HAZE


RELATIVE HUMIDITY (PERCENT)
 HIGHEST    87           600 AM
 LOWEST     41           200 PM
 AVERAGE    64

..........................................................


THE DODGE CITY KS CLIMATE NORMALS FOR TOMORROW
                         NORMAL    RECORD    YEAR
 MAXIMUM TEMPERATURE (F)   93       107      2006
                                             2002
 MINIMUM TEMPERATURE (F)   67        54      1911


SUNRISE AND SUNSET
JULY 24 2014..........SUNRISE   637 AM CDT   SUNSET   855 PM CDT
JULY 25 2014..........SUNRISE   638 AM CDT   SUNSET   855 PM CDT


-  INDICATES NEGATIVE NUMBERS.
R  INDICATES RECORD WAS SET OR TIED.
MM INDICATES DATA IS MISSING.
T  INDICATES TRACE AMOUNT.




$$
