000
CDUS43 KDDC 190706
CLIDGC


CLIMATE REPORT
NATIONAL WEATHER SERVICE DODGE CITY KS
206 AM CDT TUE SEP 19 2017


...................................

...THE DODGE CITY KS CLIMATE SUMMARY FOR SEPTEMBER 18 2017...

CLIMATE NORMAL PERIOD 1981 TO 2010
CLIMATE RECORD PERIOD 1875 TO 2017


WEATHER ITEM   OBSERVED TIME   RECORD YEAR NORMAL DEPARTURE LAST
                VALUE   (LST)  VALUE       VALUE  FROM      YEAR
                                                  NORMAL
..................................................................
TEMPERATURE (F)
 YESTERDAY
  MAXIMUM         86    454 PM 101    1997  82      4       91
  MINIMUM         63    734 AM  40    1912  55      8       56
  AVERAGE         75                        68      7       74

PRECIPITATION (IN)
  YESTERDAY        0.08          1.25 1996   0.05   0.03     0.00
  MONTH TO DATE    0.08                      1.10  -1.02     0.29
  SINCE SEP 1      0.08                      1.10  -1.02     0.29
  SINCE JAN 1     23.73                     17.69   6.04    22.30

SNOWFALL (IN)
  YESTERDAY        0.0           0.0  2002   0.0    0.0      0.0
                                      2001
  MONTH TO DATE    0.0                       0.0    0.0      0.0
  SINCE SEP 1      0.0                       0.0    0.0      0.0
  SINCE JUL 1      0.0                       0.0    0.0      0.0
  SNOW DEPTH       0

DEGREE DAYS
 HEATING
  YESTERDAY        0                         2     -2        0
  MONTH TO DATE    7                        18    -11        6
  SINCE SEP 1      7                        18    -11        6
  SINCE JUL 1      7                        22    -15        6

 COOLING
  YESTERDAY       10                         5      5        9
  MONTH TO DATE  166                       140     26      153
  SINCE SEP 1    166                       140     26      153
  SINCE JAN 1   1398                      1386     12     1407
..................................................................


WIND (MPH)
  HIGHEST WIND SPEED    25   HIGHEST WIND DIRECTION    SW (210)
  HIGHEST GUST SPEED    34   HIGHEST GUST DIRECTION    SW (210)
  AVERAGE WIND SPEED    13.7


SKY COVER
  POSSIBLE SUNSHINE  MM
  AVERAGE SKY COVER 0.2


WEATHER CONDITIONS
 THE FOLLOWING WEATHER WAS RECORDED YESTERDAY.
  RAIN
  LIGHT RAIN
  FOG
  HAZE


RELATIVE HUMIDITY (PERCENT)
 HIGHEST    93           100 AM
 LOWEST     37           400 PM
 AVERAGE    65

..........................................................


THE DODGE CITY KS CLIMATE NORMALS FOR TODAY
                         NORMAL    RECORD    YEAR
 MAXIMUM TEMPERATURE (F)   81       102      1980
 MINIMUM TEMPERATURE (F)   55        37      2003


SUNRISE AND SUNSET
SEPTEMBER 19 2017.....SUNRISE   725 AM CDT   SUNSET   741 PM CDT
SEPTEMBER 20 2017.....SUNRISE   726 AM CDT   SUNSET   739 PM CDT


-  INDICATES NEGATIVE NUMBERS.
R  INDICATES RECORD WAS SET OR TIED.
MM INDICATES DATA IS MISSING.
T  INDICATES TRACE AMOUNT.




$$
