000
CDUS43 KDDC 192326
CLIDGC


CLIMATE REPORT
NATIONAL WEATHER SERVICE DODGE CITY KS
625 PM CDT SUN MAR 19 2017


...................................

...THE DODGE CITY KS CLIMATE SUMMARY FOR MARCH 19 2017...
VALID TODAY AS OF 0500 PM LOCAL TIME.

CLIMATE NORMAL PERIOD 1981 TO 2010
CLIMATE RECORD PERIOD 1875 TO 2017


WEATHER ITEM   OBSERVED TIME   RECORD YEAR NORMAL DEPARTURE LAST
                VALUE   (LST)  VALUE       VALUE  FROM      YEAR
                                                  NORMAL
..................................................................
TEMPERATURE (F)
 TODAY
  MAXIMUM         94    349 PM  98    1907  59     35       44
  MINIMUM         54    219 AM   3    1923  32     22       18
  AVERAGE         74                        45     29       31

PRECIPITATION (IN)
  TODAY            0.00          1.29 2003   0.06  -0.06     0.00
  MONTH TO DATE    T                         0.87  -0.87     0.04
  SINCE MAR 1      T                         0.87  -0.87     0.04
  SINCE JAN 1      2.57                      2.13   0.44     0.63

SNOWFALL (IN)
  TODAY            0.0           8.1  1998   0.2   -0.2      0.0
  MONTH TO DATE    0.0                       3.1   -3.1      0.4
  SINCE MAR 1      0.0                       3.1   -3.1      0.4
  SINCE JUL 1      5.0                      18.2  -13.2     10.4
  SNOW DEPTH       0

DEGREE DAYS
 HEATING
  TODAY            0                        20    -20       34
  MONTH TO DATE  321                       426   -105      310
  SINCE MAR 1    321                       426   -105      310
  SINCE JUL 1   3555                      4273   -718     3672

 COOLING
  TODAY            9                         0      9        0
  MONTH TO DATE    9                         0      9        0
  SINCE MAR 1      9                         0      9        0
  SINCE JAN 1      9                         0      9        2
..................................................................


WIND (MPH)
  HIGHEST WIND SPEED    24   HIGHEST WIND DIRECTION     W (270)
  HIGHEST GUST SPEED    37   HIGHEST GUST DIRECTION     W (280)
  AVERAGE WIND SPEED    13.6


SKY COVER
  POSSIBLE SUNSHINE  MM
  AVERAGE SKY COVER 0.0


WEATHER CONDITIONS
 THE FOLLOWING WEATHER WAS RECORDED TODAY.
  NO SIGNIFICANT WEATHER WAS OBSERVED.


RELATIVE HUMIDITY (PERCENT)
 HIGHEST    93           400 AM
 LOWEST      7           400 PM
 AVERAGE    50

..........................................................


THE DODGE CITY KS CLIMATE NORMALS FOR TOMORROW
                         NORMAL    RECORD    YEAR
 MAXIMUM TEMPERATURE (F)   59        91      1907
 MINIMUM TEMPERATURE (F)   32        -1      1876


SUNRISE AND SUNSET
MARCH 19 2017.........SUNRISE   744 AM CDT   SUNSET   751 PM CDT
MARCH 20 2017.........SUNRISE   743 AM CDT   SUNSET   752 PM CDT


-  INDICATES NEGATIVE NUMBERS.
R  INDICATES RECORD WAS SET OR TIED.
MM INDICATES DATA IS MISSING.
T  INDICATES TRACE AMOUNT.




$$
