000
CDUS43 KDDC 200705
CLIDGC


CLIMATE REPORT
NATIONAL WEATHER SERVICE DODGE CITY KS
105 AM CST MON NOV 20 2017


...................................

...THE DODGE CITY KS CLIMATE SUMMARY FOR NOVEMBER 19 2017...

CLIMATE NORMAL PERIOD 1981 TO 2010
CLIMATE RECORD PERIOD 1875 TO 2017


WEATHER ITEM   OBSERVED TIME   RECORD YEAR NORMAL DEPARTURE LAST
                VALUE   (LST)  VALUE       VALUE  FROM      YEAR
                                                  NORMAL
..................................................................
TEMPERATURE (F)
 YESTERDAY
  MAXIMUM         64    356 PM  82    2007  54     10       49
                                      1942
  MINIMUM         23    739 AM   0    1880  29     -6       14
  AVERAGE         44                        41      3       32

PRECIPITATION (IN)
  YESTERDAY        0.00          1.46 1930   0.02  -0.02     0.00
  MONTH TO DATE    0.01                      0.53  -0.52     0.36
  SINCE SEP 1      1.92                      3.94  -2.02     0.76
  SINCE JAN 1     25.57                     20.53   5.04    22.77

SNOWFALL (IN)
  YESTERDAY        0.0           5.5  1906   0.0    0.0      0.0
  MONTH TO DATE    0.0                       0.7   -0.7      0.0
  SINCE SEP 1      0.0                       1.1   -1.1      0.0
  SINCE JUL 1      0.0                       1.1   -1.1      0.0
  SNOW DEPTH       0

DEGREE DAYS
 HEATING
  YESTERDAY       21                        24     -3       33
  MONTH TO DATE  383                       366     17      234
  SINCE SEP 1    674                       718    -44      382
  SINCE JUL 1    674                       722    -48      382

 COOLING
  YESTERDAY        0                         0      0        0
  MONTH TO DATE    0                         0      0        0
  SINCE SEP 1    288                       216     72      326
  SINCE JAN 1   1520                      1462     58     1580
..................................................................


WIND (MPH)
  HIGHEST WIND SPEED    28   HIGHEST WIND DIRECTION    SW (210)
  HIGHEST GUST SPEED    37   HIGHEST GUST DIRECTION    SW (210)
  AVERAGE WIND SPEED    11.6


SKY COVER
  POSSIBLE SUNSHINE  MM
  AVERAGE SKY COVER 0.0


WEATHER CONDITIONS
 THE FOLLOWING WEATHER WAS RECORDED YESTERDAY.
  NO SIGNIFICANT WEATHER WAS OBSERVED.


RELATIVE HUMIDITY (PERCENT)
 HIGHEST    68           800 AM
 LOWEST     19           100 PM
 AVERAGE    44

..........................................................


THE DODGE CITY KS CLIMATE NORMALS FOR TODAY
                         NORMAL    RECORD    YEAR
 MAXIMUM TEMPERATURE (F)   53        84      1897
 MINIMUM TEMPERATURE (F)   28         1      1874


SUNRISE AND SUNSET
NOVEMBER 20 2017......SUNRISE   726 AM CST   SUNSET   525 PM CST
NOVEMBER 21 2017......SUNRISE   727 AM CST   SUNSET   525 PM CST


-  INDICATES NEGATIVE NUMBERS.
R  INDICATES RECORD WAS SET OR TIED.
MM INDICATES DATA IS MISSING.
T  INDICATES TRACE AMOUNT.




$$
