000
CDUS43 KDDC 081006
CLIDGC


CLIMATE REPORT
NATIONAL WEATHER SERVICE DODGE CITY KS
506 AM CDT TUE APR 8 2014


...................................

...THE DODGE CITY KS CLIMATE SUMMARY FOR APRIL 7 2014...

CLIMATE NORMAL PERIOD 1981 TO 2010
CLIMATE RECORD PERIOD 1875 TO 2014


WEATHER ITEM   OBSERVED TIME   RECORD YEAR NORMAL DEPARTURE LAST
                VALUE   (LST)  VALUE       VALUE  FROM      YEAR
                                                  NORMAL
..................................................................
TEMPERATURE (F)
 YESTERDAY
  MAXIMUM         64    229 PM  88    1978  65     -1       76
                                      1890
  MINIMUM         34    638 AM  19    2009  37     -3       51
  AVERAGE         49                        51     -2       64

PRECIPITATION (IN)
  YESTERDAY        T             1.32 1975   0.06  -0.06      T
  MONTH TO DATE    0.09                      0.39  -0.30     0.19
  SINCE MAR 1      0.36                      1.98  -1.62     0.45
  SINCE JAN 1      1.20                      3.24  -2.04     1.83

SNOWFALL (IN)
  YESTERDAY        0.0          10.6  1938   0.0    0.0      0.0
  MONTH TO DATE    0.0                       0.5   -0.5       T
  SINCE MAR 1      4.4                       5.4   -1.0      2.1
  SINCE JUL 1     28.9                      20.5    8.4     25.5
  SNOW DEPTH       0

DEGREE DAYS
 HEATING
  YESTERDAY       16                        14      2        1
  MONTH TO DATE  139                       106     33      116
  SINCE MAR 1    891                       746    145      814
  SINCE JUL 1   5048                      4593    455     4525

 COOLING
  YESTERDAY        0                         0      0        0
  MONTH TO DATE    0                         0      0        0
  SINCE MAR 1      0                         1     -1        0
  SINCE JAN 1      0                         1     -1        0
..................................................................


WIND (MPH)
  HIGHEST WIND SPEED    36   HIGHEST WIND DIRECTION    NW (320)
  HIGHEST GUST SPEED    45   HIGHEST GUST DIRECTION    NW (320)
  AVERAGE WIND SPEED    15.4


SKY COVER
  POSSIBLE SUNSHINE  MM
  AVERAGE SKY COVER 0.3


WEATHER CONDITIONS
 THE FOLLOWING WEATHER WAS RECORDED YESTERDAY.
  THUNDERSTORM
  LIGHT RAIN
  FOG


RELATIVE HUMIDITY (PERCENT)
 HIGHEST    96           600 AM
 LOWEST     29           400 PM
 AVERAGE    63

..........................................................


THE DODGE CITY KS CLIMATE NORMALS FOR TODAY
                         NORMAL    RECORD    YEAR
 MAXIMUM TEMPERATURE (F)   65        88      1977
 MINIMUM TEMPERATURE (F)   37        16      1914


SUNRISE AND SUNSET
APRIL  8 2014.........SUNRISE   715 AM CDT   SUNSET   809 PM CDT
APRIL  9 2014.........SUNRISE   713 AM CDT   SUNSET   810 PM CDT


-  INDICATES NEGATIVE NUMBERS.
R  INDICATES RECORD WAS SET OR TIED.
MM INDICATES DATA IS MISSING.
T  INDICATES TRACE AMOUNT.




$$
