000
CDUS43 KDDC 151333
CLIDGC


CLIMATE REPORT
NATIONAL WEATHER SERVICE DODGE CITY KS
822 AM CDT MON SEP 15 2014


...................................

...THE DODGE CITY KS CLIMATE SUMMARY FOR SEPTEMBER 14 2014...

CLIMATE NORMAL PERIOD 1981 TO 2010
CLIMATE RECORD PERIOD 1875 TO 2014


WEATHER ITEM   OBSERVED TIME   RECORD YEAR NORMAL DEPARTURE LAST
                VALUE   (LST)  VALUE       VALUE  FROM      YEAR
                                                  NORMAL
..................................................................
TEMPERATURE (F)
 YESTERDAY
  MAXIMUM         87    416 PM  99    1931  83      4       83
  MINIMUM         47    631 AM  38    1993  57    -10       58
  AVERAGE         67                        70     -3       71

PRECIPITATION (IN)
  YESTERDAY        0.00          1.24 1926   0.05  -0.05     0.09
  MONTH TO DATE    0.69                      0.89  -0.20     0.49
  SINCE SEP 1      0.69                      0.89  -0.20     0.49
  SINCE JAN 1     18.92                     17.48   1.44    15.97

SNOWFALL (IN)
  YESTERDAY        0.0           0.0  2002   0.0    0.0      0.0
                                      2001
  MONTH TO DATE    0.0                       0.0    0.0      0.0
  SINCE SEP 1      0.0                       0.0    0.0      0.0
  SINCE JUL 1      0.0                       0.0    0.0      0.0
  SNOW DEPTH       0

DEGREE DAYS
 HEATING
  YESTERDAY        0                         1     -1        0
  MONTH TO DATE   47                        10     37        1
  SINCE SEP 1     47                        10     37        1
  SINCE JUL 1     60                        14     46        1

 COOLING
  YESTERDAY        2                         6     -4        6
  MONTH TO DATE   86                       117    -31      163
  SINCE SEP 1     86                       117    -31      163
  SINCE JAN 1   1331                      1363    -32     1527
..................................................................


WIND (MPH)
  HIGHEST WIND SPEED    29   HIGHEST WIND DIRECTION     S (190)
  HIGHEST GUST SPEED    35   HIGHEST GUST DIRECTION     S (170)
  AVERAGE WIND SPEED    16.0


SKY COVER
  POSSIBLE SUNSHINE  MM
  AVERAGE SKY COVER 0.0


WEATHER CONDITIONS
 THE FOLLOWING WEATHER WAS RECORDED YESTERDAY.
  NO SIGNIFICANT WEATHER WAS OBSERVED.


RELATIVE HUMIDITY (PERCENT)
 HIGHEST    93           600 AM
 LOWEST     40           300 PM
 AVERAGE    67

..........................................................


THE DODGE CITY KS CLIMATE NORMALS FOR TODAY
                         NORMAL    RECORD    YEAR
 MAXIMUM TEMPERATURE (F)   83       101      1978
 MINIMUM TEMPERATURE (F)   56        36      1993


SUNRISE AND SUNSET
SEPTEMBER 15 2014.....SUNRISE   722 AM CDT   SUNSET   748 PM CDT
SEPTEMBER 16 2014.....SUNRISE   723 AM CDT   SUNSET   746 PM CDT


-  INDICATES NEGATIVE NUMBERS.
R  INDICATES RECORD WAS SET OR TIED.
MM INDICATES DATA IS MISSING.
T  INDICATES TRACE AMOUNT.




$$
