000
CDUS43 KDDC 092326
CLIDGC


CLIMATE REPORT
NATIONAL WEATHER SERVICE DODGE CITY KS
526 PM CST MON JAN 9 2017


...................................

...THE DODGE CITY KS CLIMATE SUMMARY FOR JANUARY 9 2017...
VALID TODAY AS OF 0500 PM LOCAL TIME.

CLIMATE NORMAL PERIOD 1981 TO 2010
CLIMATE RECORD PERIOD 1875 TO 2017


WEATHER ITEM   OBSERVED TIME   RECORD YEAR NORMAL DEPARTURE LAST
                VALUE   (LST)  VALUE       VALUE  FROM      YEAR
                                                  NORMAL
..................................................................
TEMPERATURE (F)
 TODAY
  MAXIMUM         44    459 PM  74    1902  44      0       28
  MINIMUM         24    508 AM -18    1881  20      4       14
  AVERAGE         34                        32      2       21

PRECIPITATION (IN)
  TODAY            0.00          0.72 1985   0.02  -0.02      T
  MONTH TO DATE    0.15                      0.17  -0.02     0.25
  SINCE DEC 1      0.77                      1.01  -0.24     2.68
  SINCE JAN 1      0.15                      0.17  -0.02     0.25

SNOWFALL (IN)
  TODAY            0.0           7.3  1993   0.2   -0.2      0.1
  MONTH TO DATE    2.5                       1.3    1.2      0.1
  SINCE DEC 1      4.8                       5.4   -0.6      8.2
  SINCE JUL 1      4.8                       7.6   -2.8      9.3
  SNOW DEPTH       0

DEGREE DAYS
 HEATING
  TODAY           31                        33     -2       44
  MONTH TO DATE  370                       297     73      296
  SINCE DEC 1   1447                      1297    150     1173
  SINCE JUL 1   2043                      2311   -268     2003

 COOLING
  TODAY            0                         0      0        0
  MONTH TO DATE    0                         0      0        0
  SINCE DEC 1      0                         0      0        0
  SINCE JAN 1      0                         0      0        0
..................................................................


WIND (MPH)
  HIGHEST WIND SPEED    24   HIGHEST WIND DIRECTION     S (190)
  HIGHEST GUST SPEED    31   HIGHEST GUST DIRECTION     S (190)
  AVERAGE WIND SPEED    15.1


SKY COVER
  POSSIBLE SUNSHINE  MM
  AVERAGE SKY COVER 0.0


WEATHER CONDITIONS
 THE FOLLOWING WEATHER WAS RECORDED TODAY.
  NO SIGNIFICANT WEATHER WAS OBSERVED.


RELATIVE HUMIDITY (PERCENT)
 HIGHEST    74           500 AM
 LOWEST     54          1200 PM
 AVERAGE    64

..........................................................


THE DODGE CITY KS CLIMATE NORMALS FOR TOMORROW
                         NORMAL    RECORD    YEAR
 MAXIMUM TEMPERATURE (F)   44        76      1911
 MINIMUM TEMPERATURE (F)   20        -7      1962
                                             1918


SUNRISE AND SUNSET
JANUARY  9 2017.......SUNRISE   755 AM CST   SUNSET   539 PM CST
JANUARY 10 2017.......SUNRISE   755 AM CST   SUNSET   540 PM CST


-  INDICATES NEGATIVE NUMBERS.
R  INDICATES RECORD WAS SET OR TIED.
MM INDICATES DATA IS MISSING.
T  INDICATES TRACE AMOUNT.




$$
