000
CDUS43 KDDC 190705
CLIDGC


CLIMATE REPORT
NATIONAL WEATHER SERVICE DODGE CITY KS
205 AM CDT WED APR 19 2017


...................................

...THE DODGE CITY KS CLIMATE SUMMARY FOR APRIL 18 2017...

CLIMATE NORMAL PERIOD 1981 TO 2010
CLIMATE RECORD PERIOD 1875 TO 2017


WEATHER ITEM   OBSERVED TIME   RECORD YEAR NORMAL DEPARTURE LAST
                VALUE   (LST)  VALUE       VALUE  FROM      YEAR
                                                  NORMAL
..................................................................
TEMPERATURE (F)
 YESTERDAY
  MAXIMUM         87    357 PM  93    2000  68     19       59
  MINIMUM         56    607 AM  20    1953  41     15       40
  AVERAGE         72                        55     17       50

PRECIPITATION (IN)
  YESTERDAY        0.00          2.13 1942   0.06  -0.06     0.00
  MONTH TO DATE    4.04                      1.01   3.03     5.47
  SINCE MAR 1      6.62                      2.60   4.02     5.51
  SINCE JAN 1      9.19                      3.86   5.33     6.10

SNOWFALL (IN)
  YESTERDAY        0.0           T    2013   0.1   -0.1      0.0
                                      1975
                                      1953
  MONTH TO DATE    0.0                       1.0   -1.0      0.0
  SINCE MAR 1      0.0                       5.9   -5.9      0.4
  SINCE JUL 1      5.0                      21.0  -16.0     10.4
  SNOW DEPTH       0

DEGREE DAYS
 HEATING
  YESTERDAY        0                        11    -11       15
  MONTH TO DATE  147                       244    -97      187
  SINCE MAR 1    631                       884   -253      693
  SINCE JUL 1   3865                      4731   -866     4055

 COOLING
  YESTERDAY        7                         1      6        0
  MONTH TO DATE   22                         3     19        4
  SINCE MAR 1     31                         4     27        6
  SINCE JAN 1     31                         4     27        8
..................................................................


WIND (MPH)
  HIGHEST WIND SPEED    29   HIGHEST WIND DIRECTION     S (160)
  HIGHEST GUST SPEED    35   HIGHEST GUST DIRECTION     S (160)
  AVERAGE WIND SPEED    18.4


SKY COVER
  POSSIBLE SUNSHINE  MM
  AVERAGE SKY COVER 0.1


WEATHER CONDITIONS
 THE FOLLOWING WEATHER WAS RECORDED YESTERDAY.
  FOG


RELATIVE HUMIDITY (PERCENT)
 HIGHEST   100           100 AM
 LOWEST     32           400 PM
 AVERAGE    66

..........................................................


THE DODGE CITY KS CLIMATE NORMALS FOR TODAY
                         NORMAL    RECORD    YEAR
 MAXIMUM TEMPERATURE (F)   69        92      1961
 MINIMUM TEMPERATURE (F)   41        24      2013
                                             1953


SUNRISE AND SUNSET
APRIL 19 2017.........SUNRISE   659 AM CDT   SUNSET   820 PM CDT
APRIL 20 2017.........SUNRISE   658 AM CDT   SUNSET   820 PM CDT


-  INDICATES NEGATIVE NUMBERS.
R  INDICATES RECORD WAS SET OR TIED.
MM INDICATES DATA IS MISSING.
T  INDICATES TRACE AMOUNT.




$$
