000
CDUS43 KDDC 251012
CLIDGC


CLIMATE REPORT
NATIONAL WEATHER SERVICE DODGE CITY KS
411 AM CST TUE NOV 25 2014


...................................

...THE DODGE CITY KS CLIMATE SUMMARY FOR NOVEMBER 24 2014...

CLIMATE NORMAL PERIOD 1981 TO 2010
CLIMATE RECORD PERIOD 1875 TO 2014


WEATHER ITEM   OBSERVED TIME   RECORD YEAR NORMAL DEPARTURE LAST
                VALUE   (LST)  VALUE       VALUE  FROM      YEAR
                                                  NORMAL
..................................................................
TEMPERATURE (F)
 YESTERDAY
  MAXIMUM         53    338 PM  80    1990  51      2       31
  MINIMUM         28    740 AM   5    1938  26      2       23
  AVERAGE         41                        39      2       27

PRECIPITATION (IN)
  YESTERDAY        0.00          0.56 1992   0.02  -0.02     0.02
  MONTH TO DATE    0.15                      0.63  -0.48     0.80
  SINCE SEP 1      3.95                      4.04  -0.09     4.76
  SINCE JAN 1     22.18                     20.63   1.55    20.24

SNOWFALL (IN)
  YESTERDAY        0.0          12.1  1992   0.1   -0.1      0.2
  MONTH TO DATE    2.2                       1.2    1.0      2.3
  SINCE SEP 1      2.2                       1.6    0.6      5.0
  SINCE JUL 1      2.2                       1.6    0.6      5.0
  SNOW DEPTH       0

DEGREE DAYS
 HEATING
  YESTERDAY       24                        26     -2       38
  MONTH TO DATE  611                       492    119      510
  SINCE SEP 1    851                       844      7      850
  SINCE JUL 1    864                       848     16      850

 COOLING
  YESTERDAY        0                         0      0        0
  MONTH TO DATE    0                         0      0        0
  SINCE SEP 1    230                       216     14      277
  SINCE JAN 1   1475                      1462     13     1641
..................................................................


WIND (MPH)
  HIGHEST WIND SPEED    29   HIGHEST WIND DIRECTION    NW (310)
  HIGHEST GUST SPEED    35   HIGHEST GUST DIRECTION    NW (320)
  AVERAGE WIND SPEED    15.3


SKY COVER
  POSSIBLE SUNSHINE  MM
  AVERAGE SKY COVER 0.1


WEATHER CONDITIONS
 THE FOLLOWING WEATHER WAS RECORDED YESTERDAY.
  NO SIGNIFICANT WEATHER WAS OBSERVED.


RELATIVE HUMIDITY (PERCENT)
 HIGHEST    70          1100 PM
 LOWEST     21           100 PM
 AVERAGE    46

..........................................................


THE DODGE CITY KS CLIMATE NORMALS FOR TODAY
                         NORMAL    RECORD    YEAR
 MAXIMUM TEMPERATURE (F)   51        82      1995
                                             1990
 MINIMUM TEMPERATURE (F)   26         3      1993


SUNRISE AND SUNSET
NOVEMBER 25 2014......SUNRISE   731 AM CST   SUNSET   523 PM CST
NOVEMBER 26 2014......SUNRISE   732 AM CST   SUNSET   523 PM CST


-  INDICATES NEGATIVE NUMBERS.
R  INDICATES RECORD WAS SET OR TIED.
MM INDICATES DATA IS MISSING.
T  INDICATES TRACE AMOUNT.




$$
