000
CDUS43 KDDC 201427
CLIDGC


CLIMATE REPORT
NATIONAL WEATHER SERVICE DODGE CITY KS
926 AM CDT WED APR 20 2016


...................................

...THE DODGE CITY KS CLIMATE SUMMARY FOR APRIL 20 2016...
VALID AS OF 0800 AM LOCAL TIME.

CLIMATE NORMAL PERIOD 1981 TO 2010
CLIMATE RECORD PERIOD 1875 TO 2016


WEATHER ITEM   OBSERVED TIME   RECORD YEAR NORMAL DEPARTURE LAST
                VALUE   (LST)  VALUE       VALUE  FROM      YEAR
                                                  NORMAL
..................................................................
TEMPERATURE (F)
 TODAY
  MAXIMUM         43    759 AM  92    1902  69    -26       62
  MINIMUM         38    556 AM  25    1966  42     -4       32
                                      1953
  AVERAGE         41                        55    -14       47

PRECIPITATION (IN)
  TODAY            0.00          1.44 1976   0.06  -0.06      T
  MONTH TO DATE    5.64                      1.13   4.51     1.49
  SINCE MAR 1      5.68                      2.72   2.96     1.78
  SINCE JAN 1      6.27                      3.98   2.29     3.08

SNOWFALL (IN)
  TODAY            0.0           T    1931   0.0    0.0      0.0
                                      1907
  MONTH TO DATE    0.0                       1.0   -1.0      0.0
  SINCE MAR 1      0.4                       5.9   -5.5       T
  SINCE JUL 1     10.4                      21.0  -10.6     21.4
  SNOW DEPTH       0

..................................................................


WIND (MPH)
  HIGHEST WIND SPEED    13   HIGHEST WIND DIRECTION     N (360)
  HIGHEST GUST SPEED    14   HIGHEST GUST DIRECTION     N (360)
  AVERAGE WIND SPEED     7.2



WEATHER CONDITIONS
 THE FOLLOWING WEATHER WAS RECORDED TODAY.
  FOG
  FOG W/VISIBILITY <= 1/4 MILE


RELATIVE HUMIDITY (PERCENT)
 HIGHEST   100          1200 AM
 LOWEST     96           200 AM

..........................................................


THE DODGE CITY KS CLIMATE NORMALS FOR TOMORROW
                         NORMAL    RECORD    YEAR
 MAXIMUM TEMPERATURE (F)   69        93      1980
 MINIMUM TEMPERATURE (F)   42        25      1966
                                             1927


SUNRISE AND SUNSET
APRIL 20 2016.........SUNRISE   657 AM CDT   SUNSET   821 PM CDT
APRIL 21 2016.........SUNRISE   656 AM CDT   SUNSET   822 PM CDT


-  INDICATES NEGATIVE NUMBERS.
R  INDICATES RECORD WAS SET OR TIED.
MM INDICATES DATA IS MISSING.
T  INDICATES TRACE AMOUNT.




$$
