000
CDUS43 KDDC 110706
CLIDGC


CLIMATE REPORT
NATIONAL WEATHER SERVICE DODGE CITY KS
206 AM CDT WED OCT 11 2017


...................................

...THE DODGE CITY KS CLIMATE SUMMARY FOR OCTOBER 10 2017...

CLIMATE NORMAL PERIOD 1981 TO 2010
CLIMATE RECORD PERIOD 1875 TO 2017


WEATHER ITEM   OBSERVED TIME   RECORD YEAR NORMAL DEPARTURE LAST
                VALUE   (LST)  VALUE       VALUE  FROM      YEAR
                                                  NORMAL
..................................................................
TEMPERATURE (F)
 YESTERDAY
  MAXIMUM         60    445 PM  92    1972  72    -12       82
                                      1965
                                      1920
  MINIMUM         38   1159 PM  26    2009  46     -8       54
  AVERAGE         49                        59    -10       68

PRECIPITATION (IN)
  YESTERDAY        0.00          1.74 2005   0.05  -0.05      T
  MONTH TO DATE    0.37                      0.55  -0.18     0.09
  SINCE SEP 1      1.91                      2.22  -0.31     0.40
  SINCE JAN 1     25.56                     18.81   6.75    22.41

SNOWFALL (IN)
  YESTERDAY        0.0           T    2009   0.0    0.0      0.0
  MONTH TO DATE    0.0                       0.0    0.0      0.0
  SINCE SEP 1      0.0                       0.0    0.0      0.0
  SINCE JUL 1      0.0                       0.0    0.0      0.0
  SNOW DEPTH       0

DEGREE DAYS
 HEATING
  YESTERDAY       16                         7      9        0
  MONTH TO DATE   39                        62    -23       34
  SINCE SEP 1     69                       123    -54       60
  SINCE JUL 1     69                       127    -58       60

 COOLING
  YESTERDAY        0                         1     -1        3
  MONTH TO DATE   30                        18     12       22
  SINCE SEP 1    277                       205     72      264
  SINCE JAN 1   1509                      1451     58     1518
..................................................................


WIND (MPH)
  HIGHEST WIND SPEED    25   HIGHEST WIND DIRECTION     N (360)
  HIGHEST GUST SPEED    32   HIGHEST GUST DIRECTION     N (350)
  AVERAGE WIND SPEED    11.7


SKY COVER
  POSSIBLE SUNSHINE  MM
  AVERAGE SKY COVER 0.4


WEATHER CONDITIONS
 THE FOLLOWING WEATHER WAS RECORDED YESTERDAY.
  NO SIGNIFICANT WEATHER WAS OBSERVED.


RELATIVE HUMIDITY (PERCENT)
 HIGHEST    79          1200 AM
 LOWEST     31           500 PM
 AVERAGE    55

..........................................................


THE DODGE CITY KS CLIMATE NORMALS FOR TODAY
                         NORMAL    RECORD    YEAR
 MAXIMUM TEMPERATURE (F)   72        94      1989
                                             1975
 MINIMUM TEMPERATURE (F)   45        24      1896


SUNRISE AND SUNSET
OCTOBER 11 2017.......SUNRISE   745 AM CDT   SUNSET   708 PM CDT
OCTOBER 12 2017.......SUNRISE   746 AM CDT   SUNSET   706 PM CDT


-  INDICATES NEGATIVE NUMBERS.
R  INDICATES RECORD WAS SET OR TIED.
MM INDICATES DATA IS MISSING.
T  INDICATES TRACE AMOUNT.




$$
